{"text_format":"1","workbook":"xlsx","n_sheets":11,"sheets":["Info","Trial","Instructions","TransCode","Statement","Summary","Review","InitialAmort","ForecastPmt","ForecastAmort","CalcAmort"],"not_rendered":{"charts":0,"images":2,"macros":1,"external_links":0,"defined_names":23,"comments":0,"pivot_tables":0},"unopened":[],"bounds":{"document_bytes":16777216,"sheet_cells":100000,"rows_first":2000,"rows_last":500,"rows_between":2000,"halvings":0,"cell_chars":16384,"cell_head_chars":4096},"cells_cut":0,"cells_raw":0,"read":"whole","date_system":"1900"}

{"sheet":"Info","index":0,"n_rows":0,"n_cols":0,"rows_kept":0,"cut":false,"hidden":false,"merged":[]}

{"sheet":"Trial","index":1,"n_rows":0,"n_cols":0,"rows_kept":0,"cut":false,"hidden":true,"merged":[]}

{"sheet":"Instructions","index":2,"n_rows":194,"n_cols":1,"rows_kept":194,"cut":false,"hidden":true,"merged":[]}
["Excel Skills | Loan Calculation & Analysis Template"]
["Instructions"]
["www.excel-skills.com"]
[]
["This template enables users to calculate, analyze and forecast the monthly loan balances and interest charges relating to any loan that is subject to monthly repayment and daily interest calculations. The template was specifically designed for home loan calculations but can be used for any loan where the principles of monthly repayment and daily interest are applied."]
[]
["The main purpose of this template is to calculate loan balances and interest amounts based on the same calculation methodology that is applied by most financial institutions. This template can therefore be used to recalculate the amounts on the loan account statements that are received from financial institutions. The template accommodates multiple interest rate changes (variable interest rates), increased instalments and ad hoc loan repayments. In addition, the template also includes comprehensive forecast features which provide users with the functionality to analyze any loan over the entire loan period."]
[]
["Note: Refer to our Loan Statement template for a simplified version of this template. The Loan Statement template only includes the statement and summary features of this template and is therefore a lot simpler to understand and use. If you are only interested in loan amortization calculations, we recommend that you download our free Loan Amortization template."]
[]
["Worksheet Summary"]
[]
["The main purpose of each worksheet is as follows:"]
[]
["TransCode - includes the default transaction types that need to be selected when entering loan account transactions. Additional transaction types can also be added to the default list of transactions codes."]
["Statement - all loan account transactions should be recorded on this sheet. All the interest and loan account balance calculations in this template are based on the transactions that are recorded on this sheet. Note that the Statement sheet includes 12 columns but only four of these columns require user input (the columns with the yellow column headings). "]
["Summary - includes a monthly summary of loan account transactions that is calculated from the Statement sheet. No user input is required on this sheet."]
["Review - includes a comprehensive analysis of loan account balances and interest charges over the entire loan period. Loan account transaction totals are compared to an initial loan amortization calculation and a forecast of the remaining loan repayment period is added to the transaction totals and then also compared to the initial loan amortization schedule. The loan repayment forecast is based on a standard amortization calculation that is applied to the outstanding loan balance on a user defined review date as well as a loan amortization forecast that accommodates ad hoc loan repayments. This sheet can be used to calculate the outstanding loan balance and cumulative interest charges at the end of any month that falls within the loan period. User input is limited to selecting the appropriate loan review date."]
["InitialAmort - includes an initial loan amortization calculation that is based on the principle loan amount, interest rate, loan period and repayment commencement date that is specified in cells D3 to D6. All the calculations on this sheet are automated."]
["ForecastPmt - all forecasted ad hoc loan repayments should be recorded on this sheet. The monthly periods in the first column are based on the monthly periods on the Summary sheet. The ad hoc loan repayments that are recorded on this sheet are included on the ForecastAmort sheet."]
["ForecastAmort - includes two amortization tables relating to the remaining loan repayment period. The first table includes a column for ad hoc loan repayments (based on the amounts entered on the ForecastPmt sheet) and the second table is based on standard loan amortization principles. Both tables are compiled based on the user defined loan review date selected on the Review sheet."]
["CalcAmort - includes a loan amortization table calculator. This sheet is not linked to any of the other sheets in the template and has been included to enable users to compile their own loan amortization calculations."]
[]
["Note: The template includes a lot of complex formulas and has been designed within a specific worksheet structure. We therefore do not recommend adding additional rows or columns within the existing worksheet framework because it may result in errors or inaccurate calculations being encountered. If you therefore want to add your own calculations to the template, we recommend inserting a new worksheet for this purpose."]
[]
["Template Set-up"]
[]
["Aside from recording loan account transactions, the template does not require a lot of set-up. We recommend that you start by entering the initial loan terms as per the loan agreement on the InitialAmort sheet. This includes the loan principle amount, interest rate, loan period and repayment commencement date. These input cells have no effect on your loan statement calculations and are only used to specify the required variables for calculating the initial amortization table on the InitialAmort sheet. The calculation results are included on the Review sheet in order to compare actual loan account movements to the initial loan amortization table."]
[]
["The next step is to review the transaction types on the TransCode sheet. The default template includes 7 transaction types of which the first 5 should be left unchanged. Each of these transaction types has a specific purpose and if you therefore change the type of transaction that is associated with the default transaction code, you may encounter inconsistencies in the template calculations."]
[]
["The Admin Fee and Insurance Premium transaction codes have been added as separate transaction types because these costs are frequently included as separate line items on home loan account statements and usually form part of the monthly loan repayment amounts. If you do not require these items, you can delete them or replace them with other costs that are included on your loan account statement. Note that both transaction type number 6 and 7 are reported separately on the Statement and Summary sheets and if you change the default transaction type descriptions, the new descriptions will be included in column C on the Statement sheet but you have to enter the new descriptions in columns G and H on the Summary sheet."]
[]
["All the transaction types on the TransCode sheet are included in list boxes in column B on the Statement sheet. Additional transaction types that are added to the default list of transaction types are also available for selection from these list boxes. You will therefore be able to enter the transactions relating to these transaction types on the Statement sheet but note that all transaction types with transaction codes greater than or equal to 8 are grouped together in one column on the Summary sheet (column I)."]
[]
["Note: The contents on the TransCode sheet have been included in an Excel table. A new transaction code can therefore be created by simply entering the new code in the first empty cell below the table in column A. The table will then be extended automatically to include the new transaction type."]
[]
["Loan Account Transactions"]
[]
["All loan account transactions need to be recorded on the Statement sheet. This sheet includes 12 columns but only four of these columns require user input (columns with a yellow column heading). The contents of this sheet have been included in an Excel table which means that the columns with light blue column headings (containing formulas) will automatically be copied for all new transactions that are recorded."]
[]
["When you therefore record any transaction, you will need to enter a date (in column A), select a transaction type from the list box in column B, enter a new interest rate (only if an interest rate change transaction is being recorded, otherwise enter 0%), enter a transaction amount in column E and the formulas in all the other columns will automatically be copied from one of the existing rows in the Excel table."]
[]
["Note: New transactions can be recorded by simply entering a transaction date in the first blank cell below the Excel table in column A. The table will then automatically be extended to include the new transaction and all the formulas in the columns with a light blue column heading will automatically be copied into the new transaction row."]
[]
["The following important guidelines should be followed when recording transactions on the Statement sheet:"]
["The first transaction that is recorded on this sheet should always be an interest rate change transaction (transaction type 5) and this transaction should be recorded on the same date as the first transaction on your loan account statement. The interest rate that is applicable to the loan should be entered in column D and the transaction amount in column E should be nil (the transaction amount for all interest rate change transactions should always be nil). This entry establishes the interest rate that should be used to calculate interest from the beginning of the loan period."]
["All the transactions that are recorded on the Statement sheet should form part of a continuous cell range. There should therefore be no empty rows between transactions, otherwise the loan account balances and therefore also the interest calculations will be inaccurate."]
["All transactions should be recorded or sorted in an ascending date sequence (oldest transactions first). If you enter a transaction that is out of sequence, the transaction date will be highlighted in red. This error can be corrected by simply sorting all the transactions on the Statement sheet in an ascending order by the date in the first column. By sorting the transactions in the correct order, you will ensure that the date sequence is rectified and that all interest calculations are accurate."]
["The monthly interest on the outstanding loan account should be capitalized on the last day of each month. To accomplish this, record an interest capitalization transaction (select transaction code 4) for the last day of each month. The transaction amount in column E should be nil because the monthly interest capitalization calculation is performed automatically through the formula that has been entered in column F. This interest calculation only applies to transaction type 4 - if you therefore specify the incorrect transaction type, no interest will be capitalized to the loan at the end of the appropriate month. Also note that the date that is entered should be the last day of the month - if you enter any other date, the interest calculation will not be accurate. The transaction date in column A will be highlighted in orange if the incorrect interest capitalization date is specified."]
["It is imperative that you don't replace any of the formulas in the columns with light blue column headings with alternative values because it will result in inaccurate calculations. We recommend that you save the template under a default file name after downloading it and save each loan calculation under a different file name. You will then be able to revert back to the original template if you delete any of the formulas by accident."]
["All transaction amounts except for loan repayments and ad hoc repayments should be entered as positive values. Loan repayments and ad hoc repayments should be entered as negative values - if you enter positive values for any repayment type transactions, the transaction amounts will be highlighted in orange."]
[]
["The following section covers the default transaction types that should be recorded on the Statement sheet:"]
[]
["Loan Advances"]
[]
["Loan advances are amounts that are received from the financial institution who grants the loan. You can record as many loan advances as required by simply entering the appropriate transaction date, selecting transaction type 1 and entering the appropriate loan advance amount in the Transaction Amount column (column E). Loan advances should be entered as positive amounts."]
[]
["Loan Repayments"]
[]
["For the purpose of compiling an accurate loan forecast, we have assigned scheduled loan repayments and ad hoc loan repayments to different transaction types. Scheduled loan repayments are determined by the terms in a loan agreement, while ad hoc loan repayments are effected at the borrower's own discretion. It is important to allocate repayments to the correct repayment type because the scheduled loan repayments that are recorded on the Statement sheet form part of the calculation of the remaining loan repayments which is important for forecasting purposes."]
[]
["Note: The number of remaining loan repayments is used to compile a loan forecast amortization table. If you therefore allocate ad hoc repayments to the loan repayment transaction type (transaction type 2), the forecast will not be accurate. Also note that a scheduled loan repayment should be entered for all monthly periods where a loan repayment is due, regardless of whether a loan repayment has been effected or not. In some instances (for example building loans), the loan period may commence before scheduled loan repayments are deducted on the loan account. When scheduled loan repayments are then deducted at a later stage, the repayment amount is calculated over a shorter loan period. In order to facilitate this calculation, you therefore need to include the correct remaining loan repayments in the calculation - this can be achieved by recording all scheduled loan repayments on the Statement sheet and simply entering a nil amount if a loan repayment is due but has not been effected during any particular repayment period."]
[]
["Scheduled loan repayments need to be recorded on the Statement sheet by entering the appropriate transaction date, selecting transaction type 2 and entering the appropriate loan repayment amount as a negative value in the Transaction Amount column. Note that if you enter a positive loan repayment amount, the amount will be highlighted in orange in the Transaction Amount column until it is rectified."]
[]
["Ad Hoc Repayments"]
[]
["The template accommodates an unlimited number of ad hoc loan repayments. It also makes no difference whether the ad hoc repayment is an increased instalment or a lump sum repayment."]
[]
["Ad hoc repayments can be recorded on the Statement sheet by simply entering the appropriate transaction date, selecting transaction type 3 and entering a negative amount in the Transaction Amount column. If you enter a positive ad hoc loan repayment amount, the amount will be highlighted in orange until the error is rectified."]
[]
["Interest Capitalization"]
[]
["The interest calculations in this template are based on the daily loan account balances. Transactions are included in the daily loan account balance as if the transactions occurred at the beginning of the day. For example, if a loan repayment is dated on the 2nd of January, the repayment is deducted from the loan balance of the previous day and included in the interest calculation from the 2nd of January. For month end interest capitalization purposes, the loan repayment on the 2nd will therefore be included in the monthly interest calculation for a period of 30 days."]
[]
["All interest calculations are automatically performed based on the transactions recorded on the Statement sheet. It is imperative that all transactions are recorded in the correct date sequence (ascending date order), otherwise the interest calculations may not be accurate. All interest calculations are performed based on the balances calculated in the Transaction Closing Balance column by applying the appropriate interest rate and the number of days that the balance is in effect to this amount."]
[]
["The calculated interest is capitalized to the loan account balance when you enter an Interest Capitalization transaction for the last day of the appropriate calendar month. Note that if you don't enter this transaction, the interest calculated for the particular month will not be added to the loan account balance and your loan account statement will not be accurate! It is therefore imperative that you add an Interest Capitalization transaction to the Statement sheet for every month that forms part of the loan period."]
[]
["Also note that this transaction has to be dated on the last day of the month - if you use any other date, the interest calculation will not be accurate. We have implemented conditional formatting in column A to highlight the interest capitalization transactions that are not dated on a month end date in orange. When you change the transaction date to the appropriate month end date, the formatting is automatically removed."]
[]
["Interest capitalization transactions can be recorded by entering the appropriate month end date, selecting transaction type 4 and entering a nil amount in the Transaction Amount column. The calculated interest is reflected in column F and is automatically added to the outstanding loan balance in column G."]
[]
["Interest Rate Changes"]
[]
["This template accommodates an unlimited number of interest rate changes. An interest rate change can be recorded on the Statement sheet by entering the effective date of the interest rate change in column A, selecting transaction type 5, entering the new interest rate in column D and entering a nil amount in the Transaction Amount column. You'll notice that the interest rate in column H (used in all interest calculations) will change to the new interest rate that has been recorded. Interest on all subsequent transactions will be calculated based on the new interest rate (until the next interest rate change transaction is recorded)."]
[]
["The first transaction that should be recorded on the Statement sheet is an interest rate change transaction. This transaction establishes the interest rate that should be used to calculate interest from the beginning of the loan period. If you omit this transaction, the interest rate that will be used to calculate interest on the initial loan balance will be nil and no interest will therefore be calculated and capitalized to the initial loan account balance until an interest rate is defined."]
[]
["Interest rate changes can only be recorded by using transaction type 5 - if you enter a new interest rate in column D and select any other transaction type, the interest rate change will not have any effect on interest calculations."]
[]
["Other Loan Costs"]
[]
["As we've mentioned before, other loan costs (like admin fees and insurance) can be recorded by using transaction codes 6 and 7 or adding the appropriate transaction codes to the TransCode sheet and selecting the appropriate transaction type from the list box in column B on the Statement sheet. These transactions usually relate to costs that are charged to the loan account and should therefore be entered as positive values in the Transaction Amount column. Financial institutions typically include these costs in scheduled loan repayments and the costs are therefore deducted from the loan account balance when you record scheduled loan repayments (transaction type 2) on the Statement sheet."]
[]
["Loan Account Statement"]
[]
["All loan transactions should be entered on the Statement sheet in accordance with the guidance provided in the previous section. After reading through the previous section, you should therefore be able to record all the appropriate transactions on the Statement sheet and we'll now provide guidance on the calculated columns (columns with a light blue column heading) on this sheet."]
[]
["The transaction description in column C has been included on the Statement sheet so that it is easy to identify the transaction types that are selected from the list boxes in column B. The list boxes only include the transaction type numbers - we've therefore included the description in column C to enable users to review the transaction type that has been selected."]
[]
["The calculated interest in column F represents the amount of interest that is capitalized to the loan account at the end of every calendar month. All scheduled loan repayments consist of an interest and capital portion - this column includes the interest portion that is calculated based on the daily loan account balances during the particular monthly period. This column should therefore only contain one calculated interest amount per calendar month."]
[]
["The monthly interest amount that should be capitalized is the total of all the accrued interest amounts in column L for the particular month. The accrued interest is calculated from the interest rate in column H, the interest days in column J and the transaction closing loan balance in column K."]
[]
["The outstanding loan balance on each transaction date is calculated in column G. This amount represents the capital balance that is still outstanding on the loan."]
[]
["The monthly capital portion of the loan repayments can be calculated by adding the interest and other costs together and deducting the sum of the scheduled loan repayments and the ad hoc loan repayments from this amount. Note that it may therefore be easier to calculate this amount from the totals on the Summary sheet."]
[]
["Loan Account Summary"]
[]
["The Summary sheet includes a complete breakdown of the movements on the loan account for all monthly periods. All the totals on this sheet are calculated from the transactions that are entered on the Statement sheet. No user input is required on this sheet - users are only required to extend the Excel table for the appropriate number of new rows in order to add the required number of monthly periods to the summary."]
[]
["Note: The contents of this sheet have been included in an Excel table. The table can be extended by clicking the arrow in the bottom right corner of the table and dragging the table border downwards for the required number of rows. All the formulas that are included in the table will be copied automatically."]
[]
["The first monthly period on the Summary sheet is determined by the transaction date of the first transaction on the Statement sheet. The transaction date in row 4 on the Statement sheet therefore determines which monthly period is displayed in the first row of the Summary sheet. All subsequent monthly periods on the Summary sheet are calculated based on the first monthly period."]
[]
["The Loan Advance column is calculated based on all the transactions with a transaction type of 1 on the Statement sheet. Scheduled loan repayments (transaction type 2), ad hoc repayments (transaction type 3), interest capitalized (transaction type 4), admin fees (transaction type 6), insurance premiums (transaction type 7) and other costs (all transaction types greater than 7 that have been added to the TransCode sheet) are also calculated based on the transaction types of the transactions that are recorded on the Statement sheet."]
[]
["The number of repayments in column K is calculated by counting the number of scheduled loan repayments (transaction type 2) on the Statement sheet. This number should agree to the loan period that has elapsed at any given point in time - if the number is not correct, you should add the appropriate scheduled loan repayment on the Statement sheet (use a nil amount if no actual repayment has been effected). The number of repayments also forms part of the remaining loan period calculation for forecasting purposes (refer to the Loan Review section)."]
[]
["As we've mentioned before, an interest capitalization transaction should be recorded for the month end date of every monthly period that forms part of the loan period in order to calculate interest accurately. If this transaction has been omitted for any monthly period, the number of repayments calculation in column K on the Summary sheet will contain an error (\"month end?\") that will be highlighted in orange. This error can be corrected by simply entering an interest capitalization transaction (transaction type 4) for the particular month on the Statement sheet."]
[]
["Note: The number of repayments on the Summary sheet should increase in increments of 1 for every subsequent monthly period. If this is not the case (two monthly periods reflect the same number), it means that a scheduled loan repayment (transaction type 2) has not been entered for the particular month (the second month with the same number of repayments). This problem can be rectified by entering a loan repayment amount (use any date during the particular monthly period) on the Statement sheet. A nil amount can be recorded if an actual loan repayment has not been effected during the month."]
[]
["The Summary sheet can be used to analyze all loan account transactions on a monthly basis for the duration of the loan period. It is therefore an extremely useful tool for reviewing the loan account transaction and balance history."]
[]
["The monthly periods that are included on the Summary sheet also determine which periods are available for selection on the Review sheet. It is therefore important to keep the Summary sheet up to date based on the transactions that have been recorded on the Statement sheet. As we've mentioned before, users simply need to extend the Excel table in order to copy all the formulas on the Summary sheet downwards so that the appropriate number of monthly periods are included on the sheet."]
[]
["Loan Review"]
[]
["The Review sheet enables users to compile a comprehensive loan analysis for the entire loan period. The transactions that are recorded on the Statement sheet are compared to an initial loan amortization table before a forecast that is based on the remaining loan repayment period is added to the actual transactions that have been recorded on the Statement sheet in order to compile a loan analysis that covers the entire loan period. The actual loan forecast is then also compared to the initial amortization forecast and is calculated on two forecast bases - a standard amortization basis and an ad hoc repayments basis (refer to the Loan Repayment Forecasts section for more guidance on the forecast features)."]
[]
["The only user input that is required on the Review sheet is selecting the appropriate loan review date. The loan review date input cell (cell B3) contains a list box that includes all the monthly periods on the Summary sheet. You can review the actual and initial loan amortization balances based on any monthly period that is selected from the list box. All the calculations on the Review sheet are automatically updated based on the review date that is selected. If a monthly period is not included in the list box, it means that you have not added the appropriate period to the Summary sheet."]
[]
["The loan history calculations include all the transactions that are recorded on the Statement sheet and are dated before the loan review date that is selected. The initial amortization column also only includes amounts before the review date. The loan history calculation therefore facilitates a comparison of the initial loan terms and the actual loan account movements up to the review date."]
[]
["The remaining loan repayments section includes three calculations - an initial loan amortization, a forecast calculation based on a standard amortization table and a forecast calculation that is based on an amortization table incorporating ad hoc repayments. Refer to the Initial Loan Amortization and Loan Repayment Forecasts sections for more guidance on these calculations."]
[]
["The forecast calculations for the remaining loan repayment period are based on the number of remaining loan repayments (cell B7) which is calculated by deducting the number of actual loan repayments in cell B6 from the loan period in cell B5. The number of actual loan repayments is determined by the number of scheduled loan repayments recorded on the Statement sheet - it is therefore imperative that a scheduled loan repayment (transaction type 2) is recorded on the Statement sheet for every month during the loan period, even if no actual loan repayment has been effected (use a nil value under these circumstances)."]
[]
["The loan period summary section calculates the total interest and capital repayment balances over the entire loan period for all three calculation bases. This section also includes a comparison between the interest charges of the initial loan amortization calculation and the standard forecast amortization calculation as well as a comparison between the interest charges of the standard forecast amortization and the ad hoc forecast amortization calculations."]
[]
["An effective annual interest rate over the entire loan period is also calculated for all three calculation bases. You'll probably notice that the effective interest rate for the ad hoc forecast is in most instances significantly lower than the interest rates entered on the Statement sheet and included on the ForecastAmort sheet - this is because the effective interest rate is calculated over the entire loan period and ad hoc repayments result in a loan being repaid over a shorter loan period. It does not mean that a lower interest rate is achieved by effecting ad hoc repayments, but simply represents the interest savings that result from a shorter repayment period. The effective interest calculation result should therefore be interpreted in this context."]
[]
["Initial Loan Amortization"]
[]
["An initial loan amortization calculation has been added to the template in order to facilitate a comparison between actual loan balances and the initial loan repayment terms. This comparison is especially useful for measuring the effect of interest rate changes. The initial loan amortization table is included on the InitialAmort sheet."]
[]
["This amortization table is calculated based on the initial loan amortization input values that are specified at the top of the sheet. Note that the loan period is limited to 360 months (30 years) and the monthly periods are determined based on the repayment commencement date that is specified in cell D6."]
[]
["The loan principle amount (cell D3) should be the same as the total of all the loan advances that have been recorded on the Statement sheet (refer to the Summary sheet in order to calculate the total of all actual loan advances). Note that if there is a difference, the loan principle amount will be highlighted in orange. The interest rate and loan period per the initial loan agreement should be entered in cells D4 and D5 respectively."]
[]
["In most instances, the repayment commencement date (cell D6) will be the same as the first transaction date that is entered on the Statement sheet. However, the repayment of some loans (like building loans) only commence on a later date and by including this input cell, we're therefore able to base the periods that are included in the initial amortization table on a user defined date so that the initial amortization calculation will match the commencement of actual loan repayments."]
[]
["Loan Repayment Forecasts"]
[]
["The template also includes two separate loan repayment forecasts that are used to calculate loan balances and interest charges for the remaining loan repayment period. Note that the remaining loan repayment period is calculated based on the loan review date selected on the Review sheet (cell B3). The period selected from this list box therefore determines which repayment periods are based on actual transactions (all the periods before the loan review date) and which repayment periods are based on the forecasts (all the periods after the loan review date). The loan repayment forecasts are added to the actual loan account transactions in order to compile a loan review for the entire loan period. The forecasts consist of a standard loan repayment amortization table and an ad hoc loan repayment amortization table. Both amortization tables are included on the ForecastAmort sheet."]
[]
["Both amortization tables are based on the calculated values that are displayed at the top of the ForecastAmort sheet. The review date is selected from a list box on the Review sheet and the outstanding loan balance and interest rate is determined by looking up the appropriate values on the Statement sheet based on the loan review date that has been selected."]
[]
["The number of remaining loan repayments is calculated on the Review sheet by subtracting the number of actual loan repayments from the initial loan period. The number of actual loan repayments is calculated by counting the transaction type 2 transactions on the Statement sheet that are dated before the loan review date. The initial loan period is specified on the InitialAmort sheet."]
[]
["The standard amortization table (column K to P) calculates the remaining monthly loan repayment amounts and the interest that will be incurred over the remaining loan period. The total interest and capital repayments that are calculated are included on the Review sheet in the \"Actual Loan: Standard\" column and compared to the initial loan amortization table."]
[]
["The ad hoc forecast amortization table (column A to I) also calculates the remaining loan repayments and interest but enables users to include ad hoc loan repayments in the calculation. These ad hoc loan repayments should be recorded on the ForecastPmt sheet and are automatically included in the appropriate monthly periods on the amortization table. Note that the monthly periods on the ForecastPmt sheet are determined by the monthly periods on the Summary sheet and extended to include 360 months. You'll also notice that the loan review date that is specified on the Review sheet is highlighted in orange in column A on the ForecastPmt sheet."]
[]
["Ad hoc loan repayments that are dated before the review date (on the ForecastPmt sheet) will not form part of the ad hoc forecast amortization table (on the ForecastAmort sheet) because the amortization table starts in the month following the review date. If an ad hoc loan repayment is dated before the loan review date, it should however be included in the transactions that are recorded on the Statement sheet if the payment has been effected and it will therefore already be taken into account in the loan analysis of the entire loan period."]
[]
["The ad hoc amortization table accepts both lump sum repayments and increased instalments and enables users to calculate the interest savings that result from effecting these types of repayments over the remaining loan repayment period. Note that the monthly loan repayment amounts that are calculated on the ad hoc amortization table are not adjusted to take the effect of ad hoc loan repayments into account - the ad hoc loan repayments are allocated directly against the outstanding capital balance of the loan, thereby resulting in a shorter loan repayment period and a significant saving in interest."]
[]
["The ad hoc forecast amortization table is therefore a comprehensive, flexible loan repayment analysis tool that can be used to analyze the effect of ad hoc loan repayments on interest charges. The interest saving is calculated by comparing the ad hoc forecast amortization table (the \"Actual Loan: Forecast\" column) to the standard forecast amortization table (the \"Actual Loan: Standard\" column) on the Review sheet. As we've mentioned before, both of these amortization tables are calculated based on the remaining loan repayment period."]
[]
["Loan Amortization Table Calculations"]
[]
["The loan amortization calculator on the CalcAmort sheet can be used to perform your own loan repayment and interest calculations by simply specifying the appropriate input values in the cells with a yellow cell background at the top of the sheet."]
[]
["This calculator can be used to perform any loan repayment calculation over a maximum loan period of 30 years. For example, if you want to determine the new monthly loan repayment amount after a change in the annual loan interest rate:"]
["Enter an interest rate change transaction on the Statement sheet (in accordance with the guidance that we provided in the Loan Account Transactions section)."]
["Calculate the outstanding loan balance on the effective date by adding the accrued interest amounts for the particular month (in column L) on the Statement sheet to the outstanding loan balance in column G."]
["Enter the outstanding loan balance and the new interest rate in the appropriate input cells on the CalcAmort sheet."]
["Enter the remaining loan period in the appropriate input cell on the same sheet."]
["The new loan repayment amount is calculated in column D on the CalcAmort sheet."]
["Add any other monthly loan costs (for example admin fees and insurance premiums) to this amount. The calculated monthly loan repayment amount should equal the amended loan repayment amount that is deducted on the next account statement that is received from the appropriate financial institution."]
[]
["Help & Customization"]
[]
["If you experience any difficulty while using this template and you are not able to find the appropriate guidance in these instructions, please e-mail us at support@excel-skills.com for assistance. This template has been designed with flexibility in mind to ensure that it can be used in most business environments. If however you need an Excel based template that is customized specifically for your business requirements, please e-mail our Support function and provide a brief explanation of your requirements."]
[]
["© Copyright"]
[]
["This template remains the intellectual property of www.excel-skills.com and is protected by international copyright laws. Any publication or distribution of this template outside the scope of the permitted use of the template is expressly prohibited. In terms of the permitted use of this template, only the distribution of the template to persons within the same organisation as the registered user or persons outside the organisation who can reasonably be expected to require access to the template as a direct result of the use of the template by the registered user is allowed. Subsequent distribution of the template by parties outside of the organisation is however expressly prohibited and represents an infringement of international copyright laws."]

{"sheet":"TransCode","index":3,"n_rows":10,"n_cols":2,"rows_kept":10,"cut":false,"hidden":true,"merged":[]}
["Transaction Codes"]
[]
["Code","Transaction Type"]
[1,"Loan Advance"]
[2,"Loan Repayment"]
[3,"Ad Hoc Repayment"]
[4,"Interest Capitalized"]
[5,"Interest Rate Change"]
[6,"Admin Fee"]
[7,"Insurance Premium"]

{"sheet":"Statement","index":4,"n_rows":90,"n_cols":12,"rows_kept":90,"cut":false,"hidden":true,"merged":[]}
["Loan Statement"]
["© www.excel-skills.com"]
["Date","Code","Transaction Description","New Interest Rate","Transaction Amount","Calculated Interest","Outstanding Balance","Interest \nRate","Transaction Month","Interest \nDays","Transaction Closing","Accrued Interest"]
[43556,5,{"$f":"IF(ISNA(VLOOKUP($B4,Transactions,2,0))=TRUE,\"Select Valid Code\",VLOOKUP($B4,Transactions,2,0))","v":"Interest Rate Change"},0.1,0,{"$f":"IF(B4<>4,0,SUM(OFFSET($L$3,1,0,ROW(L4)-ROW($L$3),1))-SUM(OFFSET($F$3,1,0,ROW(G4)-ROW($G$3)-1,1)))","v":0},{"$f":"SUM(E4:F4)+SUM(OFFSET(A4,-1,COLUMN($G$3)-1,1,1))","v":0},{"$f":"IF(B4=5,D4,SUM(OFFSET(A4,-1,COLUMN($H$3)-1,1,1)))","v":0.1},{"$f":"YEAR(A4)&\"/\"&MONTH(A4)","v":"2019/4"},{"$f":"IF(I4<>OFFSET(A4,-1,COLUMN($I$3)-1,1,1),IF(B4=4,A4-1-DATE(YEAR(A4),MONTH(A4),0)+1,A4-1-DATE(YEAR(A4),MONTH(A4),0)),IF(B4=4,A4-OFFSET(A4,-1,0,1,1)+1,A4-OFFSET(A4,-1,0,1,1)))","v":0},{"$f":"IF(ISNUMBER(OFFSET(G4,-1,0,1,1))=FALSE,0,OFFSET(G4,-1,0,1,1))","v":0},{"$f":"IF(ISNUMBER(OFFSET(H4,-1,0,1,1))=FALSE,0,K4*J4/365*OFFSET(H4,-1,0,1,1))","v":0}]
[43556,1,"Loan Advance",0,2000000,{"$f":"IF(B5<>4,0,SUM(OFFSET($L$3,1,0,ROW(L5)-ROW($L$3),1))-SUM(OFFSET($F$3,1,0,ROW(G5)-ROW($G$3)-1,1)))","v":0},{"$f":"SUM(E5:F5)+SUM(OFFSET(A5,-1,COLUMN($G$3)-1,1,1))","v":2000000},{"$f":"IF(B5=5,D5,SUM(OFFSET(A5,-1,COLUMN($H$3)-1,1,1)))","v":0.1},{"$f":"YEAR(A5)&\"/\"&MONTH(A5)","v":"2019/4"},0,{"$f":"IF(ISNUMBER(OFFSET(G5,-1,0,1,1))=FALSE,0,OFFSET(G5,-1,0,1,1))","v":0},{"$f":"IF(ISNUMBER(OFFSET(H5,-1,0,1,1))=FALSE,0,K5*J5/365*OFFSET(H5,-1,0,1,1))","v":0}]
[43557,6,"Admin Fee",0,80,0,2000080,0.1,"2019/4",1,2000000,547.94520547945206]
[43558,7,"Insurance Premium",0,370,0,2000450,0.1,"2019/4",1,2000080,547.96712328767126]
[43562,2,"Loan Repayment",0,-19750.43,0,1980699.57,0.1,"2019/4",4,2000450,2192.2739726027398]
[43585,4,"Interest Capitalized",0,0,16311.964295890411,1997011.5342958905,0.1,"2019/4",24,1980699.57,13023.777994520548]
[43587,6,"Admin Fee",0,80,0,1997091.5342958905,0.1,"2019/5",1,1997011.5342958905,547.12644775229876]
[43588,7,"Insurance Premium",0,370,0,1997461.5342958905,0.1,"2019/5",1,1997091.5342958905,547.14836556051796]
[43592,2,"Loan Repayment",0,-19750.43,0,1977711.1042958905,0.1,"2019/5",4,1997461.5342958905,2188.9989416941266]
[43616,4,"Interest Capitalized",0,0,16829.240222787023,1994540.3445186776,0.1,"2019/5",25,1977711.1042958905,13545.966467780074]
[43618,6,"Admin Fee",0,80,0,1994620.3445186776,0.1,"2019/6",1,1994540.3445186776,546.4494094571719]
[43619,7,"Insurance Premium",0,370,0,1994990.3445186776,0.1,"2019/6",1,1994620.3445186776,546.4713272653911]
[43623,2,"Loan Repayment",0,-19750.43,0,1975239.9145186776,0.1,"2019/6",4,1994990.3445186776,2186.2907885136192]
[43646,4,"Interest Capitalized",0,0,16267.09041522201,1991507.0049338997,0.1,"2019/6",24,1975239.9145186776,12987.878889985826]
[43648,6,"Admin Fee",0,80,0,1991587.0049338997,0.1,"2019/7",1,1991507.0049338997,545.61835751613694]
[43649,7,"Insurance Premium",0,370,0,1991957.0049338997,0.1,"2019/7",1,1991587.0049338997,545.64027532435614]
[43653,2,"Loan Repayment",0,-19750.43,0,1972206.5749338998,0.1,"2019/7",4,1991957.0049338997,2182.9665807494794]
[43677,4,"Interest Capitalized",0,0,16782.489425465996,1988989.0643593657,0.1,"2019/7",25,1972206.5749338998,13508.264211876027]
[43679,6,"Admin Fee",0,80,0,1989069.0643593657,0.1,"2019/8",1,1988989.0643593657,544.92851078338788]
[43680,7,"Insurance Premium",0,370,0,1989439.0643593657,0.1,"2019/8",1,1989069.0643593657,544.95042859160708]
[43684,2,"Loan Repayment",0,-19750.43,0,1969688.6343593658,0.1,"2019/8",4,1989439.0643593657,2180.2071938184831]
[43708,4,"Interest Capitalized",0,0,16761.10417675077,1986449.7385361167,0.1,"2019/8",25,1969688.6343593658,13491.018043557298]
[43710,6,"Admin Fee",0,80,0,1986529.7385361167,0.1,"2019/9",1,1986449.7385361167,544.23280507838808]
[43711,7,"Insurance Premium",0,370,0,1986899.7385361167,0.1,"2019/9",1,1986529.7385361167,544.25472288660728]
[43715,2,"Loan Repayment",0,-19750.43,0,1967149.3085361167,0.1,"2019/9",4,1986899.7385361167,2177.4243709984839]
[43738,4,"Interest Capitalized",0,0,16200.592283858496,1983349.9008199752,0.1,"2019/9",24,1967149.3085361167,12934.680384895015]
[43740,6,"Admin Fee",0,80,0,1983429.9008199752,0.1,"2019/10",1,1983349.9008199752,543.38353447122608]
[43741,7,"Insurance Premium",0,370,0,1983799.9008199752,0.1,"2019/10",1,1983429.9008199752,543.40545227944529]
[43745,2,"Loan Repayment",0,-19750.43,0,1964049.4708199752,0.1,"2019/10",4,1983799.9008199752,2174.0272885698359]
[43769,4,"Interest Capitalized",0,0,16713.209911073762,1980762.680731049,0.1,"2019/10",25,1964049.4708199752,13452.393635753255]
[43771,6,"Admin Fee",0,80,0,1980842.680731049,0.1,"2019/11",1,1980762.680731049,542.67470704960249]
[43772,7,"Insurance Premium",0,370,0,1981212.680731049,0.1,"2019/11",1,1980842.680731049,542.69662485782169]
[43776,2,"Loan Repayment",0,-19750.43,0,1961462.2507310491,0.1,"2019/11",4,1981212.680731049,2171.1919788833416]
[43792,5,"Interest Rate Change",0.10249999999999999,0,0,1961462.2507310491,0.10249999999999999,"2019/11",16,1961462.2507310491,8598.1906881361047]
[43799,4,"Interest Capitalized",0,0,16261.326726596628,1977723.5774576457,0.10249999999999999,"2019/11",8,1961462.2507310491,4406.5727276697535]
[43801,6,"Admin Fee",0,80,0,1977803.5774576457,0.10249999999999999,"2019/12",1,1977723.5774576457,555.38812791618818]
[43802,7,"Insurance Premium",0,370,0,1978173.5774576457,0.10249999999999999,"2019/12",1,1977803.5774576457,555.41059366961281]
[43806,2,"Loan Repayment",0,-19909.05,0,1958264.5274576456,0.10249999999999999,"2019/12",4,1978173.5774576457,2222.0579911168074]
[43830,4,"Interest Capitalized",0,0,17080.946717114159,1975345.4741747598,0.10249999999999999,"2019/12",25,1958264.5274576456,13748.090004411553]
[43832,6,"Admin Fee",0,80,0,1975425.4741747598,0.10249999999999999,"2020/1",1,1975345.4741747598,554.72030439154207]
[43833,7,"Insurance Premium",0,370,0,1975795.4741747598,0.10249999999999999,"2020/1",1,1975425.4741747598,554.7427701449667]
[43837,2,"Loan Repayment",0,-19909.05,0,1955886.4241747598,0.10249999999999999,"2020/1",4,1975795.4741747598,2219.3866970182235]
[43861,4,"Interest Capitalized",0,0,17060.244187850156,1972946.66836261,0.10249999999999999,"2020/1",25,1955886.4241747598,13731.394416295401]
[43863,6,"Admin Fee",0,80,0,1973026.66836261,0.10249999999999999,"2020/2",1,1972946.66836261,554.04666714292466]
[43864,7,"Insurance Premium",0,370,0,1973396.66836261,0.10249999999999999,"2020/2",1,1973026.66836261,554.0691328963494]
[43868,2,"Loan Repayment",0,-19909.05,0,1953487.61836261,0.10249999999999999,"2020/2",4,1973396.66836261,2216.6921480237534]
[43890,4,"Interest Capitalized",0,0,15942.19715433658,1969429.8155169466,0.10249999999999999,"2020/2",23,1953487.61836261,12617.38920627357]
[43892,6,"Admin Fee",0,80,0,1969509.8155169466,0.10249999999999999,"2020/3",1,1969429.8155169466,553.05905778215617]
[43893,7,"Insurance Premium",0,370,0,1969879.8155169466,0.10249999999999999,"2020/3",1,1969509.8155169466,553.08152353558091]
[43897,2,"Loan Repayment",0,-19909.05,0,1949970.7655169466,0.10249999999999999,"2020/3",4,1969879.8155169466,2212.7417105806794]
[43921,4,"Interest Capitalized",0,0,17008.745542959135,1966979.5110599056,0.10249999999999999,"2020/3",25,1949970.7655169466,13689.863251060755]
[43923,6,"Admin Fee",0,85,0,1967064.5110599056,0.10249999999999999,"2020/4",1,1966979.5110599056,552.37095858531598]
[43924,7,"Insurance Premium",0,400,0,1967464.5110599056,0.10249999999999999,"2020/4",1,1967064.5110599056,552.39482844832969]
[43928,2,"Loan Repayment",0,-19944.05,0,1947520.4610599056,0.10249999999999999,"2020/4",4,1967464.5110599056,2210.0286288618117]
[43951,4,"Interest Capitalized",0,0,16440.548756189644,1963961.0098160952,0.10249999999999999,"2020/4",24,1947520.4610599056,13125.754340294157]
[43953,6,"Admin Fee",0,85,0,1964046.0098160952,0.10249999999999999,"2020/5",1,1963961.0098160952,551.52329727712254]
[43954,7,"Insurance Premium",0,400,0,1964446.0098160952,0.10249999999999999,"2020/5",1,1964046.0098160952,551.54716714013625]
[43958,2,"Loan Repayment",0,-19944.05,0,1944501.9598160952,0.10249999999999999,"2020/5",4,1964446.0098160952,2206.637983629038]
[43982,4,"Interest Capitalized",0,0,16961.177686481242,1961463.1375025765,0.10249999999999999,"2020/5",25,1944501.9598160952,13651.469238434913]
[43984,6,"Admin Fee",0,85,0,1961548.1375025765,0.10249999999999999,"2020/6",1,1961463.1375025765,550.82183998360017]
[43985,7,"Insurance Premium",0,400,0,1961948.1375025765,0.10249999999999999,"2020/6",1,1961548.1375025765,550.84570984661389]
[43989,2,"Loan Repayment",0,-19944.05,0,1942004.0875025764,0.10249999999999999,"2020/6",4,1961948.1375025765,2203.8321544549485]
[44012,4,"Interest Capitalized",0,0,16394.075198138162,1958398.1627007145,0.10249999999999999,"2020/6",24,1942004.0875025764,13088.575493852981]
[44014,6,"Admin Fee",0,85,0,1958483.1627007145,0.10249999999999999,"2020/7",1,1958398.1627007145,549.96112788170751]
[44015,7,{"$f":"IF(ISNA(VLOOKUP($B68,Transactions,2,0))=TRUE,\"Select Valid Code\",VLOOKUP($B68,Transactions,2,0))","v":"Insurance Premium"},0,400,0,1958883.1627007145,0.10249999999999999,"2020/7",{"$f":"IF(I68<>OFFSET(A68,-1,COLUMN($I$3)-1,1,1),IF(B68=4,A68-1-DATE(YEAR(A68),MONTH(A68),0)+1,A68-1-DATE(YEAR(A68),MONTH(A68),0)),IF(B68=4,A68-OFFSET(A68,-1,0,1,1)+1,A68-OFFSET(A68,-1,0,1,1)))","v":1},1958483.1627007145,549.98499774472111]
[44019,2,"Loan Repayment",0,-19944.05,{"$f":"IF(B69<>4,0,SUM(OFFSET($L$3,1,0,ROW(L69)-ROW($L$3),1))-SUM(OFFSET($F$3,1,0,ROW(G69)-ROW($G$3)-1,1)))","v":0},{"$f":"SUM(E69:F69)+SUM(OFFSET(A69,-1,COLUMN($G$3)-1,1,1))","v":1938939.1127007145},{"$f":"IF(B69=5,D69,SUM(OFFSET(A69,-1,COLUMN($H$3)-1,1,1)))","v":0.10249999999999999},{"$f":"YEAR(A69)&\"/\"&MONTH(A69)","v":"2020/7"},4,{"$f":"IF(ISNUMBER(OFFSET(G69,-1,0,1,1))=FALSE,0,OFFSET(G69,-1,0,1,1))","v":1958883.1627007145},{"$f":"IF(ISNUMBER(OFFSET(H69,-1,0,1,1))=FALSE,0,K69*J69/365*OFFSET(H69,-1,0,1,1))","v":2200.3893060473779}]
[44043,4,"Interest Capitalized",0,0,16912.750435223337,1955851.8631359378,0.10249999999999999,"2020/7",25,1938939.1127007145,13612.415003549535]
[44045,6,"Admin Fee",0,85,0,1955936.8631359378,0.10249999999999999,"2020/8",1,1955851.8631359378,549.24607115461265]
[44046,7,"Insurance Premium",0,400,0,1956336.8631359378,0.10249999999999999,"2020/8",1,1955936.8631359378,549.26994101762637]
[44050,2,"Loan Repayment",0,-19944.05,0,1936392.8131359378,0.10249999999999999,"2020/8",4,1956336.8631359378,2197.5290791389989]
[44074,4,"Interest Capitalized",0,0,16890.583676683367,1953283.396812621,0.10249999999999999,"2020/8",25,1936392.8131359378,13594.538585372164]
[44076,6,"Admin Fee",0,85,0,1953368.396812621,0.10249999999999999,"2020/9",1,1953283.396812621,548.52478951587295]
[44077,7,"Insurance Premium",0,400,0,1953768.396812621,0.10249999999999999,"2020/9",1,1953368.396812621,548.54865937888667]
[44081,2,"Loan Repayment",0,-19944.05,0,1933824.346812621,0.10249999999999999,"2020/9",4,1953768.396812621,2194.6439525840397]
[44104,4,"Interest Capitalized",0,0,16325.163684106374,1950149.5104967274,0.10249999999999999,"2020/9",24,1933824.346812621,13033.446282627527]
[44106,6,"Admin Fee",0,85,0,1950234.5104967274,0.10249999999999999,"2020/10",1,1950149.5104967274,547.64472555045074]
[44107,7,"Insurance Premium",0,400,0,1950634.5104967274,0.10249999999999999,"2020/10",1,1950234.5104967274,547.66859541346446]
[44111,2,"Loan Repayment",0,-19944.05,0,1930690.4604967274,0.10249999999999999,"2020/10",4,1950634.5104967274,2191.1236967223513]
[44135,4,"Interest Capitalized",0,0,16840.941962954297,1947531.4024596817,0.10249999999999999,"2020/10",25,1930690.4604967274,13554.504945268118]
[44137,6,"Admin Fee",0,85,0,1947616.4024596817,0.10249999999999999,"2020/11",1,1947531.4024596817,546.90950343045847]
[44138,7,"Insurance Premium",0,400,0,1948016.4024596817,0.10249999999999999,"2020/11",1,1947616.4024596817,546.93337329347219]
[44142,2,"Loan Repayment",0,-19944.05,0,1928072.3524596817,0.10249999999999999,"2020/11",4,1948016.4024596817,2188.1828082423817]
[44165,4,"Interest Capitalized",0,0,16276.705101543921,1944349.0575612257,0.10249999999999999,"2020/11",24,1928072.3524596817,12994.679416577579]
[44167,6,"Admin Fee",0,85,0,1944434.0575612257,0.10249999999999999,"2020/12",1,1944349.0575612257,546.01583123294699]
[44168,7,"Insurance Premium",0,400,0,1944834.0575612257,0.10249999999999999,"2020/12",1,1944434.0575612257,546.0397010959606]
[44172,2,"Loan Repayment",0,-19944.05,0,1924890.0075612257,0.10249999999999999,"2020/12",4,1944834.0575612257,2184.6081194523358]
[44196,4,"Interest Capitalized",0,0,16790.446239111712,1941680.4538003374,0.10249999999999999,"2020/12",25,1924890.0075612257,13513.782587330521]

{"sheet":"Summary","index":5,"n_rows":24,"n_cols":11,"rows_kept":24,"cut":false,"hidden":true,"merged":[]}
["Loan Summary"]
["© www.excel-skills.com"]
["Month","Opening Balance"," Loan Advance "," Loan Repayment "," Ad Hoc Repayment "," Interest Capitalized "," Admin \nFees"," Insurance Premium ","Other \nCosts","Closing Balance","Number of Repayments"]
[{"$f":"IF(ISNUMBER(A3)=FALSE,DATE(YEAR(OFFSET(Statement!$A$3,1,0,1,1)),MONTH(OFFSET(Statement!$A$3,1,0,1,1))+1,0),DATE(YEAR(A3),MONTH(A3)+2,0))","v":"2019-04-30"},{"$f":"IF(ISNUMBER(B3)=FALSE,0,J3)","v":0},{"$f":"SUMPRODUCT((TransDate>=DATE(YEAR($A4),MONTH($A4),1))*(TransDate<=$A4)*(TransCode=1)*(TransAmount))","v":2000000},{"$f":"SUMPRODUCT((TransDate>=DATE(YEAR($A4),MONTH($A4),1))*(TransDate<=$A4)*(TransCode=2)*(TransAmount))","v":-19750.43},{"$f":"SUMPRODUCT((TransDate>=DATE(YEAR($A4),MONTH($A4),1))*(TransDate<=$A4)*(TransCode=3)*(TransAmount))","v":0},{"$f":"SUMPRODUCT((TransDate>=DATE(YEAR($A4),MONTH($A4),1))*(TransDate<=$A4)*(TransCode=4)*(TransInt))","v":16311.964295890411},{"$f":"SUMPRODUCT((TransDate>=DATE(YEAR($A4),MONTH($A4),1))*(TransDate<=$A4)*(TransCode=6)*(TransAmount))","v":80},{"$f":"SUMPRODUCT((TransDate>=DATE(YEAR($A4),MONTH($A4),1))*(TransDate<=$A4)*(TransCode=7)*(TransAmount))","v":370},{"$f":"IF(SUMPRODUCT((TransDate>=DATE(YEAR($A4),MONTH($A4),1))*(TransDate<=$A4)*(TransAmount))+SUMPRODUCT((TransDate>=DATE(YEAR($A4),MONTH($A4),1))*(TransDate<=$A4)*(TransInt))-SUM(C4:H4)<0.009,0,SUMPRODUCT((TransDate>=DATE(YEAR($A4),MONTH($A4),1))*(TransDate<=$A4)*(TransAmount))+SUMPRODUCT((TransDate>=DATE(YEAR($A4),MONTH($A4),1))*(TransDate<=$A4)*(TransInt))-SUM(C4:H4))","v":0},{"$f":"SUM(B4:I4)","v":1997011.5342958905},{"$f":"IF(ISNA(MATCH($A4,StateMonth,0))=TRUE,\"month end?\",COUNTIF(OFFSET(Statement!$A$3,0,0,MATCH($A4,StateMonth,0),2),\"2\"))","v":1}]
[{"$f":"IF(ISNUMBER(A4)=FALSE,DATE(YEAR(OFFSET(Statement!$A$3,1,0,1,1)),MONTH(OFFSET(Statement!$A$3,1,0,1,1))+1,0),DATE(YEAR(A4),MONTH(A4)+2,0))","v":"2019-05-31"},{"$f":"IF(ISNUMBER(B4)=FALSE,0,J4)","v":1997011.5342958905},0,-19750.43,0,16829.240222787023,80,370,0,{"$f":"SUM(B5:I5)","v":1994540.3445186776},{"$f":"IF(ISNA(MATCH($A5,StateMonth,0))=TRUE,\"month end?\",COUNTIF(OFFSET(Statement!$A$3,0,0,MATCH($A5,StateMonth,0),2),\"2\"))","v":2}]
[{"$f":"IF(ISNUMBER(A5)=FALSE,DATE(YEAR(OFFSET(Statement!$A$3,1,0,1,1)),MONTH(OFFSET(Statement!$A$3,1,0,1,1))+1,0),DATE(YEAR(A5),MONTH(A5)+2,0))","v":"2019-06-30"},1994540.3445186776,0,-19750.43,0,16267.09041522201,80,370,0,1991507.0049338997,{"$f":"IF(ISNA(MATCH($A6,StateMonth,0))=TRUE,\"month end?\",COUNTIF(OFFSET(Statement!$A$3,0,0,MATCH($A6,StateMonth,0),2),\"2\"))","v":3}]
[{"$f":"IF(ISNUMBER(A6)=FALSE,DATE(YEAR(OFFSET(Statement!$A$3,1,0,1,1)),MONTH(OFFSET(Statement!$A$3,1,0,1,1))+1,0),DATE(YEAR(A6),MONTH(A6)+2,0))","v":"2019-07-31"},1991507.0049338997,0,-19750.43,0,16782.489425465996,80,370,0,1988989.0643593657,{"$f":"IF(ISNA(MATCH($A7,StateMonth,0))=TRUE,\"month end?\",COUNTIF(OFFSET(Statement!$A$3,0,0,MATCH($A7,StateMonth,0),2),\"2\"))","v":4}]
[{"$f":"IF(ISNUMBER(A7)=FALSE,DATE(YEAR(OFFSET(Statement!$A$3,1,0,1,1)),MONTH(OFFSET(Statement!$A$3,1,0,1,1))+1,0),DATE(YEAR(A7),MONTH(A7)+2,0))","v":"2019-08-31"},1988989.0643593657,0,-19750.43,0,16761.10417675077,80,370,0,1986449.7385361167,{"$f":"IF(ISNA(MATCH($A8,StateMonth,0))=TRUE,\"month end?\",COUNTIF(OFFSET(Statement!$A$3,0,0,MATCH($A8,StateMonth,0),2),\"2\"))","v":5}]
[{"$f":"IF(ISNUMBER(A8)=FALSE,DATE(YEAR(OFFSET(Statement!$A$3,1,0,1,1)),MONTH(OFFSET(Statement!$A$3,1,0,1,1))+1,0),DATE(YEAR(A8),MONTH(A8)+2,0))","v":"2019-09-30"},1986449.7385361167,0,-19750.43,0,16200.592283858496,80,370,0,1983349.9008199752,{"$f":"IF(ISNA(MATCH($A9,StateMonth,0))=TRUE,\"month end?\",COUNTIF(OFFSET(Statement!$A$3,0,0,MATCH($A9,StateMonth,0),2),\"2\"))","v":6}]
[{"$f":"IF(ISNUMBER(A9)=FALSE,DATE(YEAR(OFFSET(Statement!$A$3,1,0,1,1)),MONTH(OFFSET(Statement!$A$3,1,0,1,1))+1,0),DATE(YEAR(A9),MONTH(A9)+2,0))","v":"2019-10-31"},1983349.9008199752,0,-19750.43,0,16713.209911073762,80,370,0,1980762.680731049,{"$f":"IF(ISNA(MATCH($A10,StateMonth,0))=TRUE,\"month end?\",COUNTIF(OFFSET(Statement!$A$3,0,0,MATCH($A10,StateMonth,0),2),\"2\"))","v":7}]
[{"$f":"IF(ISNUMBER(A10)=FALSE,DATE(YEAR(OFFSET(Statement!$A$3,1,0,1,1)),MONTH(OFFSET(Statement!$A$3,1,0,1,1))+1,0),DATE(YEAR(A10),MONTH(A10)+2,0))","v":"2019-11-30"},1980762.680731049,0,-19750.43,0,16261.326726596628,80,370,0,1977723.5774576457,{"$f":"IF(ISNA(MATCH($A11,StateMonth,0))=TRUE,\"month end?\",COUNTIF(OFFSET(Statement!$A$3,0,0,MATCH($A11,StateMonth,0),2),\"2\"))","v":8}]
[{"$f":"IF(ISNUMBER(A11)=FALSE,DATE(YEAR(OFFSET(Statement!$A$3,1,0,1,1)),MONTH(OFFSET(Statement!$A$3,1,0,1,1))+1,0),DATE(YEAR(A11),MONTH(A11)+2,0))","v":"2019-12-31"},1977723.5774576457,0,-19909.05,0,17080.946717114159,80,370,0,1975345.4741747598,{"$f":"IF(ISNA(MATCH($A12,StateMonth,0))=TRUE,\"month end?\",COUNTIF(OFFSET(Statement!$A$3,0,0,MATCH($A12,StateMonth,0),2),\"2\"))","v":9}]
[{"$f":"IF(ISNUMBER(A12)=FALSE,DATE(YEAR(OFFSET(Statement!$A$3,1,0,1,1)),MONTH(OFFSET(Statement!$A$3,1,0,1,1))+1,0),DATE(YEAR(A12),MONTH(A12)+2,0))","v":"2020-01-31"},1975345.4741747598,0,-19909.05,0,17060.244187850156,80,370,0,1972946.66836261,{"$f":"IF(ISNA(MATCH($A13,StateMonth,0))=TRUE,\"month end?\",COUNTIF(OFFSET(Statement!$A$3,0,0,MATCH($A13,StateMonth,0),2),\"2\"))","v":10}]
[{"$f":"IF(ISNUMBER(A13)=FALSE,DATE(YEAR(OFFSET(Statement!$A$3,1,0,1,1)),MONTH(OFFSET(Statement!$A$3,1,0,1,1))+1,0),DATE(YEAR(A13),MONTH(A13)+2,0))","v":"2020-02-29"},1972946.66836261,0,-19909.05,0,15942.19715433658,80,370,0,1969429.8155169466,{"$f":"IF(ISNA(MATCH($A14,StateMonth,0))=TRUE,\"month end?\",COUNTIF(OFFSET(Statement!$A$3,0,0,MATCH($A14,StateMonth,0),2),\"2\"))","v":11}]
[{"$f":"IF(ISNUMBER(A14)=FALSE,DATE(YEAR(OFFSET(Statement!$A$3,1,0,1,1)),MONTH(OFFSET(Statement!$A$3,1,0,1,1))+1,0),DATE(YEAR(A14),MONTH(A14)+2,0))","v":"2020-03-31"},1969429.8155169466,0,-19909.05,0,17008.745542959135,80,370,0,1966979.5110599056,{"$f":"IF(ISNA(MATCH($A15,StateMonth,0))=TRUE,\"month end?\",COUNTIF(OFFSET(Statement!$A$3,0,0,MATCH($A15,StateMonth,0),2),\"2\"))","v":12}]
[{"$f":"IF(ISNUMBER(A15)=FALSE,DATE(YEAR(OFFSET(Statement!$A$3,1,0,1,1)),MONTH(OFFSET(Statement!$A$3,1,0,1,1))+1,0),DATE(YEAR(A15),MONTH(A15)+2,0))","v":"2020-04-30"},1966979.5110599056,0,-19944.05,0,16440.548756189644,85,400,0,1963961.0098160952,{"$f":"IF(ISNA(MATCH($A16,StateMonth,0))=TRUE,\"month end?\",COUNTIF(OFFSET(Statement!$A$3,0,0,MATCH($A16,StateMonth,0),2),\"2\"))","v":13}]
[{"$f":"IF(ISNUMBER(A16)=FALSE,DATE(YEAR(OFFSET(Statement!$A$3,1,0,1,1)),MONTH(OFFSET(Statement!$A$3,1,0,1,1))+1,0),DATE(YEAR(A16),MONTH(A16)+2,0))","v":"2020-05-31"},1963961.0098160952,0,-19944.05,0,16961.177686481242,85,400,0,1961463.1375025765,{"$f":"IF(ISNA(MATCH($A17,StateMonth,0))=TRUE,\"month end?\",COUNTIF(OFFSET(Statement!$A$3,0,0,MATCH($A17,StateMonth,0),2),\"2\"))","v":14}]
[{"$f":"IF(ISNUMBER(A17)=FALSE,DATE(YEAR(OFFSET(Statement!$A$3,1,0,1,1)),MONTH(OFFSET(Statement!$A$3,1,0,1,1))+1,0),DATE(YEAR(A17),MONTH(A17)+2,0))","v":"2020-06-30"},1961463.1375025765,0,-19944.05,0,16394.075198138162,85,400,0,1958398.1627007145,{"$f":"IF(ISNA(MATCH($A18,StateMonth,0))=TRUE,\"month end?\",COUNTIF(OFFSET(Statement!$A$3,0,0,MATCH($A18,StateMonth,0),2),\"2\"))","v":15}]
[{"$f":"IF(ISNUMBER(A18)=FALSE,DATE(YEAR(OFFSET(Statement!$A$3,1,0,1,1)),MONTH(OFFSET(Statement!$A$3,1,0,1,1))+1,0),DATE(YEAR(A18),MONTH(A18)+2,0))","v":"2020-07-31"},1958398.1627007145,0,-19944.05,0,16912.750435223337,85,400,0,1955851.8631359378,{"$f":"IF(ISNA(MATCH($A19,StateMonth,0))=TRUE,\"month end?\",COUNTIF(OFFSET(Statement!$A$3,0,0,MATCH($A19,StateMonth,0),2),\"2\"))","v":16}]
[{"$f":"IF(ISNUMBER(A19)=FALSE,DATE(YEAR(OFFSET(Statement!$A$3,1,0,1,1)),MONTH(OFFSET(Statement!$A$3,1,0,1,1))+1,0),DATE(YEAR(A19),MONTH(A19)+2,0))","v":"2020-08-31"},1955851.8631359378,0,-19944.05,0,16890.583676683367,85,400,0,1953283.396812621,{"$f":"IF(ISNA(MATCH($A20,StateMonth,0))=TRUE,\"month end?\",COUNTIF(OFFSET(Statement!$A$3,0,0,MATCH($A20,StateMonth,0),2),\"2\"))","v":17}]
[{"$f":"IF(ISNUMBER(A20)=FALSE,DATE(YEAR(OFFSET(Statement!$A$3,1,0,1,1)),MONTH(OFFSET(Statement!$A$3,1,0,1,1))+1,0),DATE(YEAR(A20),MONTH(A20)+2,0))","v":"2020-09-30"},1953283.396812621,0,-19944.05,0,16325.163684106374,85,400,0,1950149.5104967274,{"$f":"IF(ISNA(MATCH($A21,StateMonth,0))=TRUE,\"month end?\",COUNTIF(OFFSET(Statement!$A$3,0,0,MATCH($A21,StateMonth,0),2),\"2\"))","v":18}]
[{"$f":"IF(ISNUMBER(A21)=FALSE,DATE(YEAR(OFFSET(Statement!$A$3,1,0,1,1)),MONTH(OFFSET(Statement!$A$3,1,0,1,1))+1,0),DATE(YEAR(A21),MONTH(A21)+2,0))","v":"2020-10-31"},1950149.5104967274,0,-19944.05,0,16840.941962954297,85,400,0,1947531.4024596817,{"$f":"IF(ISNA(MATCH($A22,StateMonth,0))=TRUE,\"month end?\",COUNTIF(OFFSET(Statement!$A$3,0,0,MATCH($A22,StateMonth,0),2),\"2\"))","v":19}]
[{"$f":"IF(ISNUMBER(A22)=FALSE,DATE(YEAR(OFFSET(Statement!$A$3,1,0,1,1)),MONTH(OFFSET(Statement!$A$3,1,0,1,1))+1,0),DATE(YEAR(A22),MONTH(A22)+2,0))","v":"2020-11-30"},1947531.4024596817,0,-19944.05,0,16276.705101543921,85,400,0,1944349.0575612257,{"$f":"IF(ISNA(MATCH($A23,StateMonth,0))=TRUE,\"month end?\",COUNTIF(OFFSET(Statement!$A$3,0,0,MATCH($A23,StateMonth,0),2),\"2\"))","v":20}]
[{"$f":"IF(ISNUMBER(A23)=FALSE,DATE(YEAR(OFFSET(Statement!$A$3,1,0,1,1)),MONTH(OFFSET(Statement!$A$3,1,0,1,1))+1,0),DATE(YEAR(A23),MONTH(A23)+2,0))","v":"2020-12-31"},1944349.0575612257,0,-19944.05,0,16790.446239111712,85,400,0,1941680.4538003374,{"$f":"IF(ISNA(MATCH($A24,StateMonth,0))=TRUE,\"month end?\",COUNTIF(OFFSET(Statement!$A$3,0,0,MATCH($A24,StateMonth,0),2),\"2\"))","v":21}]

{"sheet":"Review","index":6,"n_rows":25,"n_cols":9,"rows_kept":25,"cut":false,"hidden":true,"merged":[]}
["Loan Review"]
[]
["Review Date",44196,{"$f":"IF(B6=\"Error\",\"No transactions recorded for this period. Select a new period!\",\"\")","v":""}]
[]
["Loan Period",{"$f":"InitialAmort!$D$5","v":240}]
["Number of Actual Repayments",{"$f":"IF(ISNUMBER(VLOOKUP($B$3,Summary!$A$4:K260,COLUMN(Summary!$K$3),0))=FALSE,\"Error\",VLOOKUP($B$3,Summary!$A$4:K260,COLUMN(Summary!$K$3),0))","v":21}]
["Remaining Loan Repayments",{"$f":"InitialAmort!$D$5-B6","v":219}]
["© www.excel-skills.com"]
["Loan History (as at review date)","Initial Amortization","Actual \nLoan","Difference",null,"Loan Period Summary","Initial Amortization","Actual Loan: Standard","Actual Loan: Forecast"]
["Loan Advances",{"$f":"InitialAmort!$D$3","v":2000000},{"$f":"SUM(OFFSET(Summary!$A$3,1,2,MATCH(Review!$B$3,ReviewDates,0),1))","v":2000000},{"$f":"B10-C10","v":0},null,"Total Interest Charges",{"$f":"B17+B24","v":2632103.8963552429},{"$f":"C24+C17","v":2707082.2701772121},{"$f":"D24+C17","v":2707082.2701772121}]
[null,null,null,null,null,"Total Capital Repayments",{"$f":"B23+B16","v":1999999.9999999951},{"$f":"C23+C16","v":1999999.9999999993},{"$f":"D23+C16","v":1999999.9999999993}]
["Scheduled Loan Repayments",{"$f":"IF(ISNA(MATCH(Review!$B$3,InitialAmort!$A$9:$A$368,0))=TRUE,0,SUM(OFFSET(InitialAmort!$A$8,1,3,MATCH(Review!$B$3,InitialAmort!$A$9:$A$368,0),1)))","v":405309.09093108342},{"$f":"-SUM(OFFSET(Summary!$A$3,1,3,MATCH(Review!$B$3,ReviewDates,0),1))","v":417136.08999999985},{"$f":"B12-C12","v":-11826.999068916426},null,"Total Loan Repayments",{"$f":"SUM(G10:G11)","v":4632103.8963552378},{"$f":"SUM(H10:H11)","v":4707082.2701772116},{"$f":"SUM(I10:I11)","v":4707082.2701772116}]
["Ad Hoc Loan Repayments",0,{"$f":"-SUM(OFFSET(Summary!$A$3,1,4,MATCH(Review!$B$3,ReviewDates,0),1))","v":0},0,null,"Interest: Actual vs Initial Amortization",null,{"$f":"G10-H10","v":-74978.373821969144}]
[null,{"$f":"SUM(B12:B13)","v":405309.09093108342},{"$f":"SUM(C12:C13)","v":417136.08999999985},{"$f":"SUM(D12:D13)","v":-11826.999068916426},null,"Actual Interest: Amortization vs Forecast",null,null,{"$f":"H10-I10","v":0}]
["Loan Repayment Breakdown",null,null,null,null,"Effective Annual Interest Rate",{"$f":"RATE(InitialAmort!$D$5,-SUM($G$10:$G$11)/InitialAmort!$D$5,$G$11,0,0)*12","v":9.9999999999999728E-2},{"$f":"IF(H11<0.009,0,RATE(InitialAmort!$D$5,-SUM($H$10:$H$11)/InitialAmort!$D$5,$H$11,0,0)*12)","v":0.10234989731028286},{"$f":"IF(I$11<0.009,0,RATE(InitialAmort!$D$5,-SUM($I$10:$I$11)/InitialAmort!$D$5,$I$11,0,0)*12)","v":0.10234989731028286}]
["Capital Repayment",{"$f":"IF(ISNA(MATCH(Review!$B$3,InitialAmort!$A$9:$A$368,0))=TRUE,0,SUM(OFFSET(InitialAmort!$A$8,1,5,MATCH(Review!$B$3,InitialAmort!$A$9:$A$368,0),1)))","v":60170.825885789563},{"$f":"C14-C17-C18","v":58319.546199662669},1851.2796861268944]
["Interest Repayment",{"$f":"IF(ISNA(MATCH(Review!$B$3,InitialAmort!$A$9:$A$368,0))=TRUE,0,SUM(OFFSET(InitialAmort!$A$8,1,4,MATCH(Review!$B$3,InitialAmort!$A$9:$A$368,0),1)))","v":345138.26504529378},{"$f":"SUM(OFFSET(Summary!$A$3,1,5,MATCH(Review!$B$3,ReviewDates,0),1))","v":349051.54380033718},-3913.2787550434005]
["Other Costs",0,{"$f":"SUM(OFFSET(Summary!$A$3,1,6,MATCH(Review!$B$3,ReviewDates,0),3))","v":9765},-9765]
[]
["Outstanding Loan Balance",{"$f":"B10-B16","v":1939829.1741142105},{"$f":"C10-C16","v":1941680.4538003374},{"$f":"B20-C20","v":-1851.279686126858}]
[]
["Remaining Loan Repayments","Initial Amortization","Actual Loan: Standard","Actual Loan: Forecast"]
["Capital",{"$f":"InitialAmort!F369-Review!B16","v":1939829.1741142056},{"$f":"ForecastAmort!N369","v":1941680.4538003367},{"$f":"ForecastAmort!G369","v":1941680.4538003367}]
["Interest",{"$f":"InitialAmort!E369-Review!B17","v":2286965.6313099493},{"$f":"ForecastAmort!M369","v":2358030.7263768748},{"$f":"ForecastAmort!F369","v":2358030.7263768748}]
["Total Remaining Loan Repayments",{"$f":"SUM(B23:B24)","v":4226794.8054241547},{"$f":"SUM(C23:C24)","v":4299711.1801772118},{"$f":"SUM(D23:D24)","v":4299711.1801772118}]

{"sheet":"InitialAmort","index":7,"n_rows":369,"n_cols":8,"rows_kept":369,"cut":false,"hidden":true,"merged":[[5,0,5,1],[2,0,2,1],[3,0,3,1],[4,0,4,1]]}
["Initial Loan Amortization Table"]
[]
["Principle Loan Amount",null,null,2000000,null,null,null,{"$f":"Review!C10","v":2000000}]
["Annual Interest Rate",null,null,0.1]
["Loan Period (in Months)",null,null,240]
["Repayment Commencement Date",null,null,43556]
["© www.excel-skills.com"]
["Month","Repayment Number","Opening Balance","Loan Repayment","Interest Charged","Capital \nRepaid","Closing Balance","% \nOutstanding"]
[{"$f":"DATE(YEAR($D$6),MONTH($D$6)+1,1-1)","v":"2019-04-30"},1,{"$f":"$D$3","v":2000000},{"$f":"-PMT($D$4/12,$D$5,$D$3,0,0)","v":19300.432901480159},{"$f":"C9*$D$4/12","v":16666.666666666668},{"$f":"D9-E9","v":2633.7662348134909},{"$f":"C9-F9","v":1997366.2337651865},{"$f":"G9/$D$3","v":0.99868311688259326}]
[{"$f":"DATE(YEAR(A9),MONTH(A9)+2,1-1)","v":"2019-05-31"},2,{"$f":"IF(ROUND(G9,0)>0,G9,0)","v":1997366.2337651865},{"$f":"IF($D$5+1-B10=0,0,D9)","v":19300.432901480159},16644.718614709887,2655.7142867702714,1994710.5194784163,0.99735525973920813]
["2019-06-30",3,1994710.5194784163,19300.432901480159,16622.587662320137,2677.8452391600222,1992032.6742392562,0.99601633711962811]
["2019-07-31",4,1992032.6742392562,19300.432901480159,16600.272285327137,2700.1606161530217,1989332.5136231033,0.99466625681155163]
["2019-08-31",5,1989332.5136231033,19300.432901480159,16577.770946859197,2722.6619546209622,1986609.8516684824,0.99330492583424124]
["2019-09-30",6,1986609.8516684824,19300.432901480159,16555.082097237355,2745.3508042428039,1983864.5008642396,0.99193225043211986]
["2019-10-31",7,1983864.5008642396,19300.432901480159,16532.204173868664,2768.2287276114948,1981096.2721366282,0.99054813606831404]
["2019-11-30",8,1981096.2721366282,19300.432901480159,16509.135601138569,2791.29730034159,1978304.9748362866,0.98915248741814332]
["2019-12-31",9,1978304.9748362866,19300.432901480159,16485.87479030239,2814.5581111777683,1975490.4167251089,0.98774520836255442]
["2020-01-31",10,1975490.4167251089,19300.432901480159,16462.42013937591,2838.0127621042484,1972652.4039630047,0.98632620198150234]
["2020-02-29",11,1972652.4039630047,19300.432901480159,16438.770033025041,2861.6628684551179,1969790.7410945497,0.98489537054727483]
["2020-03-31",12,1969790.7410945497,19300.432901480159,16414.922842454584,2885.5100590255752,1966905.231035524,0.98345261551776197]
["2020-04-30",13,1966905.231035524,19300.432901480159,16390.876925296034,2909.555976184125,1963995.67505934,0.98199783752966996]
["2020-05-31",14,1963995.67505934,19300.432901480159,16366.630625494501,2933.8022759856576,1961061.8727833543,0.9805309363916771]
["2020-06-30",15,1961061.8727833543,19300.432901480159,16342.182273194621,2958.2506282855375,1958103.6221550687,0.97905181107753436]
["2020-07-31",16,1958103.6221550687,19300.432901480159,16317.530184625573,2982.9027168545854,1955120.7194382141,0.97756035971910704]
["2020-08-31",17,1955120.7194382141,19300.432901480159,16292.672661985118,3007.7602394950409,1952112.9591987191,0.97605647959935959]
["2020-09-30",18,1952112.9591987191,19300.432901480159,16267.607993322659,3032.8249081574995,1949080.1342905615,0.97454006714528074]
["2020-10-31",19,1949080.1342905615,19300.432901480159,16242.334452421346,3058.0984490588125,1946022.0358415027,0.9730110179207514]
["2020-11-30",20,1946022.0358415027,19300.432901480159,16216.850298679192,3083.5826028009669,1942938.4532387017,0.97146922661935087]
["2020-12-31",21,1942938.4532387017,19300.432901480159,16191.153776989182,3109.2791244909768,1939829.1741142108,0.96991458705710543]
["2021-01-31",22,1939829.1741142108,19300.432901480159,16165.243117618424,3135.1897838617351,1936693.9843303491,0.96834699216517461]
["2021-02-28",23,1936693.9843303491,19300.432901480159,16139.116536086243,3161.3163653939155,1933532.6679649553,0.96676633398247769]
["2021-03-31",24,1933532.6679649553,19300.432901480159,16112.772233041294,3187.6606684388644,1930345.0072965166,0.96517250364825824]
["2021-04-30",25,1930345.0072965166,19300.432901480159,16086.208394137639,3214.2245073425202,1927130.782789174,0.96356539139458697]
["2021-05-31",26,1927130.782789174,19300.432901480159,16059.423189909785,3241.0097115703738,1923889.7730776037,0.96194488653880184]
["2021-06-30",27,1923889.7730776037,19300.432901480159,16032.414775646699,3268.0181258334596,1920621.7549517702,0.96031087747588506]
["2021-07-31",28,1920621.7549517702,19300.432901480159,16005.181291264753,3295.2516102154059,1917326.5033415547,0.95866325167077737]
["2021-08-31",29,1917326.5033415547,19300.432901480159,15977.720861179623,3322.7120403005356,1914003.7913012542,0.9570018956506271]
["2021-09-30",30,1914003.7913012542,19300.432901480159,15950.031594177119,3350.4013073030401,1910653.3899939512,0.95532669499697564]
["2021-10-31",31,1910653.3899939512,19300.432901480159,15922.111583282929,3378.3213181972296,1907275.0686757539,0.9536375343378769]
["2021-11-30",32,1907275.0686757539,19300.432901480159,15893.958905631283,3406.4739958488753,1903868.5946799051,0.9519342973399525]
["2021-12-31",33,1903868.5946799051,19300.432901480159,15865.571622332543,3434.8612791476153,1900433.7334007574,0.95021686670037875]
["2022-01-31",34,1900433.7334007574,19300.432901480159,15836.947778339645,3463.4851231405137,1896970.2482776169,0.94848512413880848]
["2022-02-28",35,1896970.2482776169,19300.432901480159,15808.085402313474,3492.3474991666844,1893477.9007784503,0.94673895038922518]
["2022-03-31",36,1893477.9007784503,19300.432901480159,15778.982506487087,3521.4503949930713,1889956.4503834571,0.94497822519172858]
["2022-04-30",37,1889956.4503834571,19300.432901480159,15749.63708652881,3550.7958149513488,1886405.6545685057,0.94320282728425286]
["2022-05-31",38,1886405.6545685057,19300.432901480159,15720.047121404214,3580.3857800759451,1882825.2687884297,0.94141263439421485]
["2022-06-30",39,1882825.2687884297,19300.432901480159,15690.210573236915,3610.2223282432442,1879215.0464601864,0.93960752323009322]
["2022-07-31",40,1879215.0464601864,19300.432901480159,15660.12538716822,3640.3075143119386,1875574.7389458744,0.93778736947293717]
["2022-08-31",41,1875574.7389458744,19300.432901480159,15629.789491215621,3670.643410264538,1871904.0955356099,0.93595204776780494]
["2022-09-30",42,1871904.0955356099,19300.432901480159,15599.200796130084,3701.2321053500746,1868202.8634302597,0.93410143171512983]
["2022-10-31",43,1868202.8634302597,19300.432901480159,15568.357195252165,3732.0757062279936,1864470.7877240318,0.93223539386201593]
["2022-11-30",44,1864470.7877240318,19300.432901480159,15537.256564366931,3763.1763371132274,1860707.6113869187,0.93035380569345938]
["2022-12-31",45,1860707.6113869187,19300.432901480159,15505.896761557657,3794.5361399225021,1856913.0752469962,0.92845653762349811]
["2023-01-31",46,1856913.0752469962,19300.432901480159,15474.275627058303,3826.1572744218556,1853086.9179725745,0.92654345898628721]
["2023-02-28",47,1853086.9179725745,19300.432901480159,15442.390983104788,3858.0419183753711,1849228.8760541992,0.92461443802709964]
["2023-03-31",48,1849228.8760541992,19300.432901480159,15410.240633784995,3890.1922676951635,1845338.683786504,0.922669341893252]
["2023-04-30",49,1845338.683786504,19300.432901480159,15377.822364887534,3922.6105365926251,1841416.0732499114,0.92070803662495571]
["2023-05-31",50,1841416.0732499114,19300.432901480159,15345.133943749262,3955.2989577308963,1837460.7742921805,0.91873038714609023]
["2023-06-30",51,1837460.7742921805,19300.432901480159,15312.173119101506,3988.2597823786527,1833472.514509802,0.91673625725490104]
["2023-07-31",52,1833472.514509802,19300.432901480159,15278.937620915016,4021.4952805651428,1829451.0192292368,0.9147255096146184]
["2023-08-31",53,1829451.0192292368,19300.432901480159,15245.425160243642,4055.0077412365172,1825396.0114880002,0.91269800574400006]
["2023-09-30",54,1825396.0114880002,19300.432901480159,15211.633429066669,4088.7994724134896,1821307.2120155867,0.91065360600779333]
["2023-10-31",55,1821307.2120155867,19300.432901480159,15177.560100129891,4122.8728013502678,1817184.3392142365,0.90859216960711819]
["2023-11-30",56,1817184.3392142365,19300.432901480159,15143.202826785304,4157.2300746948549,1813027.1091395416,0.90651355456977079]
["2023-12-31",57,1813027.1091395416,19300.432901480159,15108.559242829515,4191.8736586506438,1808835.2354808911,0.90441761774044549]
["2024-01-31",58,1808835.2354808911,19300.432901480159,15073.626962340759,4226.8059391393999,1804608.4295417517,0.90230421477087586]
["2024-02-29",59,1804608.4295417517,19300.432901480159,15038.403579514599,4262.0293219655596,1800346.4002197862,0.9001732001098931]
["2024-03-31",60,1800346.4002197862,19300.432901480159,15002.88666849822,4297.5462329819384,1796048.8539868044,0.89802442699340224]
["2024-04-30",61,1796048.8539868044,19300.432901480159,14967.073783223372,4333.359118256787,1791715.4948685477,0.89585774743427382]
["2024-05-31",62,1791715.4948685477,19300.432901480159,14930.962457237898,4369.4704442422608,1787346.0244243054,0.89367301221215267]
["2024-06-30",63,1787346.0244243054,19300.432901480159,14894.55020353588,4405.8826979442783,1782940.1417263611,0.89147007086318053]
["2024-07-31",64,1782940.1417263611,19300.432901480159,14857.834514386343,4442.5983870938162,1778497.5433392674,0.88924877166963368]
["2024-08-31",65,1778497.5433392674,19300.432901480159,{"$f":"C73*$D$4/12","v":14820.812861160563},{"$f":"D73-E73","v":4479.6200403195962},{"$f":"C73-F73","v":1774017.9232989477},{"$f":"G73/$D$3","v":0.88700896164947385}]
[{"$f":"DATE(YEAR(A73),MONTH(A73)+2,1-1)","v":"2024-09-30"},66,{"$f":"IF(ROUND(G73,0)>0,G73,0)","v":1774017.9232989477},{"$f":"IF($D$5+1-B74=0,0,D73)","v":19300.432901480159},14783.482694157899,4516.9502073222593,1769500.9730916254,0.88475048654581268]
["2024-10-31",67,1769500.9730916254,19300.432901480159,14745.841442430212,4554.5914590499469,1764946.3816325755,0.88247319081628772]
["2024-11-30",68,1764946.3816325755,19300.432901480159,14707.886513604797,4592.5463878753617,1760353.8352447001,0.88017691762235006]
["2024-12-31",69,1760353.8352447001,19300.432901480159,14669.615293705836,4630.8176077743228,1755723.0176369257,0.87786150881846281]
["2025-01-31",70,1755723.0176369257,19300.432901480159,14631.025146974382,4669.4077545057771,1751053.6098824199,0.87552680494120994]
["2025-02-28",71,1751053.6098824199,19300.432901480159,14592.113415686834,4708.3194857933249,1746345.2903966266,0.87317264519831328]
["2025-03-31",72,1746345.2903966266,19300.432901480159,14552.87741997189,4747.5554815082687,1741597.7349151182,0.87079886745755908]
["2025-04-30",73,1741597.7349151182,19300.432901480159,14513.314457625986,4787.1184438541732,1736810.616471264,0.868405308235632]
["2025-05-31",74,1736810.616471264,19300.432901480159,14473.421803927202,4827.0110975529569,1731983.6053737111,0.86599180268685549]
["2025-06-30",75,1731983.6053737111,19300.432901480159,14433.196711447594,4867.236190032565,1727116.3691836784,0.8635581845918392]
["2025-07-31",76,1727116.3691836784,19300.432901480159,14392.636409863988,4907.7964916161709,1722208.5726920622,0.86110428634603109]
["2025-08-31",77,1722208.5726920622,19300.432901480159,14351.738105767186,4948.6947957129723,1717259.8778963492,0.85862993894817463]
["2025-09-30",78,1717259.8778963492,19300.432901480159,14310.498982469579,4989.9339190105802,1712269.9439773385,0.85613497198866928]
["2025-10-31",79,1712269.9439773385,19300.432901480159,14268.916199811154,5031.5167016690048,1707238.4272756695,0.85361921363783477]
["2025-11-30",80,1707238.4272756695,19300.432901480159,14226.986893963913,5073.446007516246,1702164.9812681533,0.85108249063407659]
["2025-12-31",81,1702164.9812681533,19300.432901480159,14184.708177234612,5115.7247242455469,1697049.2565439078,0.84852462827195385]
["2026-01-31",82,1697049.2565439078,19300.432901480159,14142.077137865899,5158.3557636142596,1691890.9007802936,0.84594545039014679]
["2026-02-28",83,1691890.9007802936,19300.432901480159,14099.090839835781,5201.3420616443782,1686689.5587186492,0.84334477935932461]
["2026-03-31",84,1686689.5587186492,19300.432901480159,14055.74632265541,5244.6865788247487,1681444.8721398246,0.84072243606991226]
["2026-04-30",85,1681444.8721398246,19300.432901480159,14012.040601165207,5288.3923003149521,1676156.4798395096,0.83807823991975483]
["2026-05-31",86,1676156.4798395096,19300.432901480159,13967.970665329247,5332.4622361509118,1670824.0176033587,0.83541200880167932]
["2026-06-30",87,1670824.0176033587,19300.432901480159,13923.533480027991,5376.8994214521681,1665447.1181819066,0.8327235590909533]
["2026-07-31",88,1665447.1181819066,19300.432901480159,13878.725984849223,5421.7069166309357,1660025.4112652757,0.83001270563263785]
["2026-08-31",89,1660025.4112652757,19300.432901480159,13833.545093877299,5466.8878076028595,1654558.5234576729,0.82727926172883648]
["2026-09-30",90,1654558.5234576729,19300.432901480159,13787.98769548061,5512.4452059995492,1649046.0782516734,0.82452303912583669]
["2026-10-31",91,1649046.0782516734,19300.432901480159,13742.050652097279,5558.3822493828793,1643487.6960022906,0.82174384800114531]
["2026-11-30",92,1643487.6960022906,19300.432901480159,13695.73080001909,5604.7021014610691,1637882.9939008295,0.81894149695041474]
["2026-12-31",93,1637882.9939008295,19300.432901480159,13649.024949173579,5651.4079523065793,1632231.5859485229,0.8161157929742614]
["2027-01-31",94,1632231.5859485229,19300.432901480159,13601.92988290436,5698.5030185757987,1626533.0829299472,0.81326654146497357]
["2027-02-28",95,1626533.0829299472,19300.432901480159,13554.442357749562,5745.990543730597,1620787.0923862166,0.81039354619310833]
["2027-03-31",96,1620787.0923862166,19300.432901480159,13506.559103218473,5793.8737982616858,1614993.218587955,0.80749660929397749]
["2027-04-30",97,1614993.218587955,19300.432901480159,13458.276821566293,5842.1560799138661,1609151.062508041,0.80457553125402048]
["2027-05-31",98,1609151.062508041,19300.432901480159,13409.59218756701,5890.8407139131486,1603260.221794128,0.80163011089706393]
["2027-06-30",99,1603260.221794128,19300.432901480159,13360.501848284401,5939.9310531957581,1597320.2907409321,0.79866014537046603]
["2027-07-31",100,1597320.2907409321,19300.432901480159,13311.0024228411,5989.4304786390585,1591330.8602622931,0.79566543013114654]
["2027-08-31",101,1591330.8602622931,19300.432901480159,13261.090502185776,6039.3423992943826,1585291.5178629986,0.79264575893149936]
["2027-09-30",102,1585291.5178629986,19300.432901480159,13210.762648858325,6089.6702526218342,1579201.8476103768,0.78960092380518843]
["2027-10-31",103,1579201.8476103768,19300.432901480159,13160.015396753142,6140.4175047270164,1573061.4301056499,0.7865307150528249]
["2027-11-30",104,1573061.4301056499,19300.432901480159,13108.845250880417,6191.5876505997421,1566869.8424550502,0.78343492122752512]
["2027-12-31",105,1566869.8424550502,19300.432901480159,13057.24868712542,6243.1842143547383,1560626.6582406955,0.78031332912034779]
["2028-01-31",106,1560626.6582406955,19300.432901480159,13005.222152005796,6295.2107494743632,1554331.4474912211,0.77716572374561055]
["2028-02-29",107,1554331.4474912211,19300.432901480159,12952.762062426844,6347.6708390533149,1547983.7766521678,0.7739918883260839]
["2028-03-31",108,1547983.7766521678,19300.432901480159,12899.86480543473,6400.5680960454283,1541583.2085561224,0.77079160427806115]
["2028-04-30",109,1541583.2085561224,19300.432901480159,12846.526737967688,6453.9061635124708,1535129.3023926099,0.7675646511963049]
["2028-05-31",110,1535129.3023926099,19300.432901480159,12792.744186605081,6507.6887148750775,1528621.6136777347,0.76431080683886732]
["2028-06-30",111,1528621.6136777347,19300.432901480159,12738.513447314457,6561.9194541657016,1522059.694223569,0.76102984711178445]
["2028-07-31",112,1522059.694223569,19300.432901480159,12683.830785196407,6616.6021162837515,1515443.0921072853,0.75772154605364261]
["2028-08-31",113,1515443.0921072853,19300.432901480159,12628.692434227378,6671.7404672527809,1508771.3516400326,0.75438567582001625]
["2028-09-30",114,1508771.3516400326,19300.432901480159,12573.094597000272,6727.3383044798866,1502044.0133355528,0.75102200666777641]
["2028-10-31",115,1502044.0133355528,19300.432901480159,12517.033444462941,6783.3994570172181,1495260.6138785356,0.7476303069392678]
["2028-11-30",116,1495260.6138785356,19300.432901480159,12460.505115654463,6839.9277858256955,1488420.6860927099,0.74421034304635492]
["2028-12-31",117,1488420.6860927099,19300.432901480159,12403.50571743925,6896.9271840409092,1481523.758908669,0.74076187945433447]
["2029-01-31",118,1481523.758908669,19300.432901480159,12346.031324238909,6954.4015772412495,1474569.3573314277,0.7372846786657139]
["2029-02-28",119,1474569.3573314277,19300.432901480159,12288.077977761897,7012.3549237182615,1467557.0024077094,0.73377850120385468]
["2029-03-31",120,1467557.0024077094,19300.432901480159,12229.641686730911,7070.791214749248,1460486.2111929602,0.73024310559648009]
["2029-04-30",121,1460486.2111929602,19300.432901480159,12170.718426608002,7129.7144748721566,1453356.4967180879,0.72667824835904393]
["2029-05-31",122,1453356.4967180879,19300.432901480159,12111.304139317399,7189.1287621627598,1446167.3679559252,0.72308368397796263]
["2029-06-30",123,1446167.3679559252,19300.432901480159,12051.394732966044,7249.0381685141147,1438918.329787411,0.71945916489370554]
["2029-07-31",124,1438918.329787411,19300.432901480159,11990.986081561759,7309.4468199183993,1431608.8829674926,0.71580444148374633]
["2029-08-31",125,1431608.8829674926,19300.432901480159,11930.074024729105,7370.3588767510537,1424238.5240907415,0.71211926204537079]
["2029-09-30",126,1424238.5240907415,19300.432901480159,11868.654367422847,7431.7785340573118,1416806.7455566842,0.70840337277834209]
["2029-10-31",127,1416806.7455566842,19300.432901480159,11806.722879639035,7493.7100218411233,1409313.0355348431,0.70465651776742155]
["2029-11-30",128,1409313.0355348431,19300.432901480159,11744.275296123693,7556.1576053564659,1401756.8779294866,0.70087843896474333]
["2029-12-31",129,1401756.8779294866,19300.432901480159,{"$f":"C137*$D$4/12","v":11681.307316079054},{"$f":"D137-E137","v":7619.1255854011051},{"$f":"C137-F137","v":1394137.7523440854},{"$f":"G137/$D$3","v":0.69706887617204272}]
[{"$f":"DATE(YEAR(A137),MONTH(A137)+2,1-1)","v":"2030-01-31"},130,{"$f":"IF(ROUND(G137,0)>0,G137,0)","v":1394137.7523440854},{"$f":"IF($D$5+1-B138=0,0,D137)","v":19300.432901480159},11617.814602867378,7682.6182986127806,1386455.1340454726,0.69322756702273625]
["2030-02-28",131,1386455.1340454726,19300.432901480159,11553.792783712272,7746.6401177678872,1378708.4939277046,0.68935424696385228]
["2030-03-31",132,1378708.4939277046,19300.432901480159,11489.237449397539,7811.1954520826202,1370897.298475622,0.68544864923781101]
["2030-04-30",133,1370897.298475622,19300.432901480159,11424.144153963518,7876.2887475166408,1363021.0097281053,0.68151050486405262]
["2030-05-31",134,1363021.0097281053,19300.432901480159,11358.508414400878,7941.9244870792809,1355079.085241026,0.67753954262051297]
["2030-06-30",135,1355079.085241026,19300.432901480159,11292.325710341885,8008.1071911382733,1347070.9780498878,0.67353548902494387]
["2030-07-31",136,1347070.9780498878,19300.432901480159,11225.591483749065,8074.8414177310933,1338996.1366321568,0.66949806831607839]
["2030-08-31",137,1338996.1366321568,19300.432901480159,11158.301138601308,8142.1317628788511,1330854.0048692781,0.66542700243463904]
["2030-09-30",138,1330854.0048692781,19300.432901480159,11090.450040577316,8209.9828609028427,1322644.0220083753,0.66132201100418764]
["2030-10-31",139,1322644.0220083753,19300.432901480159,11022.033516736461,8278.3993847436977,1314365.6226236315,0.65718281131181577]
["2030-11-30",140,1314365.6226236315,19300.432901480159,10953.04685519693,8347.386046283229,1306018.2365773483,0.65300911828867414]
["2030-12-31",141,1306018.2365773483,19300.432901480159,10883.485304811236,8416.9475966689224,1297601.2889806794,0.6488006444903397]
["2031-01-31",142,1297601.2889806794,19300.432901480159,10813.344074838995,8487.0888266411639,1289114.2001540381,0.64455710007701905]
["2031-02-28",143,1289114.2001540381,19300.432901480159,10742.618334616986,8557.8145668631732,1280556.3855871749,0.64027819279358744]
["2031-03-31",144,1280556.3855871749,19300.432901480159,10671.303213226458,8629.1296882537008,1271927.2558989213,0.6359636279494606]
["2031-04-30",145,1271927.2558989213,19300.432901480159,10599.393799157677,8701.039102322482,1263226.2167965989,0.63161310839829943]
["2031-05-31",146,1263226.2167965989,19300.432901480159,10526.885139971657,8773.5477615085019,1254452.6690350904,0.62722633451754517]
["2031-06-30",147,1254452.6690350904,19300.432901480159,10453.772241959086,8846.6606595210724,1245606.0083755692,0.62280300418778467]
["2031-07-31",148,1245606.0083755692,19300.432901480159,10380.050069796411,8920.382831683748,1236685.6255438854,0.6183428127719427]
["2031-08-31",149,1236685.6255438854,19300.432901480159,10305.713546199046,8994.7193552811132,1227690.9061886042,0.61384545309430205]
["2031-09-30",150,1227690.9061886042,19300.432901480159,10230.757551571702,9069.6753499084571,1218621.2308386958,0.60931061541934783]
["2031-10-31",151,1218621.2308386958,19300.432901480159,10155.176923655798,9145.2559778243613,1209475.9748608714,0.60473798743043572]
["2031-11-30",152,1209475.9748608714,19300.432901480159,10078.966457173929,9221.4664443062302,1200254.5084165651,0.60012725420828261]
["2031-12-31",153,1200254.5084165651,19300.432901480159,10002.120903471377,9298.3119980087813,1190956.1964185564,0.59547809820927822]
["2032-01-31",154,1190956.1964185564,19300.432901480159,9924.6349701546369,9375.7979313255219,1181580.3984872308,0.59079019924361542]
["2032-02-29",155,1181580.3984872308,19300.432901480159,9846.5033207269244,9453.9295807532344,1172126.4689064776,0.58606323445323882]
["2032-03-31",156,1172126.4689064776,19300.432901480159,9767.7205742206479,9532.7123272595109,1162593.756579218,0.58129687828960896]
["2032-04-30",157,1162593.756579218,19300.432901480159,9688.2813048268163,9612.1515966533425,1152981.6049825647,0.57649080249128237]
["2032-05-31",158,1152981.6049825647,19300.432901480159,9608.1800415213729,9692.2528599587858,1143289.352122606,0.57164467606130298]
["2032-06-30",159,1143289.352122606,19300.432901480159,9527.4112676883833,9773.0216337917755,1133516.3304888143,0.56675816524440714]
["2032-07-31",160,1133516.3304888143,19300.432901480159,9445.9694207401189,9854.4634807400398,1123661.8670080742,0.56183093350403712]
["2032-08-31",161,1123661.8670080742,19300.432901480159,9363.8488917339509,9936.5840097462078,1113725.2829983279,0.55686264149916398]
["2032-09-30",162,1113725.2829983279,19300.432901480159,9281.0440249860658,10019.388876494093,1103705.8941218338,0.55185294706091692]
["2032-10-31",163,1103705.8941218338,19300.432901480159,9197.5491176819487,10102.88378379821,1093603.0103380356,0.54680150516901782]
["2032-11-30",164,1093603.0103380356,19300.432901480159,9113.3584194836312,10187.074481996528,1083415.9358560392,0.54170796792801956]
["2032-12-31",165,1083415.9358560392,19300.432901480159,9028.4661321336607,10271.966769346498,1073143.9690866927,0.53657198454334631]
["2033-01-31",166,1073143.9690866927,19300.432901480159,8942.8664090557722,10357.566492424387,1062786.4025942683,0.53139320129713419]
["2033-02-28",167,1062786.4025942683,19300.432901480159,8856.553354952237,10443.879546527922,1052342.5230477403,0.52617126152387017]
["2033-03-31",168,1052342.5230477403,19300.432901480159,8769.5210253978366,10530.911876082322,1041811.611171658,0.520905805585829]
["2033-04-30",169,1041811.611171658,19300.432901480159,8681.7634264304852,10618.669475049674,1031192.9416966083,0.51559647084830418]
["2033-05-31",170,1031192.9416966083,19300.432901480159,8593.2745141384021,10707.158387341757,1020485.7833092666,0.51024289165463332]
["2033-06-30",171,1020485.7833092666,19300.432901480159,8504.0481942438873,10796.384707236271,1009689.3986020302,0.50484469930101517]
["2033-07-31",172,1009689.3986020302,19300.432901480159,8414.0783216835862,10886.354579796573,998803.04402223369,0.49940152201111687]
["2033-08-31",173,998803.04402223369,19300.432901480159,8323.3587001852811,10977.074201294878,987825.96982093877,0.49391298491046937]
["2033-09-30",174,987825.96982093877,19300.432901480159,8231.883081841157,11068.549819639002,976757.42000129982,0.48837871000064992]
["2033-10-31",175,976757.42000129982,19300.432901480159,8139.6451666774992,11160.78773480266,965596.63226649712,0.48279831613324858]
["2033-11-30",176,965596.63226649712,19300.432901480159,8046.6386022208098,11253.794299259349,954342.83796723781,0.47717141898361892]
["2033-12-31",177,954342.83796723781,19300.432901480159,7952.8569830603155,11347.575918419843,942995.26204881794,0.47149763102440895]
["2034-01-31",178,942995.26204881794,19300.432901480159,7858.2938504068161,11442.139051073344,931553.12299774459,0.46577656149887231]
["2034-02-28",179,931553.12299774459,19300.432901480159,7762.9426916478724,11537.490209832285,920015.63278791227,0.46000781639395616]
["2034-03-31",180,920015.63278791227,19300.432901480159,7666.7969398992691,11633.635961580891,908381.99682633136,0.45419099841316568]
["2034-04-30",181,908381.99682633136,19300.432901480159,7569.8499735527621,11730.582927927397,896651.41389840399,0.44832570694920199]
["2034-05-31",182,896651.41389840399,19300.432901480159,7472.0951158200332,11828.337785660126,884823.07611274382,0.4424115380563719]
["2034-06-30",183,884823.07611274382,19300.432901480159,7373.5256342728653,11926.907267207294,872896.16884553654,0.43644808442276828]
["2034-07-31",184,872896.16884553654,19300.432901480159,7274.1347403794716,12026.298161100687,860869.87068443582,0.43043493534221794]
["2034-08-31",185,860869.87068443582,19300.432901480159,7173.9155890369657,12126.517312443193,848743.35337199259,0.42437167668599629]
["2034-09-30",186,848743.35337199259,19300.432901480159,7072.8612780999392,12227.57162338022,836515.78174861241,0.4182578908743062]
["2034-10-31",187,836515.78174861241,19300.432901480159,6970.9648479051039,12329.468053575056,824186.31369503739,0.41209315684751868]
["2034-11-30",188,824186.31369503739,19300.432901480159,6868.2192807919782,12432.213620688181,811754.1000743492,0.40587705003717461]
["2034-12-31",189,811754.1000743492,19300.432901480159,6764.6175006195772,12535.815400860582,799218.28467348858,0.39960914233674427]
["2035-01-31",190,799218.28467348858,19300.432901480159,6660.1523722790726,12640.280529201085,786578.00414428755,0.39328900207214379]
["2035-02-28",191,786578.00414428755,19300.432901480159,6554.816701202396,12745.616200277764,773832.38794400974,0.38691619397200488]
["2035-03-31",192,773832.38794400974,19300.432901480159,6448.6032328667488,12851.829668613409,760980.55827539635,0.38049027913769817]
["2035-04-30",193,760980.55827539635,19300.432901480159,{"$f":"C201*$D$4/12","v":6341.5046522949697},{"$f":"D201-E201","v":12958.928249185188},{"$f":"C201-F201","v":748021.63002621115},{"$f":"G201/$D$3","v":0.37401081501310557}]
[{"$f":"DATE(YEAR(A201),MONTH(A201)+2,1-1)","v":"2035-05-31"},194,{"$f":"IF(ROUND(G201,0)>0,G201,0)","v":748021.63002621115},{"$f":"IF($D$5+1-B202=0,0,D201)","v":19300.432901480159},6233.5135835517603,13066.919317928398,734954.71070828277,0.36747735535414139]
["2035-06-30",195,734954.71070828277,19300.432901480159,6124.6225892356897,13175.81031224447,721778.90039603831,0.36088945019801916]
["2035-07-31",196,721778.90039603831,19300.432901480159,6014.8241699669861,13285.608731513174,708493.29166452517,0.35424664583226256]
["2035-08-31",197,708493.29166452517,19300.432901480159,5904.1107638710428,13396.322137609117,695096.96952691604,0.34754848476345801]
["2035-09-30",198,695096.96952691604,19300.432901480159,5792.4747460576336,13507.958155422526,681589.01137149357,0.34079450568574676]
["2035-10-31",199,681589.01137149357,19300.432901480159,5679.9084280957795,13620.524473384379,667968.4868981092,0.33398424344905459]
["2035-11-30",200,667968.4868981092,19300.432901480159,5566.4040574842438,13734.028843995915,654234.45805411332,0.32711722902705664]
["2035-12-31",201,654234.45805411332,19300.432901480159,5451.9538171176109,13848.479084362549,640385.97896975081,0.3201929894848754]
["2036-01-31",202,640385.97896975081,19300.432901480159,5336.5498247479236,13963.883076732236,626422.09589301853,0.31321104794650928]
["2036-02-29",203,626422.09589301853,19300.432901480159,5220.184132441821,14080.248769038339,612341.84712398017,0.3061709235619901]
["2036-03-31",204,612341.84712398017,19300.432901480159,5102.8487260331685,14197.584175446991,598144.26294853317,0.29907213147426659]
["2036-04-30",205,598144.26294853317,19300.432901480159,4984.5355245711098,14315.897376909048,583828.36557162413,0.29191418278581205]
["2036-05-31",206,583828.36557162413,19300.432901480159,4865.2363797635344,14435.196521716625,569393.16904990748,0.28469658452495372]
["2036-06-30",207,569393.16904990748,19300.432901480159,4744.9430754158957,14555.489826064262,554837.67922384327,0.27741883961192165]
["2036-07-31",208,554837.67922384327,19300.432901480159,4623.6473268653608,14676.785574614798,540160.8936492285,0.27008044682461424]
["2036-08-31",209,540160.8936492285,19300.432901480159,4501.340780410238,14799.09212106992,525361.8015281586,0.26268090076407929]
["2036-09-30",210,525361.8015281586,19300.432901480159,4378.0150127346551,14922.417888745504,510439.38363941311,0.25521969181970655]
["2036-10-31",211,510439.38363941311,19300.432901480159,4253.6615303284425,15046.771371151717,495392.61226826138,0.24769630613413068]
["2036-11-30",212,495392.61226826138,19300.432901480159,4128.2717689021783,15172.161132577981,480220.4511356834,0.2401102255678417]
["2036-12-31",213,480220.4511356834,19300.432901480159,4001.8370927973615,15298.595808682798,464921.85532700061,0.23246092766350029]
["2037-01-31",214,464921.85532700061,19300.432901480159,3874.3487943916721,15426.084107088487,449495.7712199121,0.22474788560995604]
["2037-02-28",215,449495.7712199121,19300.432901480159,3745.7980934992679,15554.63480798089,433941.13641193119,0.21697056820596561]
["2037-03-31",216,433941.13641193119,19300.432901480159,3616.1761367660934,15684.256764714066,418256.87964721711,0.20912843982360854]
["2037-04-30",217,418256.87964721711,19300.432901480159,3485.4739970601427,15814.958904420017,402441.92074279708,0.20122096037139856]
["2037-05-31",218,402441.92074279708,19300.432901480159,3353.6826728566425,15946.750228623516,386495.17051417357,0.1932475852570868]
["2037-06-30",219,386495.17051417357,19300.432901480159,3220.7930876181131,16079.639813862046,370415.53070031153,0.18520776535015576]
["2037-07-31",220,370415.53070031153,19300.432901480159,3086.7960891692633,16213.636812310895,354201.89388800063,0.1771009469440003]
["2037-08-31",221,354201.89388800063,19300.432901480159,2951.6824490666718,16348.750452413487,337853.14343558712,0.16892657171779357]
["2037-09-30",222,337853.14343558712,19300.432901480159,2815.4428619632258,16484.990039516932,321368.15339607018,0.16068407669803508]
["2037-10-31",223,321368.15339607018,19300.432901480159,2678.0679449672516,16622.364956512909,304745.78843955725,0.15237289421977862]
["2037-11-30",224,304745.78843955725,19300.432901480159,2539.5482369963106,16760.884664483849,287984.90377507341,0.1439924518875367]
["2037-12-31",225,287984.90377507341,19300.432901480159,2399.8741981256121,16900.558703354545,271084.34507171885,0.13554217253585943]
["2038-01-31",226,271084.34507171885,19300.432901480159,2259.0362089309906,17041.39669254917,254042.94837916968,0.12702147418958484]
["2038-02-28",227,254042.94837916968,19300.432901480159,2117.0245698264139,17183.408331653744,236859.54004751594,0.11842977002375797]
["2038-03-31",228,236859.54004751594,19300.432901480159,1973.8295003959663,17326.603401084194,219532.93664643174,0.10976646832321588]
["2038-04-30",229,219532.93664643174,19300.432901480159,1829.4411387202647,17470.991762759895,202061.94488367185,0.10103097244183593]
["2038-05-31",230,202061.94488367185,19300.432901480159,1683.8495406972654,17616.583360782894,184445.36152288897,9.2222680761444478E-2]
["2038-06-30",231,184445.36152288897,19300.432901480159,1537.0446793574081,17763.38822212275,166681.97330076623,8.3340986650383114E-2]
["2038-07-31",232,166681.97330076623,19300.432901480159,1389.0164441730519,17911.416457307107,148770.55684345911,7.4385278421729553E-2]
["2038-08-31",233,148770.55684345911,19300.432901480159,1239.7546403621593,18060.678261117999,130709.87858234112,6.5354939291170561E-2]
["2038-09-30",234,130709.87858234112,19300.432901480159,1089.2489881861759,18211.183913293982,112498.69466904714,5.6249347334523567E-2]
["2038-10-31",235,112498.69466904714,19300.432901480159,937.48912224205958,18362.9437792381,94135.750889809045,4.7067875444904525E-2]
["2038-11-30",236,94135.750889809045,19300.432901480159,784.46459074840868,18515.968310731751,75619.782579077291,3.7809891289538648E-2]
["2038-12-31",237,75619.782579077291,19300.432901480159,630.16485482564406,18670.268046654513,56949.514532422778,2.847475726621139E-2]
["2039-01-31",238,56949.514532422778,19300.432901480159,474.57928777018986,18825.853613709969,38123.660918712805,1.9061830459356402E-2]
["2039-02-28",239,38123.660918712805,19300.432901480159,317.69717432260671,18982.735727157553,19140.925191555252,9.570462595777627E-3]
["2039-03-31",240,19140.925191555252,19300.432901480159,159.50770992962711,19140.92519155053,4.7220964916050434E-9,2.3610482458025215E-15]
["2039-04-30",241,0,0,0,0,0,0]
["2039-05-31",242,0,0,0,0,0,0]
["2039-06-30",243,0,0,0,0,0,0]
["2039-07-31",244,0,0,0,0,0,0]
["2039-08-31",245,0,0,0,0,0,0]
["2039-09-30",246,0,0,0,0,0,0]
["2039-10-31",247,0,0,0,0,0,0]
["2039-11-30",248,0,0,0,0,0,0]
["2039-12-31",249,0,0,0,0,0,0]
["2040-01-31",250,0,0,0,0,0,0]
["2040-02-29",251,0,0,0,0,0,0]
["2040-03-31",252,0,0,0,0,0,0]
["2040-04-30",253,0,0,0,0,0,0]
["2040-05-31",254,0,0,0,0,0,0]
["2040-06-30",255,0,0,0,0,0,0]
["2040-07-31",256,0,0,0,0,0,0]
["2040-08-31",257,0,0,{"$f":"C265*$D$4/12","v":0},{"$f":"D265-E265","v":0},{"$f":"C265-F265","v":0},{"$f":"G265/$D$3","v":0}]
[{"$f":"DATE(YEAR(A265),MONTH(A265)+2,1-1)","v":"2040-09-30"},258,{"$f":"IF(ROUND(G265,0)>0,G265,0)","v":0},{"$f":"IF($D$5+1-B266=0,0,D265)","v":0},0,0,0,0]
["2040-10-31",259,0,0,0,0,0,0]
["2040-11-30",260,0,0,0,0,0,0]
["2040-12-31",261,0,0,0,0,0,0]
["2041-01-31",262,0,0,0,0,0,0]
["2041-02-28",263,0,0,0,0,0,0]
["2041-03-31",264,0,0,0,0,0,0]
["2041-04-30",265,0,0,0,0,0,0]
["2041-05-31",266,0,0,0,0,0,0]
["2041-06-30",267,0,0,0,0,0,0]
["2041-07-31",268,0,0,0,0,0,0]
["2041-08-31",269,0,0,0,0,0,0]
["2041-09-30",270,0,0,0,0,0,0]
["2041-10-31",271,0,0,0,0,0,0]
["2041-11-30",272,0,0,0,0,0,0]
["2041-12-31",273,0,0,0,0,0,0]
["2042-01-31",274,0,0,0,0,0,0]
["2042-02-28",275,0,0,0,0,0,0]
["2042-03-31",276,0,0,0,0,0,0]
["2042-04-30",277,0,0,0,0,0,0]
["2042-05-31",278,0,0,0,0,0,0]
["2042-06-30",279,0,0,0,0,0,0]
["2042-07-31",280,0,0,0,0,0,0]
["2042-08-31",281,0,0,0,0,0,0]
["2042-09-30",282,0,0,0,0,0,0]
["2042-10-31",283,0,0,0,0,0,0]
["2042-11-30",284,0,0,0,0,0,0]
["2042-12-31",285,0,0,0,0,0,0]
["2043-01-31",286,0,0,0,0,0,0]
["2043-02-28",287,0,0,0,0,0,0]
["2043-03-31",288,0,0,0,0,0,0]
["2043-04-30",289,0,0,0,0,0,0]
["2043-05-31",290,0,0,0,0,0,0]
["2043-06-30",291,0,0,0,0,0,0]
["2043-07-31",292,0,0,0,0,0,0]
["2043-08-31",293,0,0,0,0,0,0]
["2043-09-30",294,0,0,0,0,0,0]
["2043-10-31",295,0,0,0,0,0,0]
["2043-11-30",296,0,0,0,0,0,0]
["2043-12-31",297,0,0,0,0,0,0]
["2044-01-31",298,0,0,0,0,0,0]
["2044-02-29",299,0,0,0,0,0,0]
["2044-03-31",300,0,0,0,0,0,0]
["2044-04-30",301,0,0,0,0,0,0]
["2044-05-31",302,0,0,0,0,0,0]
["2044-06-30",303,0,0,0,0,0,0]
["2044-07-31",304,0,0,0,0,0,0]
["2044-08-31",305,0,0,0,0,0,0]
["2044-09-30",306,0,0,0,0,0,0]
["2044-10-31",307,0,0,0,0,0,0]
["2044-11-30",308,0,0,0,0,0,0]
["2044-12-31",309,0,0,0,0,0,0]
["2045-01-31",310,0,0,0,0,0,0]
["2045-02-28",311,0,0,0,0,0,0]
["2045-03-31",312,0,0,0,0,0,0]
["2045-04-30",313,0,0,0,0,0,0]
["2045-05-31",314,0,0,0,0,0,0]
["2045-06-30",315,0,0,0,0,0,0]
["2045-07-31",316,0,0,0,0,0,0]
["2045-08-31",317,0,0,0,0,0,0]
["2045-09-30",318,0,0,0,0,0,0]
["2045-10-31",319,0,0,0,0,0,0]
["2045-11-30",320,0,0,0,0,0,0]
["2045-12-31",321,0,0,{"$f":"C329*$D$4/12","v":0},{"$f":"D329-E329","v":0},{"$f":"C329-F329","v":0},{"$f":"G329/$D$3","v":0}]
[{"$f":"DATE(YEAR(A329),MONTH(A329)+2,1-1)","v":"2046-01-31"},322,{"$f":"IF(ROUND(G329,0)>0,G329,0)","v":0},{"$f":"IF($D$5+1-B330=0,0,D329)","v":0},0,0,0,0]
["2046-02-28",323,0,0,0,0,0,0]
["2046-03-31",324,0,0,0,0,0,0]
["2046-04-30",325,0,0,0,0,0,0]
["2046-05-31",326,0,0,0,0,0,0]
["2046-06-30",327,0,0,0,0,0,0]
["2046-07-31",328,0,0,0,0,0,0]
["2046-08-31",329,0,0,0,0,0,0]
["2046-09-30",330,0,0,0,0,0,0]
["2046-10-31",331,0,0,0,0,0,0]
["2046-11-30",332,0,0,0,0,0,0]
["2046-12-31",333,0,0,0,0,0,0]
["2047-01-31",334,0,0,0,0,0,0]
["2047-02-28",335,0,0,0,0,0,0]
["2047-03-31",336,0,0,0,0,0,0]
["2047-04-30",337,0,0,0,0,0,0]
["2047-05-31",338,0,0,0,0,0,0]
["2047-06-30",339,0,0,0,0,0,0]
["2047-07-31",340,0,0,0,0,0,0]
["2047-08-31",341,0,0,0,0,0,0]
["2047-09-30",342,0,0,0,0,0,0]
["2047-10-31",343,0,0,0,0,0,0]
["2047-11-30",344,0,0,0,0,0,0]
["2047-12-31",345,0,0,0,0,0,0]
["2048-01-31",346,0,0,0,0,0,0]
["2048-02-29",347,0,0,0,0,0,0]
["2048-03-31",348,0,0,0,0,0,0]
["2048-04-30",349,0,0,0,0,0,0]
["2048-05-31",350,0,0,0,0,0,0]
["2048-06-30",351,0,0,0,0,0,0]
["2048-07-31",352,0,0,0,0,0,0]
["2048-08-31",353,0,0,0,0,0,0]
["2048-09-30",354,0,0,0,0,0,0]
["2048-10-31",355,0,0,0,0,0,0]
["2048-11-30",356,0,0,0,0,0,0]
["2048-12-31",357,0,0,0,0,0,0]
["2049-01-31",358,0,0,0,0,0,0]
["2049-02-28",359,0,0,0,0,0,0]
["2049-03-31",360,0,0,0,0,0,0]
[null,null,null,{"$f":"SUM(D9:D368)","v":4632103.8963552509},{"$f":"SUM(E9:E368)","v":2632103.8963552429},{"$f":"SUM(F9:F368)","v":1999999.9999999951}]

{"sheet":"ForecastPmt","index":8,"n_rows":366,"n_cols":3,"rows_kept":366,"cut":false,"hidden":true,"merged":[[2,0,2,1]]}
["Loan Repayment Forecast | Ad Hoc Loan Repayments"]
[]
["Review Date",null,{"$f":"Review!$B$3","v":"2020-12-31"}]
["© www.excel-skills.com"]
["Month","Repayment Number","Ad Hoc Repayment"]
[{"$f":"Summary!$A$4","v":"2019-04-30"},1,0]
[{"$f":"DATE(YEAR(A6),MONTH(A6)+2,1-1)","v":"2019-05-31"},2,0]
["2019-06-30",3,0]
["2019-07-31",4,0]
["2019-08-31",5,0]
["2019-09-30",6,0]
["2019-10-31",7,0]
["2019-11-30",8,0]
["2019-12-31",9,0]
["2020-01-31",10,0]
["2020-02-29",11,0]
["2020-03-31",12,0]
["2020-04-30",13,0]
["2020-05-31",14,0]
["2020-06-30",15,0]
["2020-07-31",16,0]
["2020-08-31",17,0]
["2020-09-30",18,0]
["2020-10-31",19,0]
["2020-11-30",20,0]
["2020-12-31",21,0]
["2021-01-31",22,0]
["2021-02-28",23,0]
["2021-03-31",24,0]
["2021-04-30",25,0]
["2021-05-31",26,0]
["2021-06-30",27,0]
["2021-07-31",28,0]
["2021-08-31",29,0]
["2021-09-30",30,0]
["2021-10-31",31,0]
["2021-11-30",32,0]
["2021-12-31",33,0]
["2022-01-31",34,0]
["2022-02-28",35,0]
["2022-03-31",36,0]
["2022-04-30",37,0]
["2022-05-31",38,0]
["2022-06-30",39,0]
["2022-07-31",40,0]
["2022-08-31",41,0]
["2022-09-30",42,0]
["2022-10-31",43,0]
["2022-11-30",44,0]
["2022-12-31",45,0]
["2023-01-31",46,0]
["2023-02-28",47,0]
["2023-03-31",48,0]
["2023-04-30",49,0]
["2023-05-31",50,0]
["2023-06-30",51,0]
["2023-07-31",52,0]
["2023-08-31",53,0]
["2023-09-30",54,0]
["2023-10-31",55,0]
["2023-11-30",56,0]
["2023-12-31",57,0]
["2024-01-31",58,0]
["2024-02-29",59,0]
["2024-03-31",60,0]
["2024-04-30",61,0]
["2024-05-31",62,0]
["2024-06-30",63,0]
["2024-07-31",64,0]
["2024-08-31",65,0]
[{"$f":"DATE(YEAR(A70),MONTH(A70)+2,1-1)","v":"2024-09-30"},66,0]
["2024-10-31",67,0]
["2024-11-30",68,0]
["2024-12-31",69,0]
["2025-01-31",70,0]
["2025-02-28",71,0]
["2025-03-31",72,0]
["2025-04-30",73,0]
["2025-05-31",74,0]
["2025-06-30",75,0]
["2025-07-31",76,0]
["2025-08-31",77,0]
["2025-09-30",78,0]
["2025-10-31",79,0]
["2025-11-30",80,0]
["2025-12-31",81,0]
["2026-01-31",82,0]
["2026-02-28",83,0]
["2026-03-31",84,0]
["2026-04-30",85,0]
["2026-05-31",86,0]
["2026-06-30",87,0]
["2026-07-31",88,0]
["2026-08-31",89,0]
["2026-09-30",90,0]
["2026-10-31",91,0]
["2026-11-30",92,0]
["2026-12-31",93,0]
["2027-01-31",94,0]
["2027-02-28",95,0]
["2027-03-31",96,0]
["2027-04-30",97,0]
["2027-05-31",98,0]
["2027-06-30",99,0]
["2027-07-31",100,0]
["2027-08-31",101,0]
["2027-09-30",102,0]
["2027-10-31",103,0]
["2027-11-30",104,0]
["2027-12-31",105,0]
["2028-01-31",106,0]
["2028-02-29",107,0]
["2028-03-31",108,0]
["2028-04-30",109,0]
["2028-05-31",110,0]
["2028-06-30",111,0]
["2028-07-31",112,0]
["2028-08-31",113,0]
["2028-09-30",114,0]
["2028-10-31",115,0]
["2028-11-30",116,0]
["2028-12-31",117,0]
["2029-01-31",118,0]
["2029-02-28",119,0]
["2029-03-31",120,0]
["2029-04-30",121,0]
["2029-05-31",122,0]
["2029-06-30",123,0]
["2029-07-31",124,0]
["2029-08-31",125,0]
["2029-09-30",126,0]
["2029-10-31",127,0]
["2029-11-30",128,0]
["2029-12-31",129,0]
[{"$f":"DATE(YEAR(A134),MONTH(A134)+2,1-1)","v":"2030-01-31"},130,0]
["2030-02-28",131,0]
["2030-03-31",132,0]
["2030-04-30",133,0]
["2030-05-31",134,0]
["2030-06-30",135,0]
["2030-07-31",136,0]
["2030-08-31",137,0]
["2030-09-30",138,0]
["2030-10-31",139,0]
["2030-11-30",140,0]
["2030-12-31",141,0]
["2031-01-31",142,0]
["2031-02-28",143,0]
["2031-03-31",144,0]
["2031-04-30",145,0]
["2031-05-31",146,0]
["2031-06-30",147,0]
["2031-07-31",148,0]
["2031-08-31",149,0]
["2031-09-30",150,0]
["2031-10-31",151,0]
["2031-11-30",152,0]
["2031-12-31",153,0]
["2032-01-31",154,0]
["2032-02-29",155,0]
["2032-03-31",156,0]
["2032-04-30",157,0]
["2032-05-31",158,0]
["2032-06-30",159,0]
["2032-07-31",160,0]
["2032-08-31",161,0]
["2032-09-30",162,0]
["2032-10-31",163,0]
["2032-11-30",164,0]
["2032-12-31",165,0]
["2033-01-31",166,0]
["2033-02-28",167,0]
["2033-03-31",168,0]
["2033-04-30",169,0]
["2033-05-31",170,0]
["2033-06-30",171,0]
["2033-07-31",172,0]
["2033-08-31",173,0]
["2033-09-30",174,0]
["2033-10-31",175,0]
["2033-11-30",176,0]
["2033-12-31",177,0]
["2034-01-31",178,0]
["2034-02-28",179,0]
["2034-03-31",180,0]
["2034-04-30",181,0]
["2034-05-31",182,0]
["2034-06-30",183,0]
["2034-07-31",184,0]
["2034-08-31",185,0]
["2034-09-30",186,0]
["2034-10-31",187,0]
["2034-11-30",188,0]
["2034-12-31",189,0]
["2035-01-31",190,0]
["2035-02-28",191,0]
["2035-03-31",192,0]
["2035-04-30",193,0]
[{"$f":"DATE(YEAR(A198),MONTH(A198)+2,1-1)","v":"2035-05-31"},194,0]
["2035-06-30",195,0]
["2035-07-31",196,0]
["2035-08-31",197,0]
["2035-09-30",198,0]
["2035-10-31",199,0]
["2035-11-30",200,0]
["2035-12-31",201,0]
["2036-01-31",202,0]
["2036-02-29",203,0]
["2036-03-31",204,0]
["2036-04-30",205,0]
["2036-05-31",206,0]
["2036-06-30",207,0]
["2036-07-31",208,0]
["2036-08-31",209,0]
["2036-09-30",210,0]
["2036-10-31",211,0]
["2036-11-30",212,0]
["2036-12-31",213,0]
["2037-01-31",214,0]
["2037-02-28",215,0]
["2037-03-31",216,0]
["2037-04-30",217,0]
["2037-05-31",218,0]
["2037-06-30",219,0]
["2037-07-31",220,0]
["2037-08-31",221,0]
["2037-09-30",222,0]
["2037-10-31",223,0]
["2037-11-30",224,0]
["2037-12-31",225,0]
["2038-01-31",226,0]
["2038-02-28",227,0]
["2038-03-31",228,0]
["2038-04-30",229,0]
["2038-05-31",230,0]
["2038-06-30",231,0]
["2038-07-31",232,0]
["2038-08-31",233,0]
["2038-09-30",234,0]
["2038-10-31",235,0]
["2038-11-30",236,0]
["2038-12-31",237,0]
["2039-01-31",238,0]
["2039-02-28",239,0]
["2039-03-31",240,0]
["2039-04-30",241,0]
["2039-05-31",242,0]
["2039-06-30",243,0]
["2039-07-31",244,0]
["2039-08-31",245,0]
["2039-09-30",246,0]
["2039-10-31",247,0]
["2039-11-30",248,0]
["2039-12-31",249,0]
["2040-01-31",250,0]
["2040-02-29",251,0]
["2040-03-31",252,0]
["2040-04-30",253,0]
["2040-05-31",254,0]
["2040-06-30",255,0]
["2040-07-31",256,0]
["2040-08-31",257,0]
[{"$f":"DATE(YEAR(A262),MONTH(A262)+2,1-1)","v":"2040-09-30"},258,0]
["2040-10-31",259,0]
["2040-11-30",260,0]
["2040-12-31",261,0]
["2041-01-31",262,0]
["2041-02-28",263,0]
["2041-03-31",264,0]
["2041-04-30",265,0]
["2041-05-31",266,0]
["2041-06-30",267,0]
["2041-07-31",268,0]
["2041-08-31",269,0]
["2041-09-30",270,0]
["2041-10-31",271,0]
["2041-11-30",272,0]
["2041-12-31",273,0]
["2042-01-31",274,0]
["2042-02-28",275,0]
["2042-03-31",276,0]
["2042-04-30",277,0]
["2042-05-31",278,0]
["2042-06-30",279,0]
["2042-07-31",280,0]
["2042-08-31",281,0]
["2042-09-30",282,0]
["2042-10-31",283,0]
["2042-11-30",284,0]
["2042-12-31",285,0]
["2043-01-31",286,0]
["2043-02-28",287,0]
["2043-03-31",288,0]
["2043-04-30",289,0]
["2043-05-31",290,0]
["2043-06-30",291,0]
["2043-07-31",292,0]
["2043-08-31",293,0]
["2043-09-30",294,0]
["2043-10-31",295,0]
["2043-11-30",296,0]
["2043-12-31",297,0]
["2044-01-31",298,0]
["2044-02-29",299,0]
["2044-03-31",300,0]
["2044-04-30",301,0]
["2044-05-31",302,0]
["2044-06-30",303,0]
["2044-07-31",304,0]
["2044-08-31",305,0]
["2044-09-30",306,0]
["2044-10-31",307,0]
["2044-11-30",308,0]
["2044-12-31",309,0]
["2045-01-31",310,0]
["2045-02-28",311,0]
["2045-03-31",312,0]
["2045-04-30",313,0]
["2045-05-31",314,0]
["2045-06-30",315,0]
["2045-07-31",316,0]
["2045-08-31",317,0]
["2045-09-30",318,0]
["2045-10-31",319,0]
["2045-11-30",320,0]
["2045-12-31",321,0]
[{"$f":"DATE(YEAR(A326),MONTH(A326)+2,1-1)","v":"2046-01-31"},322,0]
["2046-02-28",323,0]
["2046-03-31",324,0]
["2046-04-30",325,0]
["2046-05-31",326,0]
["2046-06-30",327,0]
["2046-07-31",328,0]
["2046-08-31",329,0]
["2046-09-30",330,0]
["2046-10-31",331,0]
["2046-11-30",332,0]
["2046-12-31",333,0]
["2047-01-31",334,0]
["2047-02-28",335,0]
["2047-03-31",336,0]
["2047-04-30",337,0]
["2047-05-31",338,0]
["2047-06-30",339,0]
["2047-07-31",340,0]
["2047-08-31",341,0]
["2047-09-30",342,0]
["2047-10-31",343,0]
["2047-11-30",344,0]
["2047-12-31",345,0]
["2048-01-31",346,0]
["2048-02-29",347,0]
["2048-03-31",348,0]
["2048-04-30",349,0]
["2048-05-31",350,0]
["2048-06-30",351,0]
["2048-07-31",352,0]
["2048-08-31",353,0]
["2048-09-30",354,0]
["2048-10-31",355,0]
["2048-11-30",356,0]
["2048-12-31",357,0]
["2049-01-31",358,0]
["2049-02-28",359,0]
["2049-03-31",360,0]
[null,null,{"$f":"SUM(C6:C365)","v":0}]

{"sheet":"ForecastAmort","index":9,"n_rows":369,"n_cols":16,"rows_kept":369,"cut":false,"hidden":true,"merged":[[6,10,6,15],[5,0,5,1],[2,0,2,1],[3,0,3,1],[4,0,4,1]]}
["Loan Repayment Forecast | Amortization Table"]
[]
["Outstanding Loan Balance",null,{"$f":"Review!C20","v":1941680.4538003374}]
["Statement Interest Rate",null,{"$f":"VLOOKUP($C$6,StatementRange,8,1)","v":0.10249999999999999}]
["Remaining Loan Repayments",null,{"$f":"Review!B7","v":219}]
["Review Date",null,{"$f":"Review!B3","v":44196}]
["© www.excel-skills.com",null,null,null,null,null,null,null,null,null,"Standard Amortization"]
["Month","Repayment Number","Opening Balance","Ad Hoc Repayment","Loan Repayment","Interest","Capital","Closing Balance","% \nOutstanding",null,"Opening Balance","Loan Repayment","Interest","Capital","Closing Balance","% \nOutstanding"]
[{"$f":"DATE(YEAR(C6),MONTH(C6)+2,1-1)","v":"2021-01-31"},1,{"$f":"$C$3","v":1941680.4538003374},{"$f":"IF(ISNA(VLOOKUP($A9,ForecastPmt!$A$6:$C$365,3,0))=TRUE,0,VLOOKUP($A9,ForecastPmt!$A$6:$C$365,3,0))","v":0},{"$f":"-PMT($C$4/12,$C$5,$C$3,0,0)","v":19633.384384370827},{"$f":"C9*$C$4/12","v":16585.187209544547},{"$f":"D9+E9-F9","v":3048.1971748262804},{"$f":"IF(C9-G9<0.009,0,C9-G9)","v":1938632.2566255112},{"$f":"H9/$C$3","v":0.99843012419017763},null,{"$f":"$C$3","v":1941680.4538003374},{"$f":"-PMT($C$4/12,$C$5,$C$3,0,0)","v":19633.384384370827},{"$f":"K9*$C$4/12","v":16585.187209544547},{"$f":"L9-M9","v":3048.1971748262804},{"$f":"IF(K9-N9<0.009,0,K9-N9)","v":1938632.2566255112},{"$f":"O9/$C$3","v":0.99843012419017763}]
[{"$f":"DATE(YEAR(A9),MONTH(A9)+2,1-1)","v":"2021-02-28"},2,{"$f":"IF(H9>0,H9,0)","v":1938632.2566255112},{"$f":"IF(ISNA(VLOOKUP($A10,ForecastPmt!$A$6:$C$365,3,0))=TRUE,0,VLOOKUP($A10,ForecastPmt!$A$6:$C$365,3,0))","v":0},{"$f":"IF(H9>$E$9,$E$9,IF(H9+F10>$E$9,$E$9,H9+F10))","v":19633.384384370827},16559.15052534291,{"$f":"D10+E10-F10","v":3074.2338590279178},{"$f":"IF(C10-G10<0.009,0,C10-G10)","v":1935558.0227664832},0.99684683902447946,null,{"$f":"IF(O9>0,O9,0)","v":1938632.2566255112},{"$f":"IF($C$5+1-B10=0,0,L9)","v":19633.384384370827},16559.15052534291,3074.2338590279178,{"$f":"IF(K10-N10<0.009,0,K10-N10)","v":1935558.0227664832},0.99684683902447946]
["2021-03-31",3,{"$f":"IF(H10>0,H10,0)","v":1935558.0227664832},{"$f":"IF(ISNA(VLOOKUP($A11,ForecastPmt!$A$6:$C$365,3,0))=TRUE,0,VLOOKUP($A11,ForecastPmt!$A$6:$C$365,3,0))","v":0},{"$f":"IF(H10>$E$9,$E$9,IF(H10+F11>$E$9,$E$9,H10+F11))","v":19633.384384370827},16532.891444463708,3100.4929399071189,1932457.5298265761,0.99525002996465783,null,{"$f":"IF(O10>0,O10,0)","v":1935558.0227664832},{"$f":"IF($C$5+1-B11=0,0,L10)","v":19633.384384370827},16532.891444463708,3100.4929399071189,1932457.5298265761,0.99525002996465783]
["2021-04-30",4,1932457.5298265761,{"$f":"IF(ISNA(VLOOKUP($A12,ForecastPmt!$A$6:$C$365,3,0))=TRUE,0,VLOOKUP($A12,ForecastPmt!$A$6:$C$365,3,0))","v":0},19633.384384370827,16506.408067268672,3126.976317102155,1929330.553509474,0.9936395814941168,null,1932457.5298265761,19633.384384370827,16506.408067268672,3126.976317102155,1929330.553509474,0.9936395814941168]
["2021-05-31",5,1929330.553509474,{"$f":"IF(ISNA(VLOOKUP($A13,ForecastPmt!$A$6:$C$365,3,0))=TRUE,0,VLOOKUP($A13,ForecastPmt!$A$6:$C$365,3,0))","v":0},19633.384384370827,16479.698477893424,3153.6859064774035,1926176.8676029965,0.99201537710955656,null,1929330.553509474,19633.384384370827,16479.698477893424,3153.6859064774035,1926176.8676029965,0.99201537710955656]
["2021-06-30",6,1926176.8676029965,{"$f":"IF(ISNA(VLOOKUP($A14,ForecastPmt!$A$6:$C$365,3,0))=TRUE,0,VLOOKUP($A14,ForecastPmt!$A$6:$C$365,3,0))","v":0},19633.384384370827,16452.760744108928,3180.6236402618997,1922996.2439627347,0.99037729931254492,null,1926176.8676029965,19633.384384370827,16452.760744108928,3180.6236402618997,1922996.2439627347,0.99037729931254492]
["2021-07-31",7,1922996.2439627347,{"$f":"IF(ISNA(VLOOKUP($A15,ForecastPmt!$A$6:$C$365,3,0))=TRUE,0,VLOOKUP($A15,ForecastPmt!$A$6:$C$365,3,0))","v":0},19633.384384370827,16425.592917181693,3207.791467189134,1919788.4524955456,0.98872522960101705,null,1922996.2439627347,19633.384384370827,16425.592917181693,3207.791467189134,1919788.4524955456,0.98872522960101705]
["2021-08-31",8,1919788.4524955456,{"$f":"IF(ISNA(VLOOKUP($A16,ForecastPmt!$A$6:$C$365,3,0))=TRUE,0,VLOOKUP($A16,ForecastPmt!$A$6:$C$365,3,0))","v":0},19633.384384370827,16398.193031732782,3235.1913526380449,1916553.2611429077,0.98705904846070336,null,1919788.4524955456,19633.384384370827,16398.193031732782,3235.1913526380449,1916553.2611429077,0.98705904846070336]
["2021-09-30",9,1916553.2611429077,{"$f":"IF(ISNA(VLOOKUP($A17,ForecastPmt!$A$6:$C$365,3,0))=TRUE,0,VLOOKUP($A17,ForecastPmt!$A$6:$C$365,3,0))","v":0},19633.384384370827,16370.559105595668,3262.8252787751589,1913290.4358641326,0.98537863535648273,null,1916553.2611429077,19633.384384370827,16370.559105595668,3262.8252787751589,1913290.4358641326,0.98537863535648273]
["2021-10-31",10,1913290.4358641326,{"$f":"IF(ISNA(VLOOKUP($A18,ForecastPmt!$A$6:$C$365,3,0))=TRUE,0,VLOOKUP($A18,ForecastPmt!$A$6:$C$365,3,0))","v":0},19633.384384370827,16342.689139672797,3290.6952446980304,1909999.7406194345,0.98368386872366353,null,1913290.4358641326,19633.384384370827,16342.689139672797,3290.6952446980304,1909999.7406194345,0.98368386872366353]
["2021-11-30",11,1909999.7406194345,{"$f":"IF(ISNA(VLOOKUP($A19,ForecastPmt!$A$6:$C$365,3,0))=TRUE,0,VLOOKUP($A19,ForecastPmt!$A$6:$C$365,3,0))","v":0},19633.384384370827,16314.581117791002,3318.8032665798255,1906680.9373528548,0.98197462595918905,null,1909999.7406194345,19633.384384370827,16314.581117791002,3318.8032665798255,1906680.9373528548,0.98197462595918905]
["2021-12-31",12,1906680.9373528548,{"$f":"IF(ISNA(VLOOKUP($A20,ForecastPmt!$A$6:$C$365,3,0))=TRUE,0,VLOOKUP($A20,ForecastPmt!$A$6:$C$365,3,0))","v":0},19633.384384370827,16286.233006555633,3347.1513778151948,1903333.7859750395,0.98025078341276795,null,1906680.9373528548,19633.384384370827,16286.233006555633,3347.1513778151948,1903333.7859750395,0.98025078341276795]
["2022-01-31",13,1903333.7859750395,{"$f":"IF(ISNA(VLOOKUP($A21,ForecastPmt!$A$6:$C$365,3,0))=TRUE,0,VLOOKUP($A21,ForecastPmt!$A$6:$C$365,3,0))","v":0},19633.384384370827,16257.64275520346,3375.7416291673671,1899958.044345872,0.97851221637792951,null,1903333.7859750395,19633.384384370827,16257.64275520346,3375.7416291673671,1899958.044345872,0.97851221637792951]
["2022-02-28",14,1899958.044345872,{"$f":"IF(ISNA(VLOOKUP($A22,ForecastPmt!$A$6:$C$365,3,0))=TRUE,0,VLOOKUP($A22,ForecastPmt!$A$6:$C$365,3,0))","v":0},19633.384384370827,16228.808295454322,3404.5760889165049,1896553.4682569555,0.97675879908300178,null,1899958.044345872,19633.384384370827,16228.808295454322,3404.5760889165049,1896553.4682569555,0.97675879908300178]
["2022-03-31",15,1896553.4682569555,{"$f":"IF(ISNA(VLOOKUP($A23,ForecastPmt!$A$6:$C$365,3,0))=TRUE,0,VLOOKUP($A23,ForecastPmt!$A$6:$C$365,3,0))","v":0},19633.384384370827,16199.727541361493,3433.6568430093339,1893119.8114139461,0.97499040468201326,null,1896553.4682569555,19633.384384370827,16199.727541361493,3433.6568430093339,1893119.8114139461,0.97499040468201326]
["2022-04-30",16,1893119.8114139461,{"$f":"IF(ISNA(VLOOKUP($A24,ForecastPmt!$A$6:$C$365,3,0))=TRUE,0,VLOOKUP($A24,ForecastPmt!$A$6:$C$365,3,0))","v":0},19633.384384370827,16170.398389160788,3462.9859952100396,1889656.8254187361,0.97320690524551634,null,1893119.8114139461,19633.384384370827,16170.398389160788,3462.9859952100396,1889656.8254187361,0.97320690524551634]
["2022-05-31",17,1889656.8254187361,{"$f":"IF(ISNA(VLOOKUP($A25,ForecastPmt!$A$6:$C$365,3,0))=TRUE,0,VLOOKUP($A25,ForecastPmt!$A$6:$C$365,3,0))","v":0},19633.384384370827,16140.818717118369,3492.5656672524583,1886164.2597514836,0.97140817175133265,null,1889656.8254187361,19633.384384370827,16140.818717118369,3492.5656672524583,1886164.2597514836,0.97140817175133265]
["2022-06-30",18,1886164.2597514836,{"$f":"IF(ISNA(VLOOKUP($A26,ForecastPmt!$A$6:$C$365,3,0))=TRUE,0,VLOOKUP($A26,ForecastPmt!$A$6:$C$365,3,0))","v":0},19633.384384370827,16110.986385377255,3522.3979989935724,1882641.86175249,0.96959407407521947,null,1886164.2597514836,19633.384384370827,16110.986385377255,3522.3979989935724,1882641.86175249,0.96959407407521947]
["2022-07-31",19,1882641.86175249,{"$f":"IF(ISNA(VLOOKUP($A27,ForecastPmt!$A$6:$C$365,3,0))=TRUE,0,VLOOKUP($A27,ForecastPmt!$A$6:$C$365,3,0))","v":0},19633.384384370827,16080.899235802519,3552.4851485683084,1879089.3766039216,0.96776448098145607,null,1882641.86175249,19633.384384370827,16080.899235802519,3552.4851485683084,1879089.3766039216,0.96776448098145607]
["2022-08-31",20,1879089.3766039216,{"$f":"IF(ISNA(VLOOKUP($A28,ForecastPmt!$A$6:$C$365,3,0))=TRUE,0,VLOOKUP($A28,ForecastPmt!$A$6:$C$365,3,0))","v":0},19633.384384370827,16050.555091825163,3582.8292925456644,1875506.5473113761,0.96591926011335028,null,1879089.3766039216,19633.384384370827,16050.555091825163,3582.8292925456644,1875506.5473113761,0.96591926011335028]
["2022-09-30",21,1875506.5473113761,{"$f":"IF(ISNA(VLOOKUP($A29,ForecastPmt!$A$6:$C$365,3,0))=TRUE,0,VLOOKUP($A29,ForecastPmt!$A$6:$C$365,3,0))","v":0},19633.384384370827,16019.951758284669,3613.4326260861581,1871893.11468529,0.96405827798366273,null,1875506.5473113761,19633.384384370827,16019.951758284669,3613.4326260861581,1871893.11468529,0.96405827798366273]
["2022-10-31",22,1871893.11468529,{"$f":"IF(ISNA(VLOOKUP($A30,ForecastPmt!$A$6:$C$365,3,0))=TRUE,0,VLOOKUP($A30,ForecastPmt!$A$6:$C$365,3,0))","v":0},19633.384384370827,15989.087021270185,3644.2973631006425,1868248.8173221895,0.96218139996495078,null,1871893.11468529,19633.384384370827,15989.087021270185,3644.2973631006425,1868248.8173221895,0.96218139996495078]
["2022-11-30",23,1868248.8173221895,{"$f":"IF(ISNA(VLOOKUP($A31,ForecastPmt!$A$6:$C$365,3,0))=TRUE,0,VLOOKUP($A31,ForecastPmt!$A$6:$C$365,3,0))","v":0},19633.384384370827,15957.958647960368,3675.4257364104596,1864573.3915857789,0.96028849027982888,null,1868248.8173221895,19633.384384370827,15957.958647960368,3675.4257364104596,1864573.3915857789,0.96028849027982888]
["2022-12-31",24,1864573.3915857789,{"$f":"IF(ISNA(VLOOKUP($A32,ForecastPmt!$A$6:$C$365,3,0))=TRUE,0,VLOOKUP($A32,ForecastPmt!$A$6:$C$365,3,0))","v":0},19633.384384370827,15926.564386461861,3706.8199979089659,1860866.5715878699,0.95837941199114651,null,1864573.3915857789,19633.384384370827,15926.564386461861,3706.8199979089659,1860866.5715878699,0.95837941199114651]
["2023-01-31",25,1860866.5715878699,{"$f":"IF(ISNA(VLOOKUP($A33,ForecastPmt!$A$6:$C$365,3,0))=TRUE,0,VLOOKUP($A33,ForecastPmt!$A$6:$C$365,3,0))","v":0},19633.384384370827,15894.901965646388,3738.4824187244394,1857128.0891691456,0.95645402699208182,null,1860866.5715878699,19633.384384370827,15894.901965646388,3738.4824187244394,1857128.0891691456,0.95645402699208182]
["2023-02-28",26,1857128.0891691456,{"$f":"IF(ISNA(VLOOKUP($A34,ForecastPmt!$A$6:$C$365,3,0))=TRUE,0,VLOOKUP($A34,ForecastPmt!$A$6:$C$365,3,0))","v":0},19633.384384370827,15862.969094986451,3770.4152893843766,1853357.6738797612,0.95451219599615011,null,1857128.0891691456,19633.384384370827,15862.969094986451,3770.4152893843766,1853357.6738797612,0.95451219599615011]
["2023-03-31",27,1853357.6738797612,{"$f":"IF(ISNA(VLOOKUP($A35,ForecastPmt!$A$6:$C$365,3,0))=TRUE,0,VLOOKUP($A35,ForecastPmt!$A$6:$C$365,3,0))","v":0},19633.384384370827,15830.763464389625,3802.620919981202,1849555.05295978,0.95255377852712797,null,1853357.6738797612,19633.384384370827,15830.763464389625,3802.620919981202,1849555.05295978,0.95255377852712797]
["2023-04-30",28,1849555.05295978,{"$f":"IF(ISNA(VLOOKUP($A36,ForecastPmt!$A$6:$C$365,3,0))=TRUE,0,VLOOKUP($A36,ForecastPmt!$A$6:$C$365,3,0))","v":0},19633.384384370827,15798.282744031452,3835.1016403393751,1845719.9513194405,0.95057863290889133,null,1849555.05295978,19633.384384370827,15798.282744031452,3835.1016403393751,1845719.9513194405,0.95057863290889133]
["2023-05-31",29,1845719.9513194405,{"$f":"IF(ISNA(VLOOKUP($A37,ForecastPmt!$A$6:$C$365,3,0))=TRUE,0,VLOOKUP($A37,ForecastPmt!$A$6:$C$365,3,0))","v":0},19633.384384370827,15765.524584186887,3867.85980018394,1841852.0915192566,0.94858661625516572,null,1845719.9513194405,19633.384384370827,15765.524584186887,3867.85980018394,1841852.0915192566,0.94858661625516572]
["2023-06-30",30,1841852.0915192566,{"$f":"IF(ISNA(VLOOKUP($A38,ForecastPmt!$A$6:$C$365,3,0))=TRUE,0,VLOOKUP($A38,ForecastPmt!$A$6:$C$365,3,0))","v":0},19633.384384370827,15732.486615060317,3900.8977693105098,1837951.1937499461,0.94657758445918938,null,1841852.0915192566,19633.384384370827,15732.486615060317,3900.8977693105098,1837951.1937499461,0.94657758445918938]
["2023-07-31",31,1837951.1937499461,{"$f":"IF(ISNA(VLOOKUP($A39,ForecastPmt!$A$6:$C$365,3,0))=TRUE,0,VLOOKUP($A39,ForecastPmt!$A$6:$C$365,3,0))","v":0},19633.384384370827,15699.166446614123,3934.2179377567045,1834016.9758121893,0.9445513921832891,null,1837951.1937499461,19633.384384370827,15699.166446614123,3934.2179377567045,1834016.9758121893,0.9445513921832891]
["2023-08-31",32,1834016.9758121893,{"$f":"IF(ISNA(VLOOKUP($A40,ForecastPmt!$A$6:$C$365,3,0))=TRUE,0,VLOOKUP($A40,ForecastPmt!$A$6:$C$365,3,0))","v":0},19633.384384370827,15665.561668395783,3967.822715975044,1830049.1530962142,0.94250789284836556,null,1834016.9758121893,19633.384384370827,15665.561668395783,3967.822715975044,1830049.1530962142,0.94250789284836556]
["2023-09-30",33,1830049.1530962142,{"$f":"IF(ISNA(VLOOKUP($A41,ForecastPmt!$A$6:$C$365,3,0))=TRUE,0,VLOOKUP($A41,ForecastPmt!$A$6:$C$365,3,0))","v":0},19633.384384370827,15631.669849363496,4001.7145350073315,1826047.4385612069,0.94044693862328954,null,1830049.1530962142,19633.384384370827,15631.669849363496,4001.7145350073315,1826047.4385612069,0.94044693862328954]
["2023-10-31",34,1826047.4385612069,{"$f":"IF(ISNA(VLOOKUP($A42,ForecastPmt!$A$6:$C$365,3,0))=TRUE,0,VLOOKUP($A42,ForecastPmt!$A$6:$C$365,3,0))","v":0},19633.384384370827,15597.488537710307,4035.89584666052,1822011.5427145464,0.93836838041420767,null,1826047.4385612069,19633.384384370827,15597.488537710307,4035.89584666052,1822011.5427145464,0.93836838041420767]
["2023-11-30",35,1822011.5427145464,{"$f":"IF(ISNA(VLOOKUP($A43,ForecastPmt!$A$6:$C$365,3,0))=TRUE,0,VLOOKUP($A43,ForecastPmt!$A$6:$C$365,3,0))","v":0},19633.384384370827,15563.015260686749,4070.3691236840787,1817941.1735908624,0.93627206785375661,null,1822011.5427145464,19633.384384370827,15563.015260686749,4070.3691236840787,1817941.1735908624,0.93627206785375661]
["2023-12-31",36,1817941.1735908624,{"$f":"IF(ISNA(VLOOKUP($A44,ForecastPmt!$A$6:$C$365,3,0))=TRUE,0,VLOOKUP($A44,ForecastPmt!$A$6:$C$365,3,0))","v":0},19633.384384370827,15528.247524421948,4105.1368599488796,1813836.0367309134,0.93415784929018497,null,1817941.1735908624,19633.384384370827,15528.247524421948,4105.1368599488796,1813836.0367309134,0.93415784929018497]
["2024-01-31",37,1813836.0367309134,{"$f":"IF(ISNA(VLOOKUP($A45,ForecastPmt!$A$6:$C$365,3,0))=TRUE,0,VLOOKUP($A45,ForecastPmt!$A$6:$C$365,3,0))","v":0},19633.384384370827,15493.182813743219,4140.2015706276088,1809695.8351602859,0.93202557177638279,null,1813836.0367309134,19633.384384370827,15493.182813743219,4140.2015706276088,1809695.8351602859,0.93202557177638279]
["2024-02-29",38,1809695.8351602859,{"$f":"IF(ISNA(VLOOKUP($A46,ForecastPmt!$A$6:$C$365,3,0))=TRUE,0,VLOOKUP($A46,ForecastPmt!$A$6:$C$365,3,0))","v":0},19633.384384370827,15457.818591994108,4175.5657923767194,1805520.2693679093,0.929875081058817,null,1809695.8351602859,19633.384384370827,15457.818591994108,4175.5657923767194,1805520.2693679093,0.929875081058817]
["2024-03-31",39,1805520.2693679093,{"$f":"IF(ISNA(VLOOKUP($A47,ForecastPmt!$A$6:$C$365,3,0))=TRUE,0,VLOOKUP($A47,ForecastPmt!$A$6:$C$365,3,0))","v":0},19633.384384370827,15422.15230085089,4211.2320835199371,1801309.0372843894,0.92770622156637195,null,1805520.2693679093,19633.384384370827,15422.15230085089,4211.2320835199371,1801309.0372843894,0.92770622156637195]
["2024-04-30",40,1801309.0372843894,{"$f":"IF(ISNA(VLOOKUP($A48,ForecastPmt!$A$6:$C$365,3,0))=TRUE,0,VLOOKUP($A48,ForecastPmt!$A$6:$C$365,3,0))","v":0},19633.384384370827,15386.181360137491,4247.2030242333367,1797061.8342601561,0.9255188363990956,null,1801309.0372843894,19633.384384370827,15386.181360137491,4247.2030242333367,1797061.8342601561,0.9255188363990956]
["2024-05-31",41,1797061.8342601561,{"$f":"IF(ISNA(VLOOKUP($A49,ForecastPmt!$A$6:$C$365,3,0))=TRUE,0,VLOOKUP($A49,ForecastPmt!$A$6:$C$365,3,0))","v":0},19633.384384370827,15349.903167638833,4283.4812167319942,1792778.3530434242,0.92331276731684875,null,1797061.8342601561,19633.384384370827,15349.903167638833,4283.4812167319942,1792778.3530434242,0.92331276731684875]
["2024-06-30",42,1792778.3530434242,{"$f":"IF(ISNA(VLOOKUP($A50,ForecastPmt!$A$6:$C$365,3,0))=TRUE,0,VLOOKUP($A50,ForecastPmt!$A$6:$C$365,3,0))","v":0},19633.384384370827,15313.315098912581,4320.0692854582467,1788458.283757966,0.9210878547278577,null,1792778.3530434242,19633.384384370827,15313.315098912581,4320.0692854582467,1788458.283757966,0.9210878547278577]
["2024-07-31",43,1788458.283757966,{"$f":"IF(ISNA(VLOOKUP($A51,ForecastPmt!$A$6:$C$365,3,0))=TRUE,0,VLOOKUP($A51,ForecastPmt!$A$6:$C$365,3,0))","v":0},19633.384384370827,15276.414507099291,4356.9698772715365,1784101.3138806946,0.9188439376771691,null,1788458.283757966,19633.384384370827,15276.414507099291,4356.9698772715365,1784101.3138806946,0.9188439376771691]
["2024-08-31",44,1784101.3138806946,{"$f":"IF(ISNA(VLOOKUP($A52,ForecastPmt!$A$6:$C$365,3,0))=TRUE,0,VLOOKUP($A52,ForecastPmt!$A$6:$C$365,3,0))","v":0},19633.384384370827,15239.198722730931,4394.1856616398964,1779707.1282190548,0.91658085383500576,null,1784101.3138806946,19633.384384370827,15239.198722730931,4394.1856616398964,1779707.1282190548,0.91658085383500576]
["2024-09-30",45,1779707.1282190548,{"$f":"IF(ISNA(VLOOKUP($A53,ForecastPmt!$A$6:$C$365,3,0))=TRUE,0,VLOOKUP($A53,ForecastPmt!$A$6:$C$365,3,0))","v":0},19633.384384370827,15201.665053537758,4431.7193308330698,1775275.4088882217,0.91429843948502398,null,1779707.1282190548,19633.384384370827,15201.665053537758,4431.7193308330698,1775275.4088882217,0.91429843948502398]
["2024-10-31",46,1775275.4088882217,{"$f":"IF(ISNA(VLOOKUP($A54,ForecastPmt!$A$6:$C$365,3,0))=TRUE,0,VLOOKUP($A54,ForecastPmt!$A$6:$C$365,3,0))","v":0},19633.384384370827,15163.810784253559,4469.5736001172681,1770805.8352881044,0.91199652951246934,null,1775275.4088882217,19633.384384370827,15163.810784253559,4469.5736001172681,1770805.8352881044,0.91199652951246934]
["2024-11-30",47,1770805.8352881044,{"$f":"IF(ISNA(VLOOKUP($A55,ForecastPmt!$A$6:$C$365,3,0))=TRUE,0,VLOOKUP($A55,ForecastPmt!$A$6:$C$365,3,0))","v":0},19633.384384370827,15125.633176419224,4507.7512079516036,1766298.0840801527,0.90967495739223259,null,1770805.8352881044,19633.384384370827,15125.633176419224,4507.7512079516036,1766298.0840801527,0.90967495739223259]
["2024-12-31",48,1766298.0840801527,{"$f":"IF(ISNA(VLOOKUP($A56,ForecastPmt!$A$6:$C$365,3,0))=TRUE,0,VLOOKUP($A56,ForecastPmt!$A$6:$C$365,3,0))","v":0},19633.384384370827,15087.129468184636,4546.2549161861916,1761751.8291639665,0.90733355517680203,null,1766298.0840801527,19633.384384370827,15087.129468184636,4546.2549161861916,1761751.8291639665,0.90733355517680203]
["2025-01-31",49,1761751.8291639665,{"$f":"IF(ISNA(VLOOKUP($A57,ForecastPmt!$A$6:$C$365,3,0))=TRUE,0,VLOOKUP($A57,ForecastPmt!$A$6:$C$365,3,0))","v":0},19633.384384370827,15048.296874108879,4585.0875102619484,1757166.7416537046,0.90497215348411475,null,1761751.8291639665,19633.384384370827,15048.296874108879,4585.0875102619484,1757166.7416537046,0.90497215348411475]
["2025-02-28",50,1757166.7416537046,{"$f":"IF(ISNA(VLOOKUP($A58,ForecastPmt!$A$6:$C$365,3,0))=TRUE,0,VLOOKUP($A58,ForecastPmt!$A$6:$C$365,3,0))","v":0},19633.384384370827,15009.132584958725,4624.2517994121026,1752542.4898542925,0.90259058148530247,null,1757166.7416537046,19633.384384370827,15009.132584958725,4624.2517994121026,1752542.4898542925,0.90259058148530247]
["2025-03-31",51,1752542.4898542925,{"$f":"IF(ISNA(VLOOKUP($A59,ForecastPmt!$A$6:$C$365,3,0))=TRUE,0,VLOOKUP($A59,ForecastPmt!$A$6:$C$365,3,0))","v":0},19633.384384370827,14969.633767505415,4663.7506168654127,1747878.739237427,0.90018866689233357,null,1752542.4898542925,19633.384384370827,14969.633767505415,4663.7506168654127,1747878.739237427,0.90018866689233357]
["2025-04-30",52,1747878.739237427,{"$f":"IF(ISNA(VLOOKUP($A60,ForecastPmt!$A$6:$C$365,3,0))=TRUE,0,VLOOKUP($A60,ForecastPmt!$A$6:$C$365,3,0))","v":0},19633.384384370827,14929.79756431969,4703.5868200511377,1743175.1524173759,0.89776623594554983,null,1747878.739237427,19633.384384370827,14929.79756431969,4703.5868200511377,1743175.1524173759,0.89776623594554983]
["2025-05-31",53,1743175.1524173759,{"$f":"IF(ISNA(VLOOKUP($A61,ForecastPmt!$A$6:$C$365,3,0))=TRUE,0,VLOOKUP($A61,ForecastPmt!$A$6:$C$365,3,0))","v":0},19633.384384370827,14889.621093565087,4743.7632908057403,1738431.3891265702,0.8953231134010956,null,1743175.1524173759,19633.384384370827,14889.621093565087,4743.7632908057403,1738431.3891265702,0.8953231134010956]
["2025-06-30",54,1738431.3891265702,{"$f":"IF(ISNA(VLOOKUP($A62,ForecastPmt!$A$6:$C$365,3,0))=TRUE,0,VLOOKUP($A62,ForecastPmt!$A$6:$C$365,3,0))","v":0},19633.384384370827,14849.101448789452,4784.2829355813756,1733647.1061909888,0.89285912251824073,null,1738431.3891265702,19633.384384370827,14849.101448789452,4784.2829355813756,1733647.1061909888,0.89285912251824073]
["2025-07-31",55,1733647.1061909888,{"$f":"IF(ISNA(VLOOKUP($A63,ForecastPmt!$A$6:$C$365,3,0))=TRUE,0,VLOOKUP($A63,ForecastPmt!$A$6:$C$365,3,0))","v":0},19633.384384370827,14808.235698714694,4825.1486856561332,1728821.9575053328,0.89037408504659499,null,1733647.1061909888,19633.384384370827,14808.235698714694,4825.1486856561332,1728821.9575053328,0.89037408504659499]
["2025-08-31",56,1728821.9575053328,{"$f":"IF(ISNA(VLOOKUP($A64,ForecastPmt!$A$6:$C$365,3,0))=TRUE,0,VLOOKUP($A64,ForecastPmt!$A$6:$C$365,3,0))","v":0},19633.384384370827,14767.020887024717,4866.3634973461103,1723955.5940079866,0.88786782121321217,null,1728821.9575053328,19633.384384370827,14767.020887024717,4866.3634973461103,1723955.5940079866,0.88786782121321217]
["2025-09-30",57,1723955.5940079866,{"$f":"IF(ISNA(VLOOKUP($A65,ForecastPmt!$A$6:$C$365,3,0))=TRUE,0,VLOOKUP($A65,ForecastPmt!$A$6:$C$365,3,0))","v":0},19633.384384370827,14725.454032151552,4907.9303522192749,1719047.6636557672,0.88534014970958586,null,1723955.5940079866,19633.384384370827,14725.454032151552,4907.9303522192749,1719047.6636557672,0.88534014970958586]
["2025-10-31",58,1719047.6636557672,{"$f":"IF(ISNA(VLOOKUP($A66,ForecastPmt!$A$6:$C$365,3,0))=TRUE,0,VLOOKUP($A66,ForecastPmt!$A$6:$C$365,3,0))","v":0},19633.384384370827,14683.532127059678,4949.8522573111495,1714097.8113984561,0.88279088767853275,null,1719047.6636557672,19633.384384370827,14683.532127059678,4949.8522573111495,1714097.8113984561,0.88279088767853275]
["2025-11-30",59,1714097.8113984561,{"$f":"IF(ISNA(VLOOKUP($A67,ForecastPmt!$A$6:$C$365,3,0))=TRUE,0,VLOOKUP($A67,ForecastPmt!$A$6:$C$365,3,0))","v":0},19633.384384370827,14641.25213902848,4992.1322453423472,1709105.6791531139,0.88021985070096442,null,1714097.8113984561,19633.384384370827,14641.25213902848,4992.1322453423472,1709105.6791531139,0.88021985070096442]
["2025-12-31",60,1709105.6791531139,{"$f":"IF(ISNA(VLOOKUP($A68,ForecastPmt!$A$6:$C$365,3,0))=TRUE,0,VLOOKUP($A68,ForecastPmt!$A$6:$C$365,3,0))","v":0},19633.384384370827,14598.611009432847,5034.7733749379804,1704070.9057781759,0.87762685278254604,null,1709105.6791531139,19633.384384370827,14598.611009432847,5034.7733749379804,1704070.9057781759,0.87762685278254604]
["2026-01-31",61,1704070.9057781759,{"$f":"IF(ISNA(VLOOKUP($A69,ForecastPmt!$A$6:$C$365,3,0))=TRUE,0,VLOOKUP($A69,ForecastPmt!$A$6:$C$365,3,0))","v":0},19633.384384370827,14555.605653521918,5077.7787308489096,1698993.1270473271,0.87501170634024117,null,1704070.9057781759,19633.384384370827,14555.605653521918,5077.7787308489096,1698993.1270473271,0.87501170634024117]
["2026-02-28",62,1698993.1270473271,{"$f":"IF(ISNA(VLOOKUP($A70,ForecastPmt!$A$6:$C$365,3,0))=TRUE,0,VLOOKUP($A70,ForecastPmt!$A$6:$C$365,3,0))","v":0},19633.384384370827,14512.232960195919,5121.1514241749082,1693871.9756231522,0.87237422218874161,null,1698993.1270473271,19633.384384370827,14512.232960195919,5121.1514241749082,1693871.9756231522,0.87237422218874161]
["2026-03-31",63,1693871.9756231522,{"$f":"IF(ISNA(VLOOKUP($A71,ForecastPmt!$A$6:$C$365,3,0))=TRUE,0,VLOOKUP($A71,ForecastPmt!$A$6:$C$365,3,0))","v":0},19633.384384370827,14468.48979178109,5164.8945925897369,1688707.0810305625,0.86971420952678136,null,1693871.9756231522,19633.384384370827,14468.48979178109,5164.8945925897369,1688707.0810305625,0.86971420952678136]
["2026-04-30",64,1688707.0810305625,{"$f":"IF(ISNA(VLOOKUP($A72,ForecastPmt!$A$6:$C$365,3,0))=TRUE,0,VLOOKUP($A72,ForecastPmt!$A$6:$C$365,3,0))","v":0},19633.384384370827,14424.372983802721,5209.0114005681062,1683498.0696299945,0.86703147592333352,null,1688707.0810305625,19633.384384370827,14424.372983802721,5209.0114005681062,1683498.0696299945,0.86703147592333352]
["2026-05-31",65,1683498.0696299945,{"$f":"IF(ISNA(VLOOKUP($A73,ForecastPmt!$A$6:$C$365,3,0))=TRUE,0,VLOOKUP($A73,ForecastPmt!$A$6:$C$365,3,0))","v":0},19633.384384370827,{"$f":"C73*$C$4/12","v":14379.8793447562},5253.5050396146271,1678244.5645903798,{"$f":"H73/$C$3","v":0.86432582730368945},null,1683498.0696299945,19633.384384370827,{"$f":"K73*$C$4/12","v":14379.8793447562},{"$f":"L73-M73","v":5253.5050396146271},1678244.5645903798,{"$f":"O73/$C$3","v":0.86432582730368945}]
[{"$f":"DATE(YEAR(A73),MONTH(A73)+2,1-1)","v":"2026-06-30"},66,1678244.5645903798,{"$f":"IF(ISNA(VLOOKUP($A74,ForecastPmt!$A$6:$C$365,3,0))=TRUE,0,VLOOKUP($A74,ForecastPmt!$A$6:$C$365,3,0))","v":0},19633.384384370827,14335.005655876159,{"$f":"D74+E74-F74","v":5298.3787284946684},{"$f":"IF(C74-G74<0.009,0,C74-G74)","v":1672946.1858618851},0.86159706793541935,null,1678244.5645903798,19633.384384370827,14335.005655876159,5298.3787284946684,{"$f":"IF(K74-N74<0.009,0,K74-N74)","v":1672946.1858618851},0.86159706793541935]
["2026-07-31",67,{"$f":"IF(H74>0,H74,0)","v":1672946.1858618851},{"$f":"IF(ISNA(VLOOKUP($A75,ForecastPmt!$A$6:$C$365,3,0))=TRUE,0,VLOOKUP($A75,ForecastPmt!$A$6:$C$365,3,0))","v":0},{"$f":"IF(H74>$E$9,$E$9,IF(H74+F75>$E$9,$E$9,H74+F75))","v":19633.384384370827},14289.748670903602,5343.6357134672253,1667602.5501484179,0.85884500041421197,null,{"$f":"IF(O74>0,O74,0)","v":1672946.1858618851},{"$f":"IF($C$5+1-B75=0,0,L74)","v":19633.384384370827},14289.748670903602,5343.6357134672253,1667602.5501484179,0.85884500041421197]
["2026-08-31",68,1667602.5501484179,{"$f":"IF(ISNA(VLOOKUP($A76,ForecastPmt!$A$6:$C$365,3,0))=TRUE,0,VLOOKUP($A76,ForecastPmt!$A$6:$C$365,3,0))","v":0},19633.384384370827,14244.105115851069,5389.2792685197583,1662213.2708798982,0.85606942564959421,null,1667602.5501484179,19633.384384370827,14244.105115851069,5389.2792685197583,1662213.2708798982,0.85606942564959421]
["2026-09-30",69,1662213.2708798982,{"$f":"IF(ISNA(VLOOKUP($A77,ForecastPmt!$A$6:$C$365,3,0))=TRUE,0,VLOOKUP($A77,ForecastPmt!$A$6:$C$365,3,0))","v":0},19633.384384370827,14198.071688765796,5435.312695605031,1656777.9581842932,0.85327014285052871,null,1662213.2708798982,19633.384384370827,14198.071688765796,5435.312695605031,1656777.9581842932,0.85327014285052871]
["2026-10-31",70,1656777.9581842932,{"$f":"IF(ISNA(VLOOKUP($A78,ForecastPmt!$A$6:$C$365,3,0))=TRUE,0,VLOOKUP($A78,ForecastPmt!$A$6:$C$365,3,0))","v":0},19633.384384370827,14151.645059490838,5481.739324879989,1651296.2188594132,0.85044694951088773,null,1656777.9581842932,19633.384384370827,14151.645059490838,5481.739324879989,1651296.2188594132,0.85044694951088773]
["2026-11-30",71,1651296.2188594132,{"$f":"IF(ISNA(VLOOKUP($A79,ForecastPmt!$A$6:$C$365,3,0))=TRUE,0,VLOOKUP($A79,ForecastPmt!$A$6:$C$365,3,0))","v":0},19633.384384370827,14104.821869424153,5528.5625149466741,1645767.6563444666,0.84759964139480415,null,1651296.2188594132,19633.384384370827,14104.821869424153,5528.5625149466741,1645767.6563444666,0.84759964139480415]
["2026-12-31",72,1645767.6563444666,{"$f":"IF(ISNA(VLOOKUP($A80,ForecastPmt!$A$6:$C$365,3,0))=TRUE,0,VLOOKUP($A80,ForecastPmt!$A$6:$C$365,3,0))","v":0},19633.384384370827,14057.59873127565,5575.7856530951776,1640191.8706913714,0.84472801252189567,null,1645767.6563444666,19633.384384370827,14057.59873127565,5575.7856530951776,1640191.8706913714,0.84472801252189567]
["2027-01-31",73,1640191.8706913714,{"$f":"IF(ISNA(VLOOKUP($A81,ForecastPmt!$A$6:$C$365,3,0))=TRUE,0,VLOOKUP($A81,ForecastPmt!$A$6:$C$365,3,0))","v":0},19633.384384370827,14009.972228822129,5623.4121555486981,1634568.4585358226,0.84183185515236425,null,1640191.8706913714,19633.384384370827,14009.972228822129,5623.4121555486981,1634568.4585358226,0.84183185515236425]
["2027-02-28",74,1634568.4585358226,{"$f":"IF(ISNA(VLOOKUP($A82,ForecastPmt!$A$6:$C$365,3,0))=TRUE,0,VLOOKUP($A82,ForecastPmt!$A$6:$C$365,3,0))","v":0},19633.384384370827,13961.938916660149,5671.4454677106787,1628897.0130681118,0.83891095977196828,null,1634568.4585358226,19633.384384370827,13961.938916660149,5671.4454677106787,1628897.0130681118,0.83891095977196828]
["2027-03-31",75,1628897.0130681118,{"$f":"IF(ISNA(VLOOKUP($A83,ForecastPmt!$A$6:$C$365,3,0))=TRUE,0,VLOOKUP($A83,ForecastPmt!$A$6:$C$365,3,0))","v":0},19633.384384370827,13913.495319956788,5719.8890644140392,1623177.1240036979,0.83596511507686466,null,1628897.0130681118,19633.384384370827,13913.495319956788,5719.8890644140392,1623177.1240036979,0.83596511507686466]
["2027-04-30",76,1623177.1240036979,{"$f":"IF(ISNA(VLOOKUP($A84,ForecastPmt!$A$6:$C$365,3,0))=TRUE,0,VLOOKUP($A84,ForecastPmt!$A$6:$C$365,3,0))","v":0},19633.384384370827,13864.637934198252,5768.7464501725754,1617408.3775535254,0.83299410795832385,null,1623177.1240036979,19633.384384370827,13864.637934198252,5768.7464501725754,1617408.3775535254,0.83299410795832385]
["2027-05-31",77,1617408.3775535254,{"$f":"IF(ISNA(VLOOKUP($A85,ForecastPmt!$A$6:$C$365,3,0))=TRUE,0,VLOOKUP($A85,ForecastPmt!$A$6:$C$365,3,0))","v":0},19633.384384370827,13815.363224936364,5818.0211594344637,1611590.3563940909,0.82999772348731204,null,1617408.3775535254,19633.384384370827,13815.363224936364,5818.0211594344637,1611590.3563940909,0.82999772348731204]
["2027-06-30",78,1611590.3563940909,{"$f":"IF(ISNA(VLOOKUP($A86,ForecastPmt!$A$6:$C$365,3,0))=TRUE,0,VLOOKUP($A86,ForecastPmt!$A$6:$C$365,3,0))","v":0},19633.384384370827,13765.667627532859,5867.7167568379682,1605722.639637253,0.82697574489894365,null,1611590.3563940909,19633.384384370827,13765.667627532859,5867.7167568379682,1605722.639637253,0.82697574489894365]
["2027-07-31",79,1605722.639637253,{"$f":"IF(ISNA(VLOOKUP($A87,ForecastPmt!$A$6:$C$365,3,0))=TRUE,0,VLOOKUP($A87,ForecastPmt!$A$6:$C$365,3,0))","v":0},19633.384384370827,13715.547546901536,5917.8368374692909,1599804.8027997836,0.8239279535767996,null,1605722.639637253,19633.384384370827,13715.547546901536,5917.8368374692909,1599804.8027997836,0.8239279535767996]
["2027-08-31",80,1599804.8027997836,{"$f":"IF(ISNA(VLOOKUP($A88,ForecastPmt!$A$6:$C$365,3,0))=TRUE,0,VLOOKUP($A88,ForecastPmt!$A$6:$C$365,3,0))","v":0},19633.384384370827,13664.999357248153,5968.3850271226747,1593836.417772661,0.8208541290371123,null,1599804.8027997836,19633.384384370827,13664.999357248153,5968.3850271226747,1593836.417772661,0.8208541290371123]
["2027-09-30",81,1593836.417772661,{"$f":"IF(ISNA(VLOOKUP($A89,ForecastPmt!$A$6:$C$365,3,0))=TRUE,0,VLOOKUP($A89,ForecastPmt!$A$6:$C$365,3,0))","v":0},19633.384384370827,13614.019401808146,6019.3649825626817,1587817.0527900984,0.81775404891281522,null,1593836.417772661,19633.384384370827,13614.019401808146,6019.3649825626817,1587817.0527900984,0.81775404891281522]
["2027-10-31",82,1587817.0527900984,{"$f":"IF(ISNA(VLOOKUP($A90,ForecastPmt!$A$6:$C$365,3,0))=TRUE,0,VLOOKUP($A90,ForecastPmt!$A$6:$C$365,3,0))","v":0},19633.384384370827,13562.60399258209,6070.7803917887377,1581746.2723983095,0.81462748893745629,null,1587817.0527900984,19633.384384370827,13562.60399258209,6070.7803917887377,1581746.2723983095,0.81462748893745629]
["2027-11-30",83,1581746.2723983095,{"$f":"IF(ISNA(VLOOKUP($A91,ForecastPmt!$A$6:$C$365,3,0))=TRUE,0,VLOOKUP($A91,ForecastPmt!$A$6:$C$365,3,0))","v":0},19633.384384370827,13510.749410068893,6122.6349743019346,1575623.6374240075,0.81147422292897464,null,1581746.2723983095,19633.384384370827,13510.749410068893,6122.6349743019346,1575623.6374240075,0.81147422292897464]
["2027-12-31",84,1575623.6374240075,{"$f":"IF(ISNA(VLOOKUP($A92,ForecastPmt!$A$6:$C$365,3,0))=TRUE,0,VLOOKUP($A92,ForecastPmt!$A$6:$C$365,3,0))","v":0},19633.384384370827,13458.451902996729,6174.9324813740986,1569448.7049426334,0.80829402277333706,null,1575623.6374240075,19633.384384370827,13458.451902996729,6174.9324813740986,1569448.7049426334,0.80829402277333706]
["2028-01-31",85,1569448.7049426334,{"$f":"IF(ISNA(VLOOKUP($A93,ForecastPmt!$A$6:$C$365,3,0))=TRUE,0,VLOOKUP($A93,ForecastPmt!$A$6:$C$365,3,0))","v":0},19633.384384370827,13405.70768805166,6227.6766963191676,1563221.0282463143,0.80508665840803684,null,1569448.7049426334,19633.384384370827,13405.70768805166,6227.6766963191676,1563221.0282463143,0.80508665840803684]
["2028-02-29",86,1563221.0282463143,{"$f":"IF(ISNA(VLOOKUP($A94,ForecastPmt!$A$6:$C$365,3,0))=TRUE,0,VLOOKUP($A94,ForecastPmt!$A$6:$C$365,3,0))","v":0},19633.384384370827,13352.512949603935,6280.871434766892,1556940.1568115475,0.80185189780544974,null,1563221.0282463143,19633.384384370827,13352.512949603935,6280.871434766892,1556940.1568115475,0.80185189780544974]
["2028-03-31",87,1556940.1568115475,{"$f":"IF(ISNA(VLOOKUP($A95,ForecastPmt!$A$6:$C$365,3,0))=TRUE,0,VLOOKUP($A95,ForecastPmt!$A$6:$C$365,3,0))","v":0},19633.384384370827,13298.863839431966,6334.5205449388613,1550605.6362666085,0.7985895069560488,null,1556940.1568115475,19633.384384370827,13298.863839431966,6334.5205449388613,1550605.6362666085,0.7985895069560488]
["2028-04-30",88,1550605.6362666085,{"$f":"IF(ISNA(VLOOKUP($A96,ForecastPmt!$A$6:$C$365,3,0))=TRUE,0,VLOOKUP($A96,ForecastPmt!$A$6:$C$365,3,0))","v":0},19633.384384370827,13244.756476443947,6388.6279079268807,1544217.0083586816,0.79529924985147582,null,1550605.6362666085,19633.384384370827,13244.756476443947,6388.6279079268807,1544217.0083586816,0.79529924985147582]
["2028-05-31",89,1544217.0083586816,{"$f":"IF(ISNA(VLOOKUP($A97,ForecastPmt!$A$6:$C$365,3,0))=TRUE,0,VLOOKUP($A97,ForecastPmt!$A$6:$C$365,3,0))","v":0},19633.384384370827,13190.186946397071,6443.1974379737567,1537773.8109207079,0.79198088846746817,null,1544217.0083586816,19633.384384370827,13190.186946397071,6443.1974379737567,1537773.8109207079,0.79198088846746817]
["2028-06-30",90,1537773.8109207079,{"$f":"IF(ISNA(VLOOKUP($A98,ForecastPmt!$A$6:$C$365,3,0))=TRUE,0,VLOOKUP($A98,ForecastPmt!$A$6:$C$365,3,0))","v":0},19633.384384370827,13135.15130161438,6498.2330827564474,1531275.5778379515,0.78863418274663866,null,1537773.8109207079,19633.384384370827,13135.15130161438,6498.2330827564474,1531275.5778379515,0.78863418274663866]
["2028-07-31",91,1531275.5778379515,{"$f":"IF(ISNA(VLOOKUP($A99,ForecastPmt!$A$6:$C$365,3,0))=TRUE,0,VLOOKUP($A99,ForecastPmt!$A$6:$C$365,3,0))","v":0},19633.384384370827,13079.645560699168,6553.7388236716597,1524721.8390142799,0.78525889058111042,null,1531275.5778379515,19633.384384370827,13079.645560699168,6553.7388236716597,1524721.8390142799,0.78525889058111042]
["2028-08-31",92,1524721.8390142799,{"$f":"IF(ISNA(VLOOKUP($A100,ForecastPmt!$A$6:$C$365,3,0))=TRUE,0,VLOOKUP($A100,ForecastPmt!$A$6:$C$365,3,0))","v":0},19633.384384370827,13023.665708246974,6609.7186761238536,1518112.1203381561,0.78185476779500163,null,1524721.8390142799,19633.384384370827,13023.665708246974,6609.7186761238536,1518112.1203381561,0.78185476779500163]
["2028-09-30",93,1518112.1203381561,{"$f":"IF(ISNA(VLOOKUP($A101,ForecastPmt!$A$6:$C$365,3,0))=TRUE,0,VLOOKUP($A101,ForecastPmt!$A$6:$C$365,3,0))","v":0},19633.384384370827,12967.207694555082,6666.1766898157457,1511445.9436483404,0.77842156812676144,null,1518112.1203381561,19633.384384370827,12967.207694555082,6666.1766898157457,1511445.9436483404,0.77842156812676144]
["2028-10-31",94,1511445.9436483404,{"$f":"IF(ISNA(VLOOKUP($A102,ForecastPmt!$A$6:$C$365,3,0))=TRUE,0,VLOOKUP($A102,ForecastPmt!$A$6:$C$365,3,0))","v":0},19633.384384370827,12910.267435329573,6723.116949041254,1504722.8266992993,0.77495904321135511,null,1511445.9436483404,19633.384384370827,12910.267435329573,6723.116949041254,1504722.8266992993,0.77495904321135511]
["2028-11-30",95,1504722.8266992993,{"$f":"IF(ISNA(VLOOKUP($A103,ForecastPmt!$A$6:$C$365,3,0))=TRUE,0,VLOOKUP($A103,ForecastPmt!$A$6:$C$365,3,0))","v":0},19633.384384370827,12852.840811389848,6780.5435729809797,1497942.2831263184,0.77146694256229631,null,1504722.8266992993,19633.384384370827,12852.840811389848,6780.5435729809797,1497942.2831263184,0.77146694256229631]
["2028-12-31",96,1497942.2831263184,{"$f":"IF(ISNA(VLOOKUP($A104,ForecastPmt!$A$6:$C$365,3,0))=TRUE,0,VLOOKUP($A104,ForecastPmt!$A$6:$C$365,3,0))","v":0},19633.384384370827,12794.923668370635,6838.4607160001924,1491103.8224103181,0.76794501355352673,null,1497942.2831263184,19633.384384370827,12794.923668370635,6838.4607160001924,1491103.8224103181,0.76794501355352673]
["2029-01-31",97,1491103.8224103181,{"$f":"IF(ISNA(VLOOKUP($A105,ForecastPmt!$A$6:$C$365,3,0))=TRUE,0,VLOOKUP($A105,ForecastPmt!$A$6:$C$365,3,0))","v":0},19633.384384370827,12736.511816421465,6896.8725679493618,1484206.9498423687,0.76439300140114064,null,1491103.8224103181,19633.384384370827,12736.511816421465,6896.8725679493618,1484206.9498423687,0.76439300140114064]
["2029-02-28",98,1484206.9498423687,{"$f":"IF(ISNA(VLOOKUP($A106,ForecastPmt!$A$6:$C$365,3,0))=TRUE,0,VLOOKUP($A106,ForecastPmt!$A$6:$C$365,3,0))","v":0},19633.384384370827,12677.601029903564,6955.7833544672631,1477251.1664879015,0.76081064914495289,null,1484206.9498423687,19633.384384370827,12677.601029903564,6955.7833544672631,1477251.1664879015,0.76081064914495289]
["2029-03-31",99,1477251.1664879015,{"$f":"IF(ISNA(VLOOKUP($A107,ForecastPmt!$A$6:$C$365,3,0))=TRUE,0,VLOOKUP($A107,ForecastPmt!$A$6:$C$365,3,0))","v":0},19633.384384370827,12618.187047084159,7015.1973372866687,1470235.9691506147,0.75719769762991018,null,1477251.1664879015,19633.384384370827,12618.187047084159,7015.1973372866687,1470235.9691506147,0.75719769762991018]
["2029-04-30",100,1470235.9691506147,{"$f":"IF(ISNA(VLOOKUP($A108,ForecastPmt!$A$6:$C$365,3,0))=TRUE,0,VLOOKUP($A108,ForecastPmt!$A$6:$C$365,3,0))","v":0},19633.384384370827,12558.265569828167,7075.1188145426604,1463160.850336072,0.75355388548734326,null,1470235.9691506147,19633.384384370827,12558.265569828167,7075.1188145426604,1463160.850336072,0.75355388548734326]
["2029-05-31",101,1463160.850336072,{"$f":"IF(ISNA(VLOOKUP($A109,ForecastPmt!$A$6:$C$365,3,0))=TRUE,0,VLOOKUP($A109,ForecastPmt!$A$6:$C$365,3,0))","v":0},19633.384384370827,12497.832263287281,7135.5521210835468,1456025.2982149886,0.74987894911605846,null,1463160.850336072,19633.384384370827,12497.832263287281,7135.5521210835468,1456025.2982149886,0.74987894911605846]
["2029-06-30",102,1456025.2982149886,{"$f":"IF(ISNA(VLOOKUP($A110,ForecastPmt!$A$6:$C$365,3,0))=TRUE,0,VLOOKUP($A110,ForecastPmt!$A$6:$C$365,3,0))","v":0},19633.384384370827,12436.882755586361,7196.5016287844664,1448828.7965862041,0.746172622663269,null,1456025.2982149886,19633.384384370827,12436.882755586361,7196.5016287844664,1448828.7965862041,0.746172622663269]
["2029-07-31",103,1448828.7965862041,{"$f":"IF(ISNA(VLOOKUP($A111,ForecastPmt!$A$6:$C$365,3,0))=TRUE,0,VLOOKUP($A111,ForecastPmt!$A$6:$C$365,3,0))","v":0},19633.384384370827,12375.412637507159,7257.9717468636682,1441570.8248393405,0.74243463800536202,null,1448828.7965862041,19633.384384370827,12375.412637507159,7257.9717468636682,1441570.8248393405,0.74243463800536202]
["2029-08-31",104,1441570.8248393405,{"$f":"IF(ISNA(VLOOKUP($A112,ForecastPmt!$A$6:$C$365,3,0))=TRUE,0,VLOOKUP($A112,ForecastPmt!$A$6:$C$365,3,0))","v":0},19633.384384370827,12313.417462169367,7319.96692220146,1434250.8579171391,0.73866472472850198,null,1441570.8248393405,19633.384384370827,12313.417462169367,7319.96692220146,1434250.8579171391,0.73866472472850198]
["2029-09-30",105,1434250.8579171391,{"$f":"IF(ISNA(VLOOKUP($A113,ForecastPmt!$A$6:$C$365,3,0))=TRUE,0,VLOOKUP($A113,ForecastPmt!$A$6:$C$365,3,0))","v":0},19633.384384370827,12250.892744708895,7382.4916396619319,1426868.3662774772,0.73486261010906884,null,1434250.8579171391,19633.384384370827,12250.892744708895,7382.4916396619319,1426868.3662774772,0.73486261010906884]
["2029-10-31",106,1426868.3662774772,{"$f":"IF(ISNA(VLOOKUP($A114,ForecastPmt!$A$6:$C$365,3,0))=TRUE,0,VLOOKUP($A114,ForecastPmt!$A$6:$C$365,3,0))","v":0},19633.384384370827,12187.833961953451,7445.5504224173765,1419422.8158550598,0.73102801909392801,null,1426868.3662774772,19633.384384370827,12187.833961953451,7445.5504224173765,1419422.8158550598,0.73102801909392801]
["2029-11-30",107,1419422.8158550598,{"$f":"IF(ISNA(VLOOKUP($A115,ForecastPmt!$A$6:$C$365,3,0))=TRUE,0,VLOOKUP($A115,ForecastPmt!$A$6:$C$365,3,0))","v":0},19633.384384370827,12124.236552095303,7509.1478322755247,1411913.6680227842,0.72716067428053277,null,1419422.8158550598,19633.384384370827,12124.236552095303,7509.1478322755247,1411913.6680227842,0.72716067428053277]
["2029-12-31",108,1411913.6680227842,{"$f":"IF(ISNA(VLOOKUP($A116,ForecastPmt!$A$6:$C$365,3,0))=TRUE,0,VLOOKUP($A116,ForecastPmt!$A$6:$C$365,3,0))","v":0},19633.384384370827,12060.09591436128,7573.2884700095474,1404340.3795527746,0.72326029589685648,null,1411913.6680227842,19633.384384370827,12060.09591436128,7573.2884700095474,1404340.3795527746,0.72326029589685648]
["2030-01-31",109,1404340.3795527746,{"$f":"IF(ISNA(VLOOKUP($A117,ForecastPmt!$A$6:$C$365,3,0))=TRUE,0,VLOOKUP($A117,ForecastPmt!$A$6:$C$365,3,0))","v":0},19633.384384370827,11995.40740867995,7637.9769756908772,1396702.4025770838,0.71932660178115304,null,1404340.3795527746,19633.384384370827,11995.40740867995,7637.9769756908772,1396702.4025770838,0.71932660178115304]
["2030-02-28",110,1396702.4025770838,{"$f":"IF(ISNA(VLOOKUP($A118,ForecastPmt!$A$6:$C$365,3,0))=TRUE,0,VLOOKUP($A118,ForecastPmt!$A$6:$C$365,3,0))","v":0},19633.384384370827,11930.166355345924,7703.2180290249034,1388999.1845480588,0.71535930736154452,null,1396702.4025770838,19633.384384370827,11930.166355345924,7703.2180290249034,1388999.1845480588,0.71535930736154452]
["2030-03-31",111,1388999.1845480588,{"$f":"IF(ISNA(VLOOKUP($A119,ForecastPmt!$A$6:$C$365,3,0))=TRUE,0,VLOOKUP($A119,ForecastPmt!$A$6:$C$365,3,0))","v":0},19633.384384370827,11864.368034681334,7769.0163496894929,1381230.1681983692,0.71135812563543521,null,1388999.1845480588,19633.384384370827,11864.368034681334,7769.0163496894929,1381230.1681983692,0.71135812563543521]
["2030-04-30",112,1381230.1681983692,{"$f":"IF(ISNA(VLOOKUP($A120,ForecastPmt!$A$6:$C$365,3,0))=TRUE,0,VLOOKUP($A120,ForecastPmt!$A$6:$C$365,3,0))","v":0},19633.384384370827,11798.007686694402,7835.3766976764255,1373394.7915006927,0.70732276714874864,null,1381230.1681983692,19633.384384370827,11798.007686694402,7835.3766976764255,1373394.7915006927,0.70732276714874864]
["2030-05-31",113,1373394.7915006927,{"$f":"IF(ISNA(VLOOKUP($A121,ForecastPmt!$A$6:$C$365,3,0))=TRUE,0,VLOOKUP($A121,ForecastPmt!$A$6:$C$365,3,0))","v":0},19633.384384370827,11731.080510735082,7902.3038736357448,1365492.4876270569,0.70325293997498839,null,1373394.7915006927,19633.384384370827,11731.080510735082,7902.3038736357448,1365492.4876270569,0.70325293997498839]
["2030-06-30",114,1365492.4876270569,{"$f":"IF(ISNA(VLOOKUP($A122,ForecastPmt!$A$6:$C$365,3,0))=TRUE,0,VLOOKUP($A122,ForecastPmt!$A$6:$C$365,3,0))","v":0},19633.384384370827,11663.581665147778,7969.8027192230493,1357522.6849078338,0.69914834969411888,null,1365492.4876270569,19633.384384370827,11663.581665147778,7969.8027192230493,1357522.6849078338,0.69914834969411888]
["2030-07-31",115,1357522.6849078338,{"$f":"IF(ISNA(VLOOKUP($A123,ForecastPmt!$A$6:$C$365,3,0))=TRUE,0,VLOOKUP($A123,ForecastPmt!$A$6:$C$365,3,0))","v":0},19633.384384370827,11595.50626692108,8037.8781174497472,1349484.806790384,0.69500869937126697,null,1357522.6849078338,19633.384384370827,11595.50626692108,8037.8781174497472,1349484.806790384,0.69500869937126697]
["2030-08-31",116,1349484.806790384,{"$f":"IF(ISNA(VLOOKUP($A124,ForecastPmt!$A$6:$C$365,3,0))=TRUE,0,VLOOKUP($A124,ForecastPmt!$A$6:$C$365,3,0))","v":0},19633.384384370827,11526.84939133453,8106.5349930362972,1341378.2717973478,0.69083368953524082,null,1349484.806790384,19633.384384370827,11526.84939133453,8106.5349930362972,1341378.2717973478,0.69083368953524082]
["2030-09-30",117,1341378.2717973478,{"$f":"IF(ISNA(VLOOKUP($A125,ForecastPmt!$A$6:$C$365,3,0))=TRUE,0,VLOOKUP($A125,ForecastPmt!$A$6:$C$365,3,0))","v":0},19633.384384370827,11457.606071602344,8175.7783127684834,1333202.4934845793,0.68662301815686522,null,1341378.2717973478,19633.384384370827,11457.606071602344,8175.7783127684834,1333202.4934845793,0.68662301815686522]
["2030-10-31",118,1333202.4934845793,{"$f":"IF(ISNA(VLOOKUP($A126,ForecastPmt!$A$6:$C$365,3,0))=TRUE,0,VLOOKUP($A126,ForecastPmt!$A$6:$C$365,3,0))","v":0},19633.384384370827,11387.771298514113,8245.613085856714,1324956.8803987226,0.68237638062713257,null,1333202.4934845793,19633.384384370827,11387.771298514113,8245.613085856714,1324956.8803987226,0.68237638062713257]
["2030-11-30",119,1324956.8803987226,{"$f":"IF(ISNA(VLOOKUP($A127,ForecastPmt!$A$6:$C$365,3,0))=TRUE,0,VLOOKUP($A127,ForecastPmt!$A$6:$C$365,3,0))","v":0},19633.384384370827,11317.340020072421,8316.0443642984064,1316640.8360344241,0.67809346973516682,null,1324956.8803987226,19633.384384370827,11317.340020072421,8316.0443642984064,1316640.8360344241,0.67809346973516682]
["2030-12-31",120,1316640.8360344241,{"$f":"IF(ISNA(VLOOKUP($A128,ForecastPmt!$A$6:$C$365,3,0))=TRUE,0,VLOOKUP($A128,ForecastPmt!$A$6:$C$365,3,0))","v":0},19633.384384370827,11246.307141127372,8387.0772432434551,1308253.7587911808,0.67377397564599895,null,1316640.8360344241,19633.384384370827,11246.307141127372,8387.0772432434551,1308253.7587911808,0.67377397564599895]
["2031-01-31",121,1308253.7587911808,{"$f":"IF(ISNA(VLOOKUP($A129,ForecastPmt!$A$6:$C$365,3,0))=TRUE,0,VLOOKUP($A129,ForecastPmt!$A$6:$C$365,3,0))","v":0},19633.384384370827,11174.667523008002,8458.7168613628255,1299795.041929818,0.66941758587815281,null,1308253.7587911808,19633.384384370827,11174.667523008002,8458.7168613628255,1299795.041929818,0.66941758587815281]
["2031-02-28",122,1299795.041929818,{"$f":"IF(ISNA(VLOOKUP($A130,ForecastPmt!$A$6:$C$365,3,0))=TRUE,0,VLOOKUP($A130,ForecastPmt!$A$6:$C$365,3,0))","v":0},19633.384384370827,11102.415983150529,8530.9684012202979,1291264.0735285976,0.66502398528103945,null,1299795.041929818,19633.384384370827,11102.415983150529,8530.9684012202979,1291264.0735285976,0.66502398528103945]
["2031-03-31",123,1291264.0735285976,{"$f":"IF(ISNA(VLOOKUP($A131,ForecastPmt!$A$6:$C$365,3,0))=TRUE,0,VLOOKUP($A131,ForecastPmt!$A$6:$C$365,3,0))","v":0},19633.384384370827,11029.547294723438,8603.8370896473898,1282660.2364389503,0.66059285601215922,null,1291264.0735285976,19633.384384370827,11029.547294723438,8603.8370896473898,1282660.2364389503,0.66059285601215922]
["2031-04-30",124,1282660.2364389503,{"$f":"IF(ISNA(VLOOKUP($A132,ForecastPmt!$A$6:$C$365,3,0))=TRUE,0,VLOOKUP($A132,ForecastPmt!$A$6:$C$365,3,0))","v":0},19633.384384370827,10956.056186249365,8677.3281981214623,1273982.9082408289,0.65612387751410728,null,1282660.2364389503,19633.384384370827,10956.056186249365,8677.3281981214623,1273982.9082408289,0.65612387751410728]
["2031-05-31",125,1273982.9082408289,{"$f":"IF(ISNA(VLOOKUP($A133,ForecastPmt!$A$6:$C$365,3,0))=TRUE,0,VLOOKUP($A133,ForecastPmt!$A$6:$C$365,3,0))","v":0},19633.384384370827,10881.937341223746,8751.4470431470818,1265231.4611976817,0.65161672649138447,null,1273982.9082408289,19633.384384370827,10881.937341223746,8751.4470431470818,1265231.4611976817,0.65161672649138447]
["2031-06-30",126,1265231.4611976817,{"$f":"IF(ISNA(VLOOKUP($A134,ForecastPmt!$A$6:$C$365,3,0))=TRUE,0,VLOOKUP($A134,ForecastPmt!$A$6:$C$365,3,0))","v":0},19633.384384370827,10807.185397730198,8826.1989866406293,1256405.2622110411,0.64707107688700927,null,1265231.4611976817,19633.384384370827,10807.185397730198,8826.1989866406293,1256405.2622110411,0.64707107688700927]
["2031-07-31",127,1256405.2622110411,{"$f":"IF(ISNA(VLOOKUP($A135,ForecastPmt!$A$6:$C$365,3,0))=TRUE,0,VLOOKUP($A135,ForecastPmt!$A$6:$C$365,3,0))","v":0},19633.384384370827,10731.794948052642,8901.5894363181851,1247503.6727747228,0.64248659985892986,null,1256405.2622110411,19633.384384370827,10731.794948052642,8901.5894363181851,1247503.6727747228,0.64248659985892986]
["2031-08-31",128,1247503.6727747228,{"$f":"IF(ISNA(VLOOKUP($A136,ForecastPmt!$A$6:$C$365,3,0))=TRUE,0,VLOOKUP($A136,ForecastPmt!$A$6:$C$365,3,0))","v":0},19633.384384370827,10655.76053828409,8977.6238460867371,1238526.0489286361,0.63786296375623586,null,1247503.6727747228,19633.384384370827,10655.76053828409,8977.6238460867371,1238526.0489286361,0.63786296375623586]
["2031-09-30",129,1238526.0489286361,{"$f":"IF(ISNA(VLOOKUP($A137,ForecastPmt!$A$6:$C$365,3,0))=TRUE,0,VLOOKUP($A137,ForecastPmt!$A$6:$C$365,3,0))","v":0},19633.384384370827,{"$f":"C137*$C$4/12","v":10579.0766679321},9054.3077164387269,1229471.7412121973,{"$f":"H137/$C$3","v":0.63319983409516445},null,1238526.0489286361,19633.384384370827,{"$f":"K137*$C$4/12","v":10579.0766679321},{"$f":"L137-M137","v":9054.3077164387269},1229471.7412121973,{"$f":"O137/$C$3","v":0.63319983409516445}]
[{"$f":"DATE(YEAR(A137),MONTH(A137)+2,1-1)","v":"2031-10-31"},130,1229471.7412121973,{"$f":"IF(ISNA(VLOOKUP($A138,ForecastPmt!$A$6:$C$365,3,0))=TRUE,0,VLOOKUP($A138,ForecastPmt!$A$6:$C$365,3,0))","v":0},19633.384384370827,10501.737789520852,{"$f":"D138+E138-F138","v":9131.6465948499754},{"$f":"IF(C138-G138<0.009,0,C138-G138)","v":1220340.0946173475},0.62849687353490491,null,1229471.7412121973,19633.384384370827,10501.737789520852,9131.6465948499754,{"$f":"IF(K138-N138<0.009,0,K138-N138)","v":1220340.0946173475},0.62849687353490491]
["2031-11-30",131,{"$f":"IF(H138>0,H138,0)","v":1220340.0946173475},{"$f":"IF(ISNA(VLOOKUP($A139,ForecastPmt!$A$6:$C$365,3,0))=TRUE,0,VLOOKUP($A139,ForecastPmt!$A$6:$C$365,3,0))","v":0},{"$f":"IF(H138>$E$9,$E$9,IF(H138+F139>$E$9,$E$9,H138+F139))","v":19633.384384370827},10423.738308189842,9209.6460761809849,1211130.4485411665,0.6237537418531931,null,{"$f":"IF(O138>0,O138,0)","v":1220340.0946173475},{"$f":"IF($C$5+1-B139=0,0,L138)","v":19633.384384370827},10423.738308189842,9209.6460761809849,1211130.4485411665,0.6237537418531931]
["2031-12-31",132,1211130.4485411665,{"$f":"IF(ISNA(VLOOKUP($A140,ForecastPmt!$A$6:$C$365,3,0))=TRUE,0,VLOOKUP($A140,ForecastPmt!$A$6:$C$365,3,0))","v":0},19633.384384370827,10345.072581289131,9288.3118030816968,1201842.1367380847,0.61897009592169994,null,1211130.4485411665,19633.384384370827,10345.072581289131,9288.3118030816968,1201842.1367380847,0.61897009592169994]
["2032-01-31",133,1201842.1367380847,{"$f":"IF(ISNA(VLOOKUP($A141,ForecastPmt!$A$6:$C$365,3,0))=TRUE,0,VLOOKUP($A141,ForecastPmt!$A$6:$C$365,3,0))","v":0},19633.384384370827,10265.73491797114,9367.6494663996873,1192474.4872716849,0.61414558968120858,null,1201842.1367380847,19633.384384370827,10265.73491797114,9367.6494663996873,1192474.4872716849,0.61414558968120858]
["2032-02-29",134,1192474.4872716849,{"$f":"IF(ISNA(VLOOKUP($A142,ForecastPmt!$A$6:$C$365,3,0))=TRUE,0,VLOOKUP($A142,ForecastPmt!$A$6:$C$365,3,0))","v":0},19633.384384370827,10185.719578778975,9447.6648055918522,1183026.8224660931,0.6092798741165798,null,1192474.4872716849,19633.384384370827,10185.719578778975,9447.6648055918522,1183026.8224660931,0.6092798741165798]
["2032-03-31",135,1183026.8224660931,{"$f":"IF(ISNA(VLOOKUP($A143,ForecastPmt!$A$6:$C$365,3,0))=TRUE,0,VLOOKUP($A143,ForecastPmt!$A$6:$C$365,3,0))","v":0},19633.384384370827,10105.020775231211,9528.3636091396165,1173498.4588569535,0.60437259723150316,null,1183026.8224660931,19633.384384370827,10105.020775231211,9528.3636091396165,1173498.4588569535,0.60437259723150316]
["2032-04-30",136,1173498.4588569535,{"$f":"IF(ISNA(VLOOKUP($A144,ForecastPmt!$A$6:$C$365,3,0))=TRUE,0,VLOOKUP($A144,ForecastPmt!$A$6:$C$365,3,0))","v":0},19633.384384370827,10023.632669403143,9609.7517149676842,1163888.7071419859,0.59942340402303307,null,1173498.4588569535,19633.384384370827,10023.632669403143,9609.7517149676842,1163888.7071419859,0.59942340402303307]
["2032-05-31",137,1163888.7071419859,{"$f":"IF(ISNA(VLOOKUP($A145,ForecastPmt!$A$6:$C$365,3,0))=TRUE,0,VLOOKUP($A145,ForecastPmt!$A$6:$C$365,3,0))","v":0},19633.384384370827,9941.549373504462,9691.8350108663653,1154196.8721311195,0.59443193645590731,null,1163888.7071419859,19633.384384370827,9941.549373504462,9691.8350108663653,1154196.8721311195,0.59443193645590731]
["2032-06-30",138,1154196.8721311195,{"$f":"IF(ISNA(VLOOKUP($A146,ForecastPmt!$A$6:$C$365,3,0))=TRUE,0,VLOOKUP($A146,ForecastPmt!$A$6:$C$365,3,0))","v":0},19633.384384370827,9858.7649494533125,9774.6194349175148,1144422.2526962019,0.58939783343664576,null,1154196.8721311195,19633.384384370827,9858.7649494533125,9774.6194349175148,1144422.2526962019,0.58939783343664576]
["2032-07-31",139,1144422.2526962019,{"$f":"IF(ISNA(VLOOKUP($A147,ForecastPmt!$A$6:$C$365,3,0))=TRUE,0,VLOOKUP($A147,ForecastPmt!$A$6:$C$365,3,0))","v":0},19633.384384370827,9775.2734084467247,9858.1109759241026,1134564.1417202777,0.58432073078742786,null,1144422.2526962019,19633.384384370827,9775.2734084467247,9858.1109759241026,1134564.1417202777,0.58432073078742786]
["2032-08-31",140,1134564.1417202777,{"$f":"IF(ISNA(VLOOKUP($A148,ForecastPmt!$A$6:$C$365,3,0))=TRUE,0,VLOOKUP($A148,ForecastPmt!$A$6:$C$365,3,0))","v":0},19633.384384370827,9691.0687105273719,9942.3156738434554,1124621.8260464342,0.57920026121974799,null,1134564.1417202777,19633.384384370827,9691.0687105273719,9942.3156738434554,1124621.8260464342,0.57920026121974799]
["2032-09-30",141,1124621.8260464342,{"$f":"IF(ISNA(VLOOKUP($A149,ForecastPmt!$A$6:$C$365,3,0))=TRUE,0,VLOOKUP($A149,ForecastPmt!$A$6:$C$365,3,0))","v":0},19633.384384370827,9606.1447641466257,10027.239620224202,1114594.5864262101,0.57403605430784421,null,1124621.8260464342,19633.384384370827,9606.1447641466257,10027.239620224202,1114594.5864262101,0.57403605430784421]
["2032-10-31",142,1114594.5864262101,{"$f":"IF(ISNA(VLOOKUP($A150,ForecastPmt!$A$6:$C$365,3,0))=TRUE,0,VLOOKUP($A150,ForecastPmt!$A$6:$C$365,3,0))","v":0},19633.384384370827,9520.4954257238769,10112.88895864695,1104481.6974675632,0.56882773646190132,null,1114594.5864262101,19633.384384370827,9520.4954257238769,10112.88895864695,1104481.6974675632,0.56882773646190132]
["2032-11-30",143,1104481.6974675632,{"$f":"IF(ISNA(VLOOKUP($A151,ForecastPmt!$A$6:$C$365,3,0))=TRUE,0,VLOOKUP($A151,ForecastPmt!$A$6:$C$365,3,0))","v":0},19633.384384370827,9434.1144992021018,10199.269885168726,1094282.4275823946,0.56357493090102428,null,1104481.6974675632,19633.384384370827,9434.1144992021018,10199.269885168726,1094282.4275823946,0.56357493090102428]
["2032-12-31",144,1094282.4275823946,{"$f":"IF(ISNA(VLOOKUP($A152,ForecastPmt!$A$6:$C$365,3,0))=TRUE,0,VLOOKUP($A152,ForecastPmt!$A$6:$C$365,3,0))","v":0},19633.384384370827,9346.9957355996194,10286.388648771208,1083996.0389336233,0.55827725762598135,null,1094282.4275823946,19633.384384370827,9346.9957355996194,10286.388648771208,1083996.0389336233,0.55827725762598135]
["2033-01-31",145,1083996.0389336233,{"$f":"IF(ISNA(VLOOKUP($A153,ForecastPmt!$A$6:$C$365,3,0))=TRUE,0,VLOOKUP($A153,ForecastPmt!$A$6:$C$365,3,0))","v":0},19633.384384370827,9259.1328325580325,10374.251551812795,1073621.7873818106,0.55293433339171416,null,1083996.0389336233,19633.384384370827,9259.1328325580325,10374.251551812795,1073621.7873818106,0.55293433339171416]
["2033-02-28",146,1073621.7873818106,{"$f":"IF(ISNA(VLOOKUP($A154,ForecastPmt!$A$6:$C$365,3,0))=TRUE,0,VLOOKUP($A154,ForecastPmt!$A$6:$C$365,3,0))","v":0},19633.384384370827,9170.5194338862984,10462.864950484529,1063158.922431326,0.54754577167961249,null,1073621.7873818106,19633.384384370827,9170.5194338862984,10462.864950484529,1063158.922431326,0.54754577167961249]
["2033-03-31",147,1063158.922431326,{"$f":"IF(ISNA(VLOOKUP($A155,ForecastPmt!$A$6:$C$365,3,0))=TRUE,0,VLOOKUP($A155,ForecastPmt!$A$6:$C$365,3,0))","v":0},19633.384384370827,9081.1491291009097,10552.235255269918,1052606.687176056,0.54211118266955338,null,1063158.922431326,19633.384384370827,9081.1491291009097,10552.235255269918,1052606.687176056,0.54211118266955338]
["2033-04-30",148,1052606.687176056,{"$f":"IF(ISNA(VLOOKUP($A156,ForecastPmt!$A$6:$C$365,3,0))=TRUE,0,VLOOKUP($A156,ForecastPmt!$A$6:$C$365,3,0))","v":0},19633.384384370827,8991.015452962145,10642.368931408682,1041964.3182446472,0.53663017321169992,null,1052606.687176056,19633.384384370827,8991.015452962145,10642.368931408682,1041964.3182446472,0.53663017321169992]
["2033-05-31",149,1041964.3182446472,{"$f":"IF(ISNA(VLOOKUP($A157,ForecastPmt!$A$6:$C$365,3,0))=TRUE,0,VLOOKUP($A157,ForecastPmt!$A$6:$C$365,3,0))","v":0},19633.384384370827,8900.1118850063613,10733.272499364466,1031231.0457452828,0.53110234679806079,null,1041964.3182446472,19633.384384370827,8900.1118850063613,10733.272499364466,1031231.0457452828,0.53110234679806079]
["2033-06-30",150,1031231.0457452828,{"$f":"IF(ISNA(VLOOKUP($A158,ForecastPmt!$A$6:$C$365,3,0))=TRUE,0,VLOOKUP($A158,ForecastPmt!$A$6:$C$365,3,0))","v":0},19633.384384370827,8808.4318490742899,10824.952535296537,1020406.0932099862,0.52552730353380506,null,1031231.0457452828,19633.384384370827,8808.4318490742899,10824.952535296537,1020406.0932099862,0.52552730353380506]
["2033-07-31",151,1020406.0932099862,{"$f":"IF(ISNA(VLOOKUP($A159,ForecastPmt!$A$6:$C$365,3,0))=TRUE,0,VLOOKUP($A159,ForecastPmt!$A$6:$C$365,3,0))","v":0},19633.384384370827,8715.968712835298,10917.415671535529,1009488.6775384507,0.51990464010833382,null,1020406.0932099862,19633.384384370827,8715.968712835298,10917.415671535529,1009488.6775384507,0.51990464010833382]
["2033-08-31",152,1009488.6775384507,{"$f":"IF(ISNA(VLOOKUP($A160,ForecastPmt!$A$6:$C$365,3,0))=TRUE,0,VLOOKUP($A160,ForecastPmt!$A$6:$C$365,3,0))","v":0},19633.384384370827,8622.7157873075994,11010.668597063228,998478.00894138741,0.51423394976610337,null,1009488.6775384507,19633.384384370827,8622.7157873075994,11010.668597063228,998478.00894138741,0.51423394976610337]
["2033-09-30",153,998478.00894138741,{"$f":"IF(ISNA(VLOOKUP($A161,ForecastPmt!$A$6:$C$365,3,0))=TRUE,0,VLOOKUP($A161,ForecastPmt!$A$6:$C$365,3,0))","v":0},19633.384384370827,8528.6663263743503,11104.718057996477,987373.29088339093,0.50851482227719969,null,998478.00894138741,19633.384384370827,8528.6663263743503,11104.718057996477,987373.29088339093,0.50851482227719969]
["2033-10-31",154,987373.29088339093,{"$f":"IF(ISNA(VLOOKUP($A162,ForecastPmt!$A$6:$C$365,3,0))=TRUE,0,VLOOKUP($A162,ForecastPmt!$A$6:$C$365,3,0))","v":0},19633.384384370827,8433.8135262956293,11199.570858075198,976173.72002531576,0.50274684390766156,null,987373.29088339093,19633.384384370827,8433.8135262956293,11199.570858075198,976173.72002531576,0.50274684390766156]
["2033-11-30",155,976173.72002531576,{"$f":"IF(ISNA(VLOOKUP($A163,ForecastPmt!$A$6:$C$365,3,0))=TRUE,0,VLOOKUP($A163,ForecastPmt!$A$6:$C$365,3,0))","v":0},19633.384384370827,8338.1505252162387,11295.233859154589,964878.48616616114,0.49692959738955039,null,976173.72002531576,19633.384384370827,8338.1505252162387,11295.233859154589,964878.48616616114,0.49692959738955039]
["2033-12-31",156,964878.48616616114,{"$f":"IF(ISNA(VLOOKUP($A164,ForecastPmt!$A$6:$C$365,3,0))=TRUE,0,VLOOKUP($A164,ForecastPmt!$A$6:$C$365,3,0))","v":0},19633.384384370827,8241.6704026692914,11391.713981701536,953486.77218445961,0.49106266189076364,null,964878.48616616114,19633.384384370827,8241.6704026692914,11391.713981701536,953486.77218445961,0.49106266189076364]
["2034-01-31",157,953486.77218445961,{"$f":"IF(ISNA(VLOOKUP($A165,ForecastPmt!$A$6:$C$365,3,0))=TRUE,0,VLOOKUP($A165,ForecastPmt!$A$6:$C$365,3,0))","v":0},19633.384384370827,8144.3661790755914,11489.018205295237,941997.75397916441,0.48514561298459147,null,953486.77218445961,19633.384384370827,8144.3661790755914,11489.018205295237,941997.75397916441,0.48514561298459147]
["2034-02-28",158,941997.75397916441,{"$f":"IF(ISNA(VLOOKUP($A166,ForecastPmt!$A$6:$C$365,3,0))=TRUE,0,VLOOKUP($A166,ForecastPmt!$A$6:$C$365,3,0))","v":0},19633.384384370827,8046.230815238695,11587.153569132133,930410.60041003232,0.47917802261901238,null,941997.75397916441,19633.384384370827,8046.230815238695,11587.153569132133,930410.60041003232,0.47917802261901238]
["2034-03-31",159,930410.60041003232,{"$f":"IF(ISNA(VLOOKUP($A167,ForecastPmt!$A$6:$C$365,3,0))=TRUE,0,VLOOKUP($A167,ForecastPmt!$A$6:$C$365,3,0))","v":0},19633.384384370827,7947.257211835692,11686.127172535136,918724.47323749715,0.47315945908572732,null,930410.60041003232,19633.384384370827,7947.257211835692,11686.127172535136,918724.47323749715,0.47315945908572732]
["2034-04-30",160,918724.47323749715,{"$f":"IF(ISNA(VLOOKUP($A168,ForecastPmt!$A$6:$C$365,3,0))=TRUE,0,VLOOKUP($A168,ForecastPmt!$A$6:$C$365,3,0))","v":0},19633.384384370827,7847.4382089036217,11785.946175467205,906938.52706202993,0.46708948698892871,null,918724.47323749715,19633.384384370827,7847.4382089036217,11785.946175467205,906938.52706202993,0.46708948698892871]
["2034-05-31",161,906938.52706202993,{"$f":"IF(ISNA(VLOOKUP($A169,ForecastPmt!$A$6:$C$365,3,0))=TRUE,0,VLOOKUP($A169,ForecastPmt!$A$6:$C$365,3,0))","v":0},19633.384384370827,7746.7665853215049,11886.617799049323,895051.90926298057,0.46096766721380333,null,906938.52706202993,19633.384384370827,7746.7665853215049,11886.617799049323,895051.90926298057,0.46096766721380333]
["2034-06-30",162,895051.90926298057,{"$f":"IF(ISNA(VLOOKUP($A170,ForecastPmt!$A$6:$C$365,3,0))=TRUE,0,VLOOKUP($A170,ForecastPmt!$A$6:$C$365,3,0))","v":0},19633.384384370827,7645.235058287959,11988.149326082868,883063.75993689767,0.45479355689476542,null,895051.90926298057,19633.384384370827,7645.235058287959,11988.149326082868,883063.75993689767,0.45479355689476542]
["2034-07-31",163,883063.75993689767,{"$f":"IF(ISNA(VLOOKUP($A171,ForecastPmt!$A$6:$C$365,3,0))=TRUE,0,VLOOKUP($A171,ForecastPmt!$A$6:$C$365,3,0))","v":0},19633.384384370827,7542.8362827943338,12090.548101576493,870973.21183532116,0.44856670938341903,null,883063.75993689767,19633.384384370827,7542.8362827943338,12090.548101576493,870973.21183532116,0.44856670938341903]
["2034-08-31",164,870973.21183532116,{"$f":"IF(ISNA(VLOOKUP($A172,ForecastPmt!$A$6:$C$365,3,0))=TRUE,0,VLOOKUP($A172,ForecastPmt!$A$6:$C$365,3,0))","v":0},19633.384384370827,7439.5628510933675,12193.82153327746,858779.39030204364,0.44228667421624657,null,870973.21183532116,19633.384384370827,7439.5628510933675,12193.82153327746,858779.39030204364,0.44228667421624657]
["2034-09-30",165,858779.39030204364,{"$f":"IF(ISNA(VLOOKUP($A173,ForecastPmt!$A$6:$C$365,3,0))=TRUE,0,VLOOKUP($A173,ForecastPmt!$A$6:$C$365,3,0))","v":0},19633.384384370827,7335.4072921632896,12297.977092207537,846481.41320983612,0.43595299708202123,null,858779.39030204364,19633.384384370827,7335.4072921632896,12297.977092207537,846481.41320983612,0.43595299708202123]
["2034-10-31",166,846481.41320983612,{"$f":"IF(ISNA(VLOOKUP($A174,ForecastPmt!$A$6:$C$365,3,0))=TRUE,0,VLOOKUP($A174,ForecastPmt!$A$6:$C$365,3,0))","v":0},19633.384384370827,7230.3620711673502,12403.022313203477,834078.39089663269,0.42956521978894102,null,846481.41320983612,19633.384384370827,7230.3620711673502,12403.022313203477,834078.39089663269,0.42956521978894102]
["2034-11-30",167,834078.39089663269,{"$f":"IF(ISNA(VLOOKUP($A175,ForecastPmt!$A$6:$C$365,3,0))=TRUE,0,VLOOKUP($A175,ForecastPmt!$A$6:$C$365,3,0))","v":0},19633.384384370827,7124.4195889087378,12508.964795462089,821569.4261011706,0.42312288023148242,null,834078.39089663269,19633.384384370827,7124.4195889087378,12508.964795462089,821569.4261011706,0.42312288023148242]
["2034-12-31",168,821569.4261011706,{"$f":"IF(ISNA(VLOOKUP($A176,ForecastPmt!$A$6:$C$365,3,0))=TRUE,0,VLOOKUP($A176,ForecastPmt!$A$6:$C$365,3,0))","v":0},19633.384384370827,7017.5721812808324,12615.812203089994,808953.61389808066,0.41662551235697054,null,821569.4261011706,19633.384384370827,7017.5721812808324,12615.812203089994,808953.61389808066,0.41662551235697054]
["2035-01-31",169,808953.61389808066,{"$f":"IF(ISNA(VLOOKUP($A177,ForecastPmt!$A$6:$C$365,3,0))=TRUE,0,VLOOKUP($A177,ForecastPmt!$A$6:$C$365,3,0))","v":0},19633.384384370827,6909.8121187127717,12723.572265658055,796230.0416324226,0.41007264613186384,null,808953.61389808066,19633.384384370827,6909.8121187127717,12723.572265658055,796230.0416324226,0.41007264613186384]
["2035-02-28",170,796230.0416324226,{"$f":"IF(ISNA(VLOOKUP($A178,ForecastPmt!$A$6:$C$365,3,0))=TRUE,0,VLOOKUP($A178,ForecastPmt!$A$6:$C$365,3,0))","v":0},19633.384384370827,6801.131605610276,12832.25277876055,783397.78885366209,0.40346380750775107,null,796230.0416324226,19633.384384370827,6801.131605610276,12832.25277876055,783397.78885366209,0.40346380750775107]
["2035-03-31",171,783397.78885366209,{"$f":"IF(ISNA(VLOOKUP($A179,ForecastPmt!$A$6:$C$365,3,0))=TRUE,0,VLOOKUP($A179,ForecastPmt!$A$6:$C$365,3,0))","v":0},19633.384384370827,6691.5227797916968,12941.861604579131,770455.92724908295,0.39679851838705732,null,783397.78885366209,19633.384384370827,6691.5227797916968,12941.861604579131,770455.92724908295,0.39679851838705732]
["2035-04-30",172,770455.92724908295,{"$f":"IF(ISNA(VLOOKUP($A180,ForecastPmt!$A$6:$C$365,3,0))=TRUE,0,VLOOKUP($A180,ForecastPmt!$A$6:$C$365,3,0))","v":0},19633.384384370827,6580.9777119192504,13052.406672451576,757403.52057663142,0.39007629658845766,null,770455.92724908295,19633.384384370827,6580.9777119192504,13052.406672451576,757403.52057663142,0.39007629658845766]
["2035-05-31",173,757403.52057663142,{"$f":"IF(ISNA(VLOOKUP($A181,ForecastPmt!$A$6:$C$365,3,0))=TRUE,0,VLOOKUP($A181,ForecastPmt!$A$6:$C$365,3,0))","v":0},19633.384384370827,6469.4884049253924,13163.895979445435,744239.62459718599,0.3832966558119949,null,757403.52057663142,19633.384384370827,6469.4884049253924,13163.895979445435,744239.62459718599,0.3832966558119949]
["2035-06-30",174,744239.62459718599,{"$f":"IF(ISNA(VLOOKUP($A182,ForecastPmt!$A$6:$C$365,3,0))=TRUE,0,VLOOKUP($A182,ForecastPmt!$A$6:$C$365,3,0))","v":0},19633.384384370827,6357.0467934342969,13276.337590936531,730963.28700624942,0.37645910560389984,null,744239.62459718599,19633.384384370827,6357.0467934342969,13276.337590936531,730963.28700624942,0.37645910560389984]
["2035-07-31",175,730963.28700624942,{"$f":"IF(ISNA(VLOOKUP($A183,ForecastPmt!$A$6:$C$365,3,0))=TRUE,0,VLOOKUP($A183,ForecastPmt!$A$6:$C$365,3,0))","v":0},19633.384384370827,6243.6447431783808,13389.739641192446,717573.54736505693,0.36956315132111067,null,730963.28700624942,19633.384384370827,6243.6447431783808,13389.739641192446,717573.54736505693,0.36956315132111067]
["2035-08-31",176,717573.54736505693,{"$f":"IF(ISNA(VLOOKUP($A184,ForecastPmt!$A$6:$C$365,3,0))=TRUE,0,VLOOKUP($A184,ForecastPmt!$A$6:$C$365,3,0))","v":0},19633.384384370827,6129.274050409861,13504.110333960965,704069.43703109596,0.36260829409548934,null,717573.54736505693,19633.384384370827,6129.274050409861,13504.110333960965,704069.43703109596,0.36260829409548934]
["2035-09-30",177,704069.43703109596,{"$f":"IF(ISNA(VLOOKUP($A185,ForecastPmt!$A$6:$C$365,3,0))=TRUE,0,VLOOKUP($A185,ForecastPmt!$A$6:$C$365,3,0))","v":0},19633.384384370827,6013.9264413072779,13619.457943063549,690449.97908803239,0.3555940307977325,null,704069.43703109596,19633.384384370827,6013.9264413072779,13619.457943063549,690449.97908803239,0.3555940307977325]
["2035-10-31",178,690449.97908803239,{"$f":"IF(ISNA(VLOOKUP($A186,ForecastPmt!$A$6:$C$365,3,0))=TRUE,0,VLOOKUP($A186,ForecastPmt!$A$6:$C$365,3,0))","v":0},19633.384384370827,5897.5935713769431,13735.790812993884,676714.1882750385,0.34851985400097396,null,690449.97908803239,19633.384384370827,5897.5935713769431,13735.790812993884,676714.1882750385,0.34851985400097396]
["2035-11-30",179,676714.1882750385,{"$f":"IF(ISNA(VLOOKUP($A187,ForecastPmt!$A$6:$C$365,3,0))=TRUE,0,VLOOKUP($A187,ForecastPmt!$A$6:$C$365,3,0))","v":0},19633.384384370827,5780.2670248492868,13853.11735952154,662861.07091551693,0.34138525194407648,null,676714.1882750385,19633.384384370827,5780.2670248492868,13853.11735952154,662861.07091551693,0.34138525194407648]
["2035-12-31",180,662861.07091551693,{"$f":"IF(ISNA(VLOOKUP($A188,ForecastPmt!$A$6:$C$365,3,0))=TRUE,0,VLOOKUP($A188,ForecastPmt!$A$6:$C$365,3,0))","v":0},19633.384384370827,5661.9383140700402,13971.446070300786,648889.62484521617,0.33418970849460966,null,662861.07091551693,19633.384384370827,5661.9383140700402,13971.446070300786,648889.62484521617,0.33418970849460966]
["2036-01-31",181,648889.62484521617,{"$f":"IF(ISNA(VLOOKUP($A189,ForecastPmt!$A$6:$C$365,3,0))=TRUE,0,VLOOKUP($A189,ForecastPmt!$A$6:$C$365,3,0))","v":0},19633.384384370827,5542.5988788862205,14090.785505484608,634798.83933973161,0.32693270311151201,null,648889.62484521617,19633.384384370827,5542.5988788862205,14090.785505484608,634798.83933973161,0.32693270311151201]
["2036-02-29",182,634798.83933973161,{"$f":"IF(ISNA(VLOOKUP($A190,ForecastPmt!$A$6:$C$365,3,0))=TRUE,0,VLOOKUP($A190,ForecastPmt!$A$6:$C$365,3,0))","v":0},19633.384384370827,5422.2400860268745,14211.144298343952,620587.69504138769,0.31961371080743373,null,634798.83933973161,19633.384384370827,5422.2400860268745,14211.144298343952,620587.69504138769,0.31961371080743373]
["2036-03-31",183,620587.69504138769,{"$f":"IF(ISNA(VLOOKUP($A191,ForecastPmt!$A$6:$C$365,3,0))=TRUE,0,VLOOKUP($A191,ForecastPmt!$A$6:$C$365,3,0))","v":0},19633.384384370827,5300.8532284785197,14332.531155892308,606255.16388549539,0.31223220211075808,null,620587.69504138769,19633.384384370827,5300.8532284785197,14332.531155892308,606255.16388549539,0.31223220211075808]
["2036-04-30",184,606255.16388549539,{"$f":"IF(ISNA(VLOOKUP($A192,ForecastPmt!$A$6:$C$365,3,0))=TRUE,0,VLOOKUP($A192,ForecastPmt!$A$6:$C$365,3,0))","v":0},19633.384384370827,5178.4295248552726,14454.954859515554,591800.20902597986,0.30478764302729833,null,606255.16388549539,19633.384384370827,5178.4295248552726,14454.954859515554,591800.20902597986,0.30478764302729833]
["2036-05-31",185,591800.20902597986,{"$f":"IF(ISNA(VLOOKUP($A193,ForecastPmt!$A$6:$C$365,3,0))=TRUE,0,VLOOKUP($A193,ForecastPmt!$A$6:$C$365,3,0))","v":0},19633.384384370827,5054.9601187635772,14578.424265607249,577221.7847603726,0.29727949500166734,null,591800.20902597986,19633.384384370827,5054.9601187635772,14578.424265607249,577221.7847603726,0.29727949500166734]
["2036-06-30",186,577221.7847603726,{"$f":"IF(ISNA(VLOOKUP($A194,ForecastPmt!$A$6:$C$365,3,0))=TRUE,0,VLOOKUP($A194,ForecastPmt!$A$6:$C$365,3,0))","v":0},19633.384384370827,4930.4360781615151,14702.948306209313,562518.83645416331,0.28970721487831746,null,577221.7847603726,19633.384384370827,4930.4360781615151,14702.948306209313,562518.83645416331,0.28970721487831746]
["2036-07-31",187,562518.83645416331,{"$f":"IF(ISNA(VLOOKUP($A195,ForecastPmt!$A$6:$C$365,3,0))=TRUE,0,VLOOKUP($A195,ForecastPmt!$A$6:$C$365,3,0))","v":0},19633.384384370827,4804.8483947126451,14828.535989658183,547690.3004645051,0.28207025486224729,null,562518.83645416331,19633.384384370827,4804.8483947126451,14828.535989658183,547690.3004645051,0.28207025486224729]
["2036-08-31",188,547690.3004645051,{"$f":"IF(ISNA(VLOOKUP($A196,ForecastPmt!$A$6:$C$365,3,0))=TRUE,0,VLOOKUP($A196,ForecastPmt!$A$6:$C$365,3,0))","v":0},19633.384384370827,4678.187983134314,14955.196401236513,532735.10406326863,0.27436806247937318,null,547690.3004645051,19633.384384370827,4678.187983134314,14955.196401236513,532735.10406326863,0.27436806247937318]
["2036-09-30",189,532735.10406326863,{"$f":"IF(ISNA(VLOOKUP($A197,ForecastPmt!$A$6:$C$365,3,0))=TRUE,0,VLOOKUP($A197,ForecastPmt!$A$6:$C$365,3,0))","v":0},19633.384384370827,4550.4456805404197,15082.938703830408,517652.16535943822,0.26660008053656203,null,532735.10406326863,19633.384384370827,4550.4456805404197,15082.938703830408,517652.16535943822,0.26660008053656203]
["2036-10-31",190,517652.16535943822,{"$f":"IF(ISNA(VLOOKUP($A198,ForecastPmt!$A$6:$C$365,3,0))=TRUE,0,VLOOKUP($A198,ForecastPmt!$A$6:$C$365,3,0))","v":0},19633.384384370827,4421.6122457785341,15211.772138592292,502440.39322084596,0.25876574708132266,null,517652.16535943822,19633.384384370827,4421.6122457785341,15211.772138592292,502440.39322084596,0.25876574708132266]
["2036-11-30",191,502440.39322084596,{"$f":"IF(ISNA(VLOOKUP($A199,ForecastPmt!$A$6:$C$365,3,0))=TRUE,0,VLOOKUP($A199,ForecastPmt!$A$6:$C$365,3,0))","v":0},19633.384384370827,4291.6783587613927,15341.706025609434,487098.6871952365,0.25086449536115318,null,502440.39322084596,19633.384384370827,4291.6783587613927,15341.706025609434,487098.6871952365,0.25086449536115318]
["2036-12-31",192,487098.6871952365,{"$f":"IF(ISNA(VLOOKUP($A200,ForecastPmt!$A$6:$C$365,3,0))=TRUE,0,VLOOKUP($A200,ForecastPmt!$A$6:$C$365,3,0))","v":0},19633.384384370827,4160.634619792645,15472.749764578182,471625.93743065832,0.24289575378254052,null,487098.6871952365,19633.384384370827,4160.634619792645,15472.749764578182,471625.93743065832,0.24289575378254052]
["2037-01-31",193,471625.93743065832,{"$f":"IF(ISNA(VLOOKUP($A201,ForecastPmt!$A$6:$C$365,3,0))=TRUE,0,VLOOKUP($A201,ForecastPmt!$A$6:$C$365,3,0))","v":0},19633.384384370827,{"$f":"C201*$C$4/12","v":4028.4715488868728},15604.912835483954,456021.02459517436,{"$f":"H201/$C$3","v":0.23485894586961059},null,471625.93743065832,19633.384384370827,{"$f":"K201*$C$4/12","v":4028.4715488868728},{"$f":"L201-M201","v":15604.912835483954},456021.02459517436,{"$f":"O201/$C$3","v":0.23485894586961059}]
[{"$f":"DATE(YEAR(A201),MONTH(A201)+2,1-1)","v":"2037-02-28"},194,456021.02459517436,{"$f":"IF(ISNA(VLOOKUP($A202,ForecastPmt!$A$6:$C$365,3,0))=TRUE,0,VLOOKUP($A202,ForecastPmt!$A$6:$C$365,3,0))","v":0},19633.384384370827,3895.1795850837807,{"$f":"D202+E202-F202","v":15738.204799287047},{"$f":"IF(C202-G202<0.009,0,C202-G202)","v":440282.81979588734},0.22675349022242439,null,456021.02459517436,19633.384384370827,3895.1795850837807,15738.204799287047,{"$f":"IF(K202-N202<0.009,0,K202-N202)","v":440282.81979588734},0.22675349022242439]
["2037-03-31",195,{"$f":"IF(H202>0,H202,0)","v":440282.81979588734},{"$f":"IF(ISNA(VLOOKUP($A203,ForecastPmt!$A$6:$C$365,3,0))=TRUE,0,VLOOKUP($A203,ForecastPmt!$A$6:$C$365,3,0))","v":0},{"$f":"IF(H202>$E$9,$E$9,IF(H202+F203>$E$9,$E$9,H202+F203))","v":19633.384384370827},3760.7490857565372,15872.63529861429,424410.18449727306,0.21857880047491846,null,{"$f":"IF(O202>0,O202,0)","v":440282.81979588734},{"$f":"IF($C$5+1-B203=0,0,L202)","v":19633.384384370827},3760.7490857565372,15872.63529861429,424410.18449727306,0.21857880047491846]
["2037-04-30",196,424410.18449727306,{"$f":"IF(ISNA(VLOOKUP($A204,ForecastPmt!$A$6:$C$365,3,0))=TRUE,0,VLOOKUP($A204,ForecastPmt!$A$6:$C$365,3,0))","v":0},19633.384384370827,3625.1703259142073,16008.21405845662,408401.97043881647,0.21033428525248593,null,424410.18449727306,19633.384384370827,3625.1703259142073,16008.21405845662,408401.97043881647,0.21033428525248593]
["2037-05-31",197,408401.97043881647,{"$f":"IF(ISNA(VLOOKUP($A205,ForecastPmt!$A$6:$C$365,3,0))=TRUE,0,VLOOKUP($A205,ForecastPmt!$A$6:$C$365,3,0))","v":0},19633.384384370827,3488.4334974982235,16144.950886872604,392257.01955194387,0.20201934812919509,null,408401.97043881647,19633.384384370827,3488.4334974982235,16144.950886872604,392257.01955194387,0.20201934812919509]
["2037-06-30",198,392257.01955194387,{"$f":"IF(ISNA(VLOOKUP($A206,ForecastPmt!$A$6:$C$365,3,0))=TRUE,0,VLOOKUP($A206,ForecastPmt!$A$6:$C$365,3,0))","v":0},19633.384384370827,3350.5287086728536,16282.855675697974,375974.1638762459,0.19363338758464282,null,392257.01955194387,19633.384384370827,3350.5287086728536,16282.855675697974,375974.1638762459,0.19363338758464282]
["2037-07-31",199,375974.1638762459,{"$f":"IF(ISNA(VLOOKUP($A207,ForecastPmt!$A$6:$C$365,3,0))=TRUE,0,VLOOKUP($A207,ForecastPmt!$A$6:$C$365,3,0))","v":0},19633.384384370827,3211.4459831096005,16421.938401261228,359552.22547498468,0.18517579696043918,null,375974.1638762459,19633.384384370827,3211.4459831096005,16421.938401261228,359552.22547498468,0.18517579696043918]
["2037-08-31",200,359552.22547498468,{"$f":"IF(ISNA(VLOOKUP($A208,ForecastPmt!$A$6:$C$365,3,0))=TRUE,0,VLOOKUP($A208,ForecastPmt!$A$6:$C$365,3,0))","v":0},19633.384384370827,3071.1752592654939,16562.209125105335,342990.01634987933,0.17664596441632044,null,359552.22547498468,19633.384384370827,3071.1752592654939,16562.209125105335,342990.01634987933,0.17664596441632044]
["2037-09-30",201,342990.01634987933,{"$f":"IF(ISNA(VLOOKUP($A209,ForecastPmt!$A$6:$C$365,3,0))=TRUE,0,VLOOKUP($A209,ForecastPmt!$A$6:$C$365,3,0))","v":0},19633.384384370827,2929.706389655219,16703.67799471561,326286.33835516369,0.16804327288588736,null,342990.01634987933,19633.384384370827,2929.706389655219,16703.67799471561,326286.33835516369,0.16804327288588736]
["2037-10-31",202,326286.33835516369,{"$f":"IF(ISNA(VLOOKUP($A210,ForecastPmt!$A$6:$C$365,3,0))=TRUE,0,VLOOKUP($A210,ForecastPmt!$A$6:$C$365,3,0))","v":0},19633.384384370827,2787.029140117023,16846.355244253806,309439.98311090987,0.15936710003196516,null,326286.33835516369,19633.384384370827,2787.029140117023,16846.355244253806,309439.98311090987,0.15936710003196516]
["2037-11-30",203,309439.98311090987,{"$f":"IF(ISNA(VLOOKUP($A211,ForecastPmt!$A$6:$C$365,3,0))=TRUE,0,VLOOKUP($A211,ForecastPmt!$A$6:$C$365,3,0))","v":0},19633.384384370827,2643.133189072355,16990.251195298471,292449.73191561142,0.1506168182015824,null,309439.98311090987,19633.384384370827,2643.133189072355,16990.251195298471,292449.73191561142,0.1506168182015824]
["2037-12-31",204,292449.73191561142,{"$f":"IF(ISNA(VLOOKUP($A212,ForecastPmt!$A$6:$C$365,3,0))=TRUE,0,VLOOKUP($A212,ForecastPmt!$A$6:$C$365,3,0))","v":0},19633.384384370827,2498.0081267791807,17135.376257591648,275314.35565801978,0.14179179438056511,null,292449.73191561142,19633.384384370827,2498.0081267791807,17135.376257591648,275314.35565801978,0.14179179438056511]
["2038-01-31",205,275314.35565801978,{"$f":"IF(ISNA(VLOOKUP($A213,ForecastPmt!$A$6:$C$365,3,0))=TRUE,0,VLOOKUP($A213,ForecastPmt!$A$6:$C$365,3,0))","v":0},19633.384384370827,2351.6434545789189,17281.740929791908,258032.61472822787,0.13289139014774329,null,275314.35565801978,19633.384384370827,2351.6434545789189,17281.740929791908,258032.61472822787,0.13289139014774329]
["2038-02-28",206,258032.61472822787,{"$f":"IF(ISNA(VLOOKUP($A214,ForecastPmt!$A$6:$C$365,3,0))=TRUE,0,VLOOKUP($A214,ForecastPmt!$A$6:$C$365,3,0))","v":0},19633.384384370827,2204.0285841369464,17429.35580023388,240603.258927994,0.12391496162876613,null,258032.61472822787,19633.384384370827,2204.0285841369464,17429.35580023388,240603.258927994,0.12391496162876613]
["2038-03-31",207,240603.258927994,{"$f":"IF(ISNA(VLOOKUP($A215,ForecastPmt!$A$6:$C$365,3,0))=TRUE,0,VLOOKUP($A215,ForecastPmt!$A$6:$C$365,3,0))","v":0},19633.384384370827,2055.1528366766152,17578.231547694213,223025.02738029978,0.11486185944952269,null,240603.258927994,19633.384384370827,2055.1528366766152,17578.231547694213,223025.02738029978,0.11486185944952269]
["2038-04-30",208,223025.02738029978,{"$f":"IF(ISNA(VLOOKUP($A216,ForecastPmt!$A$6:$C$365,3,0))=TRUE,0,VLOOKUP($A216,ForecastPmt!$A$6:$C$365,3,0))","v":0},19633.384384370827,1905.0054422067271,17728.378942164101,205296.64843813569,0.10573142868916488,null,223025.02738029978,19633.384384370827,1905.0054422067271,17728.378942164101,205296.64843813569,0.10573142868916488]
["2038-05-31",209,205296.64843813569,{"$f":"IF(ISNA(VLOOKUP($A217,ForecastPmt!$A$6:$C$365,3,0))=TRUE,0,VLOOKUP($A217,ForecastPmt!$A$6:$C$365,3,0))","v":0},19633.384384370827,1753.5755387424088,17879.808845628417,187416.83959250728,9.6523008832729032E-2,null,205296.64843813569,19633.384384370827,1753.5755387424088,17879.808845628417,187416.83959250728,9.6523008832729032E-2]
["2038-06-30",210,187416.83959250728,{"$f":"IF(ISNA(VLOOKUP($A218,ForecastPmt!$A$6:$C$365,3,0))=TRUE,0,VLOOKUP($A218,ForecastPmt!$A$6:$C$365,3,0))","v":0},19633.384384370827,1600.8521715193328,18032.532212851496,169384.30737965577,8.7235933723352782E-2,null,187416.83959250728,19633.384384370827,1600.8521715193328,18032.532212851496,169384.30737965577,8.7235933723352782E-2]
["2038-07-31",211,169384.30737965577,{"$f":"IF(ISNA(VLOOKUP($A219,ForecastPmt!$A$6:$C$365,3,0))=TRUE,0,VLOOKUP($A219,ForecastPmt!$A$6:$C$365,3,0))","v":0},19633.384384370827,1446.8242922012262,18186.560092169602,151197.74728748616,7.7869531514083934E-2,null,169384.30737965577,19633.384384370827,1446.8242922012262,18186.560092169602,151197.74728748616,7.7869531514083934E-2]
["2038-08-31",212,151197.74728748616,{"$f":"IF(ISNA(VLOOKUP($A220,ForecastPmt!$A$6:$C$365,3,0))=TRUE,0,VLOOKUP($A220,ForecastPmt!$A$6:$C$365,3,0))","v":0},19633.384384370827,1291.4807580806107,18341.903626290215,132855.84366119595,6.8423124619277589E-2,null,151197.74728748616,19633.384384370827,1291.4807580806107,18341.903626290215,132855.84366119595,6.8423124619277589E-2]
["2038-09-30",213,132855.84366119595,{"$f":"IF(ISNA(VLOOKUP($A221,ForecastPmt!$A$6:$C$365,3,0))=TRUE,0,VLOOKUP($A221,ForecastPmt!$A$6:$C$365,3,0))","v":0},19633.384384370827,1134.8103312727153,18498.574053098113,114357.26960809783,5.8896029665578109E-2,null,132855.84366119595,19633.384384370827,1134.8103312727153,18498.574053098113,114357.26960809783,5.8896029665578109E-2]
["2038-10-31",214,114357.26960809783,{"$f":"IF(ISNA(VLOOKUP($A222,ForecastPmt!$A$6:$C$365,3,0))=TRUE,0,VLOOKUP($A222,ForecastPmt!$A$6:$C$365,3,0))","v":0},19633.384384370827,976.80167790250232,18656.582706468325,95700.68690162951,4.9287557442482442E-2,null,114357.26960809783,19633.384384370827,976.80167790250232,18656.582706468325,95700.68690162951,4.9287557442482442E-2]
["2038-11-30",215,95700.68690162951,{"$f":"IF(ISNA(VLOOKUP($A223,ForecastPmt!$A$6:$C$365,3,0))=TRUE,0,VLOOKUP($A223,ForecastPmt!$A$6:$C$365,3,0))","v":0},19633.384384370827,817.44336728475207,18815.941017086076,76884.74588454343,3.959701285248117E-2,null,95700.68690162951,19633.384384370827,817.44336728475207,18815.941017086076,76884.74588454343,3.959701285248117E-2]
["2038-12-31",216,76884.74588454343,{"$f":"IF(ISNA(VLOOKUP($A224,ForecastPmt!$A$6:$C$365,3,0))=TRUE,0,VLOOKUP($A224,ForecastPmt!$A$6:$C$365,3,0))","v":0},19633.384384370827,656.7238710971418,18976.660513273684,57908.085371269743,2.9823694860773634E-2,null,76884.74588454343,19633.384384370827,656.7238710971418,18976.660513273684,57908.085371269743,2.9823694860773634E-2]
["2039-01-31",217,57908.085371269743,{"$f":"IF(ISNA(VLOOKUP($A225,ForecastPmt!$A$6:$C$365,3,0))=TRUE,0,VLOOKUP($A225,ForecastPmt!$A$6:$C$365,3,0))","v":0},19633.384384370827,494.63156254626233,19138.752821824564,38769.332549445178,1.99668964445536E-2,null,57908.085371269743,19633.384384370827,494.63156254626233,19138.752821824564,38769.332549445178,1.99668964445536E-2]
["2039-02-28",218,38769.332549445178,{"$f":"IF(ISNA(VLOOKUP($A226,ForecastPmt!$A$6:$C$365,3,0))=TRUE,0,VLOOKUP($A226,ForecastPmt!$A$6:$C$365,3,0))","v":0},19633.384384370827,331.15471552651087,19302.229668844317,19467.102880600862,1.0025904541861686E-2,null,38769.332549445178,19633.384384370827,331.15471552651087,19302.229668844317,19467.102880600862,1.0025904541861686E-2]
["2039-03-31",219,19467.102880600862,{"$f":"IF(ISNA(VLOOKUP($A227,ForecastPmt!$A$6:$C$365,3,0))=TRUE,0,VLOOKUP($A227,ForecastPmt!$A$6:$C$365,3,0))","v":0},19633.384384370827,166.28150377179901,19467.102880599028,0,0,null,19467.102880600862,19633.384384370827,166.28150377179901,19467.102880599028,0,0]
["2039-04-30",220,0,{"$f":"IF(ISNA(VLOOKUP($A228,ForecastPmt!$A$6:$C$365,3,0))=TRUE,0,VLOOKUP($A228,ForecastPmt!$A$6:$C$365,3,0))","v":0},0,0,0,0,0,null,0,0,0,0,0,0]
["2039-05-31",221,0,{"$f":"IF(ISNA(VLOOKUP($A229,ForecastPmt!$A$6:$C$365,3,0))=TRUE,0,VLOOKUP($A229,ForecastPmt!$A$6:$C$365,3,0))","v":0},0,0,0,0,0,null,0,0,0,0,0,0]
["2039-06-30",222,0,{"$f":"IF(ISNA(VLOOKUP($A230,ForecastPmt!$A$6:$C$365,3,0))=TRUE,0,VLOOKUP($A230,ForecastPmt!$A$6:$C$365,3,0))","v":0},0,0,0,0,0,null,0,0,0,0,0,0]
["2039-07-31",223,0,{"$f":"IF(ISNA(VLOOKUP($A231,ForecastPmt!$A$6:$C$365,3,0))=TRUE,0,VLOOKUP($A231,ForecastPmt!$A$6:$C$365,3,0))","v":0},0,0,0,0,0,null,0,0,0,0,0,0]
["2039-08-31",224,0,{"$f":"IF(ISNA(VLOOKUP($A232,ForecastPmt!$A$6:$C$365,3,0))=TRUE,0,VLOOKUP($A232,ForecastPmt!$A$6:$C$365,3,0))","v":0},0,0,0,0,0,null,0,0,0,0,0,0]
["2039-09-30",225,0,{"$f":"IF(ISNA(VLOOKUP($A233,ForecastPmt!$A$6:$C$365,3,0))=TRUE,0,VLOOKUP($A233,ForecastPmt!$A$6:$C$365,3,0))","v":0},0,0,0,0,0,null,0,0,0,0,0,0]
["2039-10-31",226,0,{"$f":"IF(ISNA(VLOOKUP($A234,ForecastPmt!$A$6:$C$365,3,0))=TRUE,0,VLOOKUP($A234,ForecastPmt!$A$6:$C$365,3,0))","v":0},0,0,0,0,0,null,0,0,0,0,0,0]
["2039-11-30",227,0,{"$f":"IF(ISNA(VLOOKUP($A235,ForecastPmt!$A$6:$C$365,3,0))=TRUE,0,VLOOKUP($A235,ForecastPmt!$A$6:$C$365,3,0))","v":0},0,0,0,0,0,null,0,0,0,0,0,0]
["2039-12-31",228,0,{"$f":"IF(ISNA(VLOOKUP($A236,ForecastPmt!$A$6:$C$365,3,0))=TRUE,0,VLOOKUP($A236,ForecastPmt!$A$6:$C$365,3,0))","v":0},0,0,0,0,0,null,0,0,0,0,0,0]
["2040-01-31",229,0,{"$f":"IF(ISNA(VLOOKUP($A237,ForecastPmt!$A$6:$C$365,3,0))=TRUE,0,VLOOKUP($A237,ForecastPmt!$A$6:$C$365,3,0))","v":0},0,0,0,0,0,null,0,0,0,0,0,0]
["2040-02-29",230,0,{"$f":"IF(ISNA(VLOOKUP($A238,ForecastPmt!$A$6:$C$365,3,0))=TRUE,0,VLOOKUP($A238,ForecastPmt!$A$6:$C$365,3,0))","v":0},0,0,0,0,0,null,0,0,0,0,0,0]
["2040-03-31",231,0,{"$f":"IF(ISNA(VLOOKUP($A239,ForecastPmt!$A$6:$C$365,3,0))=TRUE,0,VLOOKUP($A239,ForecastPmt!$A$6:$C$365,3,0))","v":0},0,0,0,0,0,null,0,0,0,0,0,0]
["2040-04-30",232,0,{"$f":"IF(ISNA(VLOOKUP($A240,ForecastPmt!$A$6:$C$365,3,0))=TRUE,0,VLOOKUP($A240,ForecastPmt!$A$6:$C$365,3,0))","v":0},0,0,0,0,0,null,0,0,0,0,0,0]
["2040-05-31",233,0,{"$f":"IF(ISNA(VLOOKUP($A241,ForecastPmt!$A$6:$C$365,3,0))=TRUE,0,VLOOKUP($A241,ForecastPmt!$A$6:$C$365,3,0))","v":0},0,0,0,0,0,null,0,0,0,0,0,0]
["2040-06-30",234,0,{"$f":"IF(ISNA(VLOOKUP($A242,ForecastPmt!$A$6:$C$365,3,0))=TRUE,0,VLOOKUP($A242,ForecastPmt!$A$6:$C$365,3,0))","v":0},0,0,0,0,0,null,0,0,0,0,0,0]
["2040-07-31",235,0,{"$f":"IF(ISNA(VLOOKUP($A243,ForecastPmt!$A$6:$C$365,3,0))=TRUE,0,VLOOKUP($A243,ForecastPmt!$A$6:$C$365,3,0))","v":0},0,0,0,0,0,null,0,0,0,0,0,0]
["2040-08-31",236,0,{"$f":"IF(ISNA(VLOOKUP($A244,ForecastPmt!$A$6:$C$365,3,0))=TRUE,0,VLOOKUP($A244,ForecastPmt!$A$6:$C$365,3,0))","v":0},0,0,0,0,0,null,0,0,0,0,0,0]
["2040-09-30",237,0,{"$f":"IF(ISNA(VLOOKUP($A245,ForecastPmt!$A$6:$C$365,3,0))=TRUE,0,VLOOKUP($A245,ForecastPmt!$A$6:$C$365,3,0))","v":0},0,0,0,0,0,null,0,0,0,0,0,0]
["2040-10-31",238,0,{"$f":"IF(ISNA(VLOOKUP($A246,ForecastPmt!$A$6:$C$365,3,0))=TRUE,0,VLOOKUP($A246,ForecastPmt!$A$6:$C$365,3,0))","v":0},0,0,0,0,0,null,0,0,0,0,0,0]
["2040-11-30",239,0,{"$f":"IF(ISNA(VLOOKUP($A247,ForecastPmt!$A$6:$C$365,3,0))=TRUE,0,VLOOKUP($A247,ForecastPmt!$A$6:$C$365,3,0))","v":0},0,0,0,0,0,null,0,0,0,0,0,0]
["2040-12-31",240,0,{"$f":"IF(ISNA(VLOOKUP($A248,ForecastPmt!$A$6:$C$365,3,0))=TRUE,0,VLOOKUP($A248,ForecastPmt!$A$6:$C$365,3,0))","v":0},0,0,0,0,0,null,0,0,0,0,0,0]
["2041-01-31",241,0,{"$f":"IF(ISNA(VLOOKUP($A249,ForecastPmt!$A$6:$C$365,3,0))=TRUE,0,VLOOKUP($A249,ForecastPmt!$A$6:$C$365,3,0))","v":0},0,0,0,0,0,null,0,0,0,0,0,0]
["2041-02-28",242,0,{"$f":"IF(ISNA(VLOOKUP($A250,ForecastPmt!$A$6:$C$365,3,0))=TRUE,0,VLOOKUP($A250,ForecastPmt!$A$6:$C$365,3,0))","v":0},0,0,0,0,0,null,0,0,0,0,0,0]
["2041-03-31",243,0,{"$f":"IF(ISNA(VLOOKUP($A251,ForecastPmt!$A$6:$C$365,3,0))=TRUE,0,VLOOKUP($A251,ForecastPmt!$A$6:$C$365,3,0))","v":0},0,0,0,0,0,null,0,0,0,0,0,0]
["2041-04-30",244,0,{"$f":"IF(ISNA(VLOOKUP($A252,ForecastPmt!$A$6:$C$365,3,0))=TRUE,0,VLOOKUP($A252,ForecastPmt!$A$6:$C$365,3,0))","v":0},0,0,0,0,0,null,0,0,0,0,0,0]
["2041-05-31",245,0,{"$f":"IF(ISNA(VLOOKUP($A253,ForecastPmt!$A$6:$C$365,3,0))=TRUE,0,VLOOKUP($A253,ForecastPmt!$A$6:$C$365,3,0))","v":0},0,0,0,0,0,null,0,0,0,0,0,0]
["2041-06-30",246,0,{"$f":"IF(ISNA(VLOOKUP($A254,ForecastPmt!$A$6:$C$365,3,0))=TRUE,0,VLOOKUP($A254,ForecastPmt!$A$6:$C$365,3,0))","v":0},0,0,0,0,0,null,0,0,0,0,0,0]
["2041-07-31",247,0,{"$f":"IF(ISNA(VLOOKUP($A255,ForecastPmt!$A$6:$C$365,3,0))=TRUE,0,VLOOKUP($A255,ForecastPmt!$A$6:$C$365,3,0))","v":0},0,0,0,0,0,null,0,0,0,0,0,0]
["2041-08-31",248,0,{"$f":"IF(ISNA(VLOOKUP($A256,ForecastPmt!$A$6:$C$365,3,0))=TRUE,0,VLOOKUP($A256,ForecastPmt!$A$6:$C$365,3,0))","v":0},0,0,0,0,0,null,0,0,0,0,0,0]
["2041-09-30",249,0,{"$f":"IF(ISNA(VLOOKUP($A257,ForecastPmt!$A$6:$C$365,3,0))=TRUE,0,VLOOKUP($A257,ForecastPmt!$A$6:$C$365,3,0))","v":0},0,0,0,0,0,null,0,0,0,0,0,0]
["2041-10-31",250,0,{"$f":"IF(ISNA(VLOOKUP($A258,ForecastPmt!$A$6:$C$365,3,0))=TRUE,0,VLOOKUP($A258,ForecastPmt!$A$6:$C$365,3,0))","v":0},0,0,0,0,0,null,0,0,0,0,0,0]
["2041-11-30",251,0,{"$f":"IF(ISNA(VLOOKUP($A259,ForecastPmt!$A$6:$C$365,3,0))=TRUE,0,VLOOKUP($A259,ForecastPmt!$A$6:$C$365,3,0))","v":0},0,0,0,0,0,null,0,0,0,0,0,0]
["2041-12-31",252,0,{"$f":"IF(ISNA(VLOOKUP($A260,ForecastPmt!$A$6:$C$365,3,0))=TRUE,0,VLOOKUP($A260,ForecastPmt!$A$6:$C$365,3,0))","v":0},0,0,0,0,0,null,0,0,0,0,0,0]
["2042-01-31",253,0,{"$f":"IF(ISNA(VLOOKUP($A261,ForecastPmt!$A$6:$C$365,3,0))=TRUE,0,VLOOKUP($A261,ForecastPmt!$A$6:$C$365,3,0))","v":0},0,0,0,0,0,null,0,0,0,0,0,0]
["2042-02-28",254,0,{"$f":"IF(ISNA(VLOOKUP($A262,ForecastPmt!$A$6:$C$365,3,0))=TRUE,0,VLOOKUP($A262,ForecastPmt!$A$6:$C$365,3,0))","v":0},0,0,0,0,0,null,0,0,0,0,0,0]
["2042-03-31",255,0,{"$f":"IF(ISNA(VLOOKUP($A263,ForecastPmt!$A$6:$C$365,3,0))=TRUE,0,VLOOKUP($A263,ForecastPmt!$A$6:$C$365,3,0))","v":0},0,0,0,0,0,null,0,0,0,0,0,0]
["2042-04-30",256,0,{"$f":"IF(ISNA(VLOOKUP($A264,ForecastPmt!$A$6:$C$365,3,0))=TRUE,0,VLOOKUP($A264,ForecastPmt!$A$6:$C$365,3,0))","v":0},0,0,0,0,0,null,0,0,0,0,0,0]
["2042-05-31",257,0,{"$f":"IF(ISNA(VLOOKUP($A265,ForecastPmt!$A$6:$C$365,3,0))=TRUE,0,VLOOKUP($A265,ForecastPmt!$A$6:$C$365,3,0))","v":0},0,{"$f":"C265*$C$4/12","v":0},0,0,{"$f":"H265/$C$3","v":0},null,0,0,{"$f":"K265*$C$4/12","v":0},{"$f":"L265-M265","v":0},0,{"$f":"O265/$C$3","v":0}]
[{"$f":"DATE(YEAR(A265),MONTH(A265)+2,1-1)","v":"2042-06-30"},258,0,{"$f":"IF(ISNA(VLOOKUP($A266,ForecastPmt!$A$6:$C$365,3,0))=TRUE,0,VLOOKUP($A266,ForecastPmt!$A$6:$C$365,3,0))","v":0},0,0,{"$f":"D266+E266-F266","v":0},{"$f":"IF(C266-G266<0.009,0,C266-G266)","v":0},0,null,0,0,0,0,{"$f":"IF(K266-N266<0.009,0,K266-N266)","v":0},0]
["2042-07-31",259,{"$f":"IF(H266>0,H266,0)","v":0},{"$f":"IF(ISNA(VLOOKUP($A267,ForecastPmt!$A$6:$C$365,3,0))=TRUE,0,VLOOKUP($A267,ForecastPmt!$A$6:$C$365,3,0))","v":0},{"$f":"IF(H266>$E$9,$E$9,IF(H266+F267>$E$9,$E$9,H266+F267))","v":0},0,0,0,0,null,{"$f":"IF(O266>0,O266,0)","v":0},{"$f":"IF($C$5+1-B267=0,0,L266)","v":0},0,0,0,0]
["2042-08-31",260,0,{"$f":"IF(ISNA(VLOOKUP($A268,ForecastPmt!$A$6:$C$365,3,0))=TRUE,0,VLOOKUP($A268,ForecastPmt!$A$6:$C$365,3,0))","v":0},0,0,0,0,0,null,0,0,0,0,0,0]
["2042-09-30",261,0,{"$f":"IF(ISNA(VLOOKUP($A269,ForecastPmt!$A$6:$C$365,3,0))=TRUE,0,VLOOKUP($A269,ForecastPmt!$A$6:$C$365,3,0))","v":0},0,0,0,0,0,null,0,0,0,0,0,0]
["2042-10-31",262,0,{"$f":"IF(ISNA(VLOOKUP($A270,ForecastPmt!$A$6:$C$365,3,0))=TRUE,0,VLOOKUP($A270,ForecastPmt!$A$6:$C$365,3,0))","v":0},0,0,0,0,0,null,0,0,0,0,0,0]
["2042-11-30",263,0,{"$f":"IF(ISNA(VLOOKUP($A271,ForecastPmt!$A$6:$C$365,3,0))=TRUE,0,VLOOKUP($A271,ForecastPmt!$A$6:$C$365,3,0))","v":0},0,0,0,0,0,null,0,0,0,0,0,0]
["2042-12-31",264,0,{"$f":"IF(ISNA(VLOOKUP($A272,ForecastPmt!$A$6:$C$365,3,0))=TRUE,0,VLOOKUP($A272,ForecastPmt!$A$6:$C$365,3,0))","v":0},0,0,0,0,0,null,0,0,0,0,0,0]
["2043-01-31",265,0,{"$f":"IF(ISNA(VLOOKUP($A273,ForecastPmt!$A$6:$C$365,3,0))=TRUE,0,VLOOKUP($A273,ForecastPmt!$A$6:$C$365,3,0))","v":0},0,0,0,0,0,null,0,0,0,0,0,0]
["2043-02-28",266,0,{"$f":"IF(ISNA(VLOOKUP($A274,ForecastPmt!$A$6:$C$365,3,0))=TRUE,0,VLOOKUP($A274,ForecastPmt!$A$6:$C$365,3,0))","v":0},0,0,0,0,0,null,0,0,0,0,0,0]
["2043-03-31",267,0,{"$f":"IF(ISNA(VLOOKUP($A275,ForecastPmt!$A$6:$C$365,3,0))=TRUE,0,VLOOKUP($A275,ForecastPmt!$A$6:$C$365,3,0))","v":0},0,0,0,0,0,null,0,0,0,0,0,0]
["2043-04-30",268,0,{"$f":"IF(ISNA(VLOOKUP($A276,ForecastPmt!$A$6:$C$365,3,0))=TRUE,0,VLOOKUP($A276,ForecastPmt!$A$6:$C$365,3,0))","v":0},0,0,0,0,0,null,0,0,0,0,0,0]
["2043-05-31",269,0,{"$f":"IF(ISNA(VLOOKUP($A277,ForecastPmt!$A$6:$C$365,3,0))=TRUE,0,VLOOKUP($A277,ForecastPmt!$A$6:$C$365,3,0))","v":0},0,0,0,0,0,null,0,0,0,0,0,0]
["2043-06-30",270,0,{"$f":"IF(ISNA(VLOOKUP($A278,ForecastPmt!$A$6:$C$365,3,0))=TRUE,0,VLOOKUP($A278,ForecastPmt!$A$6:$C$365,3,0))","v":0},0,0,0,0,0,null,0,0,0,0,0,0]
["2043-07-31",271,0,{"$f":"IF(ISNA(VLOOKUP($A279,ForecastPmt!$A$6:$C$365,3,0))=TRUE,0,VLOOKUP($A279,ForecastPmt!$A$6:$C$365,3,0))","v":0},0,0,0,0,0,null,0,0,0,0,0,0]
["2043-08-31",272,0,{"$f":"IF(ISNA(VLOOKUP($A280,ForecastPmt!$A$6:$C$365,3,0))=TRUE,0,VLOOKUP($A280,ForecastPmt!$A$6:$C$365,3,0))","v":0},0,0,0,0,0,null,0,0,0,0,0,0]
["2043-09-30",273,0,{"$f":"IF(ISNA(VLOOKUP($A281,ForecastPmt!$A$6:$C$365,3,0))=TRUE,0,VLOOKUP($A281,ForecastPmt!$A$6:$C$365,3,0))","v":0},0,0,0,0,0,null,0,0,0,0,0,0]
["2043-10-31",274,0,{"$f":"IF(ISNA(VLOOKUP($A282,ForecastPmt!$A$6:$C$365,3,0))=TRUE,0,VLOOKUP($A282,ForecastPmt!$A$6:$C$365,3,0))","v":0},0,0,0,0,0,null,0,0,0,0,0,0]
["2043-11-30",275,0,{"$f":"IF(ISNA(VLOOKUP($A283,ForecastPmt!$A$6:$C$365,3,0))=TRUE,0,VLOOKUP($A283,ForecastPmt!$A$6:$C$365,3,0))","v":0},0,0,0,0,0,null,0,0,0,0,0,0]
["2043-12-31",276,0,{"$f":"IF(ISNA(VLOOKUP($A284,ForecastPmt!$A$6:$C$365,3,0))=TRUE,0,VLOOKUP($A284,ForecastPmt!$A$6:$C$365,3,0))","v":0},0,0,0,0,0,null,0,0,0,0,0,0]
["2044-01-31",277,0,{"$f":"IF(ISNA(VLOOKUP($A285,ForecastPmt!$A$6:$C$365,3,0))=TRUE,0,VLOOKUP($A285,ForecastPmt!$A$6:$C$365,3,0))","v":0},0,0,0,0,0,null,0,0,0,0,0,0]
["2044-02-29",278,0,{"$f":"IF(ISNA(VLOOKUP($A286,ForecastPmt!$A$6:$C$365,3,0))=TRUE,0,VLOOKUP($A286,ForecastPmt!$A$6:$C$365,3,0))","v":0},0,0,0,0,0,null,0,0,0,0,0,0]
["2044-03-31",279,0,{"$f":"IF(ISNA(VLOOKUP($A287,ForecastPmt!$A$6:$C$365,3,0))=TRUE,0,VLOOKUP($A287,ForecastPmt!$A$6:$C$365,3,0))","v":0},0,0,0,0,0,null,0,0,0,0,0,0]
["2044-04-30",280,0,{"$f":"IF(ISNA(VLOOKUP($A288,ForecastPmt!$A$6:$C$365,3,0))=TRUE,0,VLOOKUP($A288,ForecastPmt!$A$6:$C$365,3,0))","v":0},0,0,0,0,0,null,0,0,0,0,0,0]
["2044-05-31",281,0,{"$f":"IF(ISNA(VLOOKUP($A289,ForecastPmt!$A$6:$C$365,3,0))=TRUE,0,VLOOKUP($A289,ForecastPmt!$A$6:$C$365,3,0))","v":0},0,0,0,0,0,null,0,0,0,0,0,0]
["2044-06-30",282,0,{"$f":"IF(ISNA(VLOOKUP($A290,ForecastPmt!$A$6:$C$365,3,0))=TRUE,0,VLOOKUP($A290,ForecastPmt!$A$6:$C$365,3,0))","v":0},0,0,0,0,0,null,0,0,0,0,0,0]
["2044-07-31",283,0,{"$f":"IF(ISNA(VLOOKUP($A291,ForecastPmt!$A$6:$C$365,3,0))=TRUE,0,VLOOKUP($A291,ForecastPmt!$A$6:$C$365,3,0))","v":0},0,0,0,0,0,null,0,0,0,0,0,0]
["2044-08-31",284,0,{"$f":"IF(ISNA(VLOOKUP($A292,ForecastPmt!$A$6:$C$365,3,0))=TRUE,0,VLOOKUP($A292,ForecastPmt!$A$6:$C$365,3,0))","v":0},0,0,0,0,0,null,0,0,0,0,0,0]
["2044-09-30",285,0,{"$f":"IF(ISNA(VLOOKUP($A293,ForecastPmt!$A$6:$C$365,3,0))=TRUE,0,VLOOKUP($A293,ForecastPmt!$A$6:$C$365,3,0))","v":0},0,0,0,0,0,null,0,0,0,0,0,0]
["2044-10-31",286,0,{"$f":"IF(ISNA(VLOOKUP($A294,ForecastPmt!$A$6:$C$365,3,0))=TRUE,0,VLOOKUP($A294,ForecastPmt!$A$6:$C$365,3,0))","v":0},0,0,0,0,0,null,0,0,0,0,0,0]
["2044-11-30",287,0,{"$f":"IF(ISNA(VLOOKUP($A295,ForecastPmt!$A$6:$C$365,3,0))=TRUE,0,VLOOKUP($A295,ForecastPmt!$A$6:$C$365,3,0))","v":0},0,0,0,0,0,null,0,0,0,0,0,0]
["2044-12-31",288,0,{"$f":"IF(ISNA(VLOOKUP($A296,ForecastPmt!$A$6:$C$365,3,0))=TRUE,0,VLOOKUP($A296,ForecastPmt!$A$6:$C$365,3,0))","v":0},0,0,0,0,0,null,0,0,0,0,0,0]
["2045-01-31",289,0,{"$f":"IF(ISNA(VLOOKUP($A297,ForecastPmt!$A$6:$C$365,3,0))=TRUE,0,VLOOKUP($A297,ForecastPmt!$A$6:$C$365,3,0))","v":0},0,0,0,0,0,null,0,0,0,0,0,0]
["2045-02-28",290,0,{"$f":"IF(ISNA(VLOOKUP($A298,ForecastPmt!$A$6:$C$365,3,0))=TRUE,0,VLOOKUP($A298,ForecastPmt!$A$6:$C$365,3,0))","v":0},0,0,0,0,0,null,0,0,0,0,0,0]
["2045-03-31",291,0,{"$f":"IF(ISNA(VLOOKUP($A299,ForecastPmt!$A$6:$C$365,3,0))=TRUE,0,VLOOKUP($A299,ForecastPmt!$A$6:$C$365,3,0))","v":0},0,0,0,0,0,null,0,0,0,0,0,0]
["2045-04-30",292,0,{"$f":"IF(ISNA(VLOOKUP($A300,ForecastPmt!$A$6:$C$365,3,0))=TRUE,0,VLOOKUP($A300,ForecastPmt!$A$6:$C$365,3,0))","v":0},0,0,0,0,0,null,0,0,0,0,0,0]
["2045-05-31",293,0,{"$f":"IF(ISNA(VLOOKUP($A301,ForecastPmt!$A$6:$C$365,3,0))=TRUE,0,VLOOKUP($A301,ForecastPmt!$A$6:$C$365,3,0))","v":0},0,0,0,0,0,null,0,0,0,0,0,0]
["2045-06-30",294,0,{"$f":"IF(ISNA(VLOOKUP($A302,ForecastPmt!$A$6:$C$365,3,0))=TRUE,0,VLOOKUP($A302,ForecastPmt!$A$6:$C$365,3,0))","v":0},0,0,0,0,0,null,0,0,0,0,0,0]
["2045-07-31",295,0,{"$f":"IF(ISNA(VLOOKUP($A303,ForecastPmt!$A$6:$C$365,3,0))=TRUE,0,VLOOKUP($A303,ForecastPmt!$A$6:$C$365,3,0))","v":0},0,0,0,0,0,null,0,0,0,0,0,0]
["2045-08-31",296,0,{"$f":"IF(ISNA(VLOOKUP($A304,ForecastPmt!$A$6:$C$365,3,0))=TRUE,0,VLOOKUP($A304,ForecastPmt!$A$6:$C$365,3,0))","v":0},0,0,0,0,0,null,0,0,0,0,0,0]
["2045-09-30",297,0,{"$f":"IF(ISNA(VLOOKUP($A305,ForecastPmt!$A$6:$C$365,3,0))=TRUE,0,VLOOKUP($A305,ForecastPmt!$A$6:$C$365,3,0))","v":0},0,0,0,0,0,null,0,0,0,0,0,0]
["2045-10-31",298,0,{"$f":"IF(ISNA(VLOOKUP($A306,ForecastPmt!$A$6:$C$365,3,0))=TRUE,0,VLOOKUP($A306,ForecastPmt!$A$6:$C$365,3,0))","v":0},0,0,0,0,0,null,0,0,0,0,0,0]
["2045-11-30",299,0,{"$f":"IF(ISNA(VLOOKUP($A307,ForecastPmt!$A$6:$C$365,3,0))=TRUE,0,VLOOKUP($A307,ForecastPmt!$A$6:$C$365,3,0))","v":0},0,0,0,0,0,null,0,0,0,0,0,0]
["2045-12-31",300,0,{"$f":"IF(ISNA(VLOOKUP($A308,ForecastPmt!$A$6:$C$365,3,0))=TRUE,0,VLOOKUP($A308,ForecastPmt!$A$6:$C$365,3,0))","v":0},0,0,0,0,0,null,0,0,0,0,0,0]
["2046-01-31",301,0,{"$f":"IF(ISNA(VLOOKUP($A309,ForecastPmt!$A$6:$C$365,3,0))=TRUE,0,VLOOKUP($A309,ForecastPmt!$A$6:$C$365,3,0))","v":0},0,0,0,0,0,null,0,0,0,0,0,0]
["2046-02-28",302,0,{"$f":"IF(ISNA(VLOOKUP($A310,ForecastPmt!$A$6:$C$365,3,0))=TRUE,0,VLOOKUP($A310,ForecastPmt!$A$6:$C$365,3,0))","v":0},0,0,0,0,0,null,0,0,0,0,0,0]
["2046-03-31",303,0,{"$f":"IF(ISNA(VLOOKUP($A311,ForecastPmt!$A$6:$C$365,3,0))=TRUE,0,VLOOKUP($A311,ForecastPmt!$A$6:$C$365,3,0))","v":0},0,0,0,0,0,null,0,0,0,0,0,0]
["2046-04-30",304,0,{"$f":"IF(ISNA(VLOOKUP($A312,ForecastPmt!$A$6:$C$365,3,0))=TRUE,0,VLOOKUP($A312,ForecastPmt!$A$6:$C$365,3,0))","v":0},0,0,0,0,0,null,0,0,0,0,0,0]
["2046-05-31",305,0,{"$f":"IF(ISNA(VLOOKUP($A313,ForecastPmt!$A$6:$C$365,3,0))=TRUE,0,VLOOKUP($A313,ForecastPmt!$A$6:$C$365,3,0))","v":0},0,0,0,0,0,null,0,0,0,0,0,0]
["2046-06-30",306,0,{"$f":"IF(ISNA(VLOOKUP($A314,ForecastPmt!$A$6:$C$365,3,0))=TRUE,0,VLOOKUP($A314,ForecastPmt!$A$6:$C$365,3,0))","v":0},0,0,0,0,0,null,0,0,0,0,0,0]
["2046-07-31",307,0,{"$f":"IF(ISNA(VLOOKUP($A315,ForecastPmt!$A$6:$C$365,3,0))=TRUE,0,VLOOKUP($A315,ForecastPmt!$A$6:$C$365,3,0))","v":0},0,0,0,0,0,null,0,0,0,0,0,0]
["2046-08-31",308,0,{"$f":"IF(ISNA(VLOOKUP($A316,ForecastPmt!$A$6:$C$365,3,0))=TRUE,0,VLOOKUP($A316,ForecastPmt!$A$6:$C$365,3,0))","v":0},0,0,0,0,0,null,0,0,0,0,0,0]
["2046-09-30",309,0,{"$f":"IF(ISNA(VLOOKUP($A317,ForecastPmt!$A$6:$C$365,3,0))=TRUE,0,VLOOKUP($A317,ForecastPmt!$A$6:$C$365,3,0))","v":0},0,0,0,0,0,null,0,0,0,0,0,0]
["2046-10-31",310,0,{"$f":"IF(ISNA(VLOOKUP($A318,ForecastPmt!$A$6:$C$365,3,0))=TRUE,0,VLOOKUP($A318,ForecastPmt!$A$6:$C$365,3,0))","v":0},0,0,0,0,0,null,0,0,0,0,0,0]
["2046-11-30",311,0,{"$f":"IF(ISNA(VLOOKUP($A319,ForecastPmt!$A$6:$C$365,3,0))=TRUE,0,VLOOKUP($A319,ForecastPmt!$A$6:$C$365,3,0))","v":0},0,0,0,0,0,null,0,0,0,0,0,0]
["2046-12-31",312,0,{"$f":"IF(ISNA(VLOOKUP($A320,ForecastPmt!$A$6:$C$365,3,0))=TRUE,0,VLOOKUP($A320,ForecastPmt!$A$6:$C$365,3,0))","v":0},0,0,0,0,0,null,0,0,0,0,0,0]
["2047-01-31",313,0,{"$f":"IF(ISNA(VLOOKUP($A321,ForecastPmt!$A$6:$C$365,3,0))=TRUE,0,VLOOKUP($A321,ForecastPmt!$A$6:$C$365,3,0))","v":0},0,0,0,0,0,null,0,0,0,0,0,0]
["2047-02-28",314,0,{"$f":"IF(ISNA(VLOOKUP($A322,ForecastPmt!$A$6:$C$365,3,0))=TRUE,0,VLOOKUP($A322,ForecastPmt!$A$6:$C$365,3,0))","v":0},0,0,0,0,0,null,0,0,0,0,0,0]
["2047-03-31",315,0,{"$f":"IF(ISNA(VLOOKUP($A323,ForecastPmt!$A$6:$C$365,3,0))=TRUE,0,VLOOKUP($A323,ForecastPmt!$A$6:$C$365,3,0))","v":0},0,0,0,0,0,null,0,0,0,0,0,0]
["2047-04-30",316,0,{"$f":"IF(ISNA(VLOOKUP($A324,ForecastPmt!$A$6:$C$365,3,0))=TRUE,0,VLOOKUP($A324,ForecastPmt!$A$6:$C$365,3,0))","v":0},0,0,0,0,0,null,0,0,0,0,0,0]
["2047-05-31",317,0,{"$f":"IF(ISNA(VLOOKUP($A325,ForecastPmt!$A$6:$C$365,3,0))=TRUE,0,VLOOKUP($A325,ForecastPmt!$A$6:$C$365,3,0))","v":0},0,0,0,0,0,null,0,0,0,0,0,0]
["2047-06-30",318,0,{"$f":"IF(ISNA(VLOOKUP($A326,ForecastPmt!$A$6:$C$365,3,0))=TRUE,0,VLOOKUP($A326,ForecastPmt!$A$6:$C$365,3,0))","v":0},0,0,0,0,0,null,0,0,0,0,0,0]
["2047-07-31",319,0,{"$f":"IF(ISNA(VLOOKUP($A327,ForecastPmt!$A$6:$C$365,3,0))=TRUE,0,VLOOKUP($A327,ForecastPmt!$A$6:$C$365,3,0))","v":0},0,0,0,0,0,null,0,0,0,0,0,0]
["2047-08-31",320,0,{"$f":"IF(ISNA(VLOOKUP($A328,ForecastPmt!$A$6:$C$365,3,0))=TRUE,0,VLOOKUP($A328,ForecastPmt!$A$6:$C$365,3,0))","v":0},0,0,0,0,0,null,0,0,0,0,0,0]
["2047-09-30",321,0,{"$f":"IF(ISNA(VLOOKUP($A329,ForecastPmt!$A$6:$C$365,3,0))=TRUE,0,VLOOKUP($A329,ForecastPmt!$A$6:$C$365,3,0))","v":0},0,{"$f":"C329*$C$4/12","v":0},0,0,{"$f":"H329/$C$3","v":0},null,0,0,{"$f":"K329*$C$4/12","v":0},{"$f":"L329-M329","v":0},0,{"$f":"O329/$C$3","v":0}]
[{"$f":"DATE(YEAR(A329),MONTH(A329)+2,1-1)","v":"2047-10-31"},322,0,{"$f":"IF(ISNA(VLOOKUP($A330,ForecastPmt!$A$6:$C$365,3,0))=TRUE,0,VLOOKUP($A330,ForecastPmt!$A$6:$C$365,3,0))","v":0},0,0,{"$f":"D330+E330-F330","v":0},{"$f":"IF(C330-G330<0.009,0,C330-G330)","v":0},0,null,0,0,0,0,{"$f":"IF(K330-N330<0.009,0,K330-N330)","v":0},0]
["2047-11-30",323,{"$f":"IF(H330>0,H330,0)","v":0},{"$f":"IF(ISNA(VLOOKUP($A331,ForecastPmt!$A$6:$C$365,3,0))=TRUE,0,VLOOKUP($A331,ForecastPmt!$A$6:$C$365,3,0))","v":0},{"$f":"IF(H330>$E$9,$E$9,IF(H330+F331>$E$9,$E$9,H330+F331))","v":0},0,0,0,0,null,{"$f":"IF(O330>0,O330,0)","v":0},{"$f":"IF($C$5+1-B331=0,0,L330)","v":0},0,0,0,0]
["2047-12-31",324,0,{"$f":"IF(ISNA(VLOOKUP($A332,ForecastPmt!$A$6:$C$365,3,0))=TRUE,0,VLOOKUP($A332,ForecastPmt!$A$6:$C$365,3,0))","v":0},0,0,0,0,0,null,0,0,0,0,0,0]
["2048-01-31",325,0,{"$f":"IF(ISNA(VLOOKUP($A333,ForecastPmt!$A$6:$C$365,3,0))=TRUE,0,VLOOKUP($A333,ForecastPmt!$A$6:$C$365,3,0))","v":0},0,0,0,0,0,null,0,0,0,0,0,0]
["2048-02-29",326,0,{"$f":"IF(ISNA(VLOOKUP($A334,ForecastPmt!$A$6:$C$365,3,0))=TRUE,0,VLOOKUP($A334,ForecastPmt!$A$6:$C$365,3,0))","v":0},0,0,0,0,0,null,0,0,0,0,0,0]
["2048-03-31",327,0,{"$f":"IF(ISNA(VLOOKUP($A335,ForecastPmt!$A$6:$C$365,3,0))=TRUE,0,VLOOKUP($A335,ForecastPmt!$A$6:$C$365,3,0))","v":0},0,0,0,0,0,null,0,0,0,0,0,0]
["2048-04-30",328,0,{"$f":"IF(ISNA(VLOOKUP($A336,ForecastPmt!$A$6:$C$365,3,0))=TRUE,0,VLOOKUP($A336,ForecastPmt!$A$6:$C$365,3,0))","v":0},0,0,0,0,0,null,0,0,0,0,0,0]
["2048-05-31",329,0,{"$f":"IF(ISNA(VLOOKUP($A337,ForecastPmt!$A$6:$C$365,3,0))=TRUE,0,VLOOKUP($A337,ForecastPmt!$A$6:$C$365,3,0))","v":0},0,0,0,0,0,null,0,0,0,0,0,0]
["2048-06-30",330,0,{"$f":"IF(ISNA(VLOOKUP($A338,ForecastPmt!$A$6:$C$365,3,0))=TRUE,0,VLOOKUP($A338,ForecastPmt!$A$6:$C$365,3,0))","v":0},0,0,0,0,0,null,0,0,0,0,0,0]
["2048-07-31",331,0,{"$f":"IF(ISNA(VLOOKUP($A339,ForecastPmt!$A$6:$C$365,3,0))=TRUE,0,VLOOKUP($A339,ForecastPmt!$A$6:$C$365,3,0))","v":0},0,0,0,0,0,null,0,0,0,0,0,0]
["2048-08-31",332,0,{"$f":"IF(ISNA(VLOOKUP($A340,ForecastPmt!$A$6:$C$365,3,0))=TRUE,0,VLOOKUP($A340,ForecastPmt!$A$6:$C$365,3,0))","v":0},0,0,0,0,0,null,0,0,0,0,0,0]
["2048-09-30",333,0,{"$f":"IF(ISNA(VLOOKUP($A341,ForecastPmt!$A$6:$C$365,3,0))=TRUE,0,VLOOKUP($A341,ForecastPmt!$A$6:$C$365,3,0))","v":0},0,0,0,0,0,null,0,0,0,0,0,0]
["2048-10-31",334,0,{"$f":"IF(ISNA(VLOOKUP($A342,ForecastPmt!$A$6:$C$365,3,0))=TRUE,0,VLOOKUP($A342,ForecastPmt!$A$6:$C$365,3,0))","v":0},0,0,0,0,0,null,0,0,0,0,0,0]
["2048-11-30",335,0,{"$f":"IF(ISNA(VLOOKUP($A343,ForecastPmt!$A$6:$C$365,3,0))=TRUE,0,VLOOKUP($A343,ForecastPmt!$A$6:$C$365,3,0))","v":0},0,0,0,0,0,null,0,0,0,0,0,0]
["2048-12-31",336,0,{"$f":"IF(ISNA(VLOOKUP($A344,ForecastPmt!$A$6:$C$365,3,0))=TRUE,0,VLOOKUP($A344,ForecastPmt!$A$6:$C$365,3,0))","v":0},0,0,0,0,0,null,0,0,0,0,0,0]
["2049-01-31",337,0,{"$f":"IF(ISNA(VLOOKUP($A345,ForecastPmt!$A$6:$C$365,3,0))=TRUE,0,VLOOKUP($A345,ForecastPmt!$A$6:$C$365,3,0))","v":0},0,0,0,0,0,null,0,0,0,0,0,0]
["2049-02-28",338,0,{"$f":"IF(ISNA(VLOOKUP($A346,ForecastPmt!$A$6:$C$365,3,0))=TRUE,0,VLOOKUP($A346,ForecastPmt!$A$6:$C$365,3,0))","v":0},0,0,0,0,0,null,0,0,0,0,0,0]
["2049-03-31",339,0,{"$f":"IF(ISNA(VLOOKUP($A347,ForecastPmt!$A$6:$C$365,3,0))=TRUE,0,VLOOKUP($A347,ForecastPmt!$A$6:$C$365,3,0))","v":0},0,0,0,0,0,null,0,0,0,0,0,0]
["2049-04-30",340,0,{"$f":"IF(ISNA(VLOOKUP($A348,ForecastPmt!$A$6:$C$365,3,0))=TRUE,0,VLOOKUP($A348,ForecastPmt!$A$6:$C$365,3,0))","v":0},0,0,0,0,0,null,0,0,0,0,0,0]
["2049-05-31",341,0,{"$f":"IF(ISNA(VLOOKUP($A349,ForecastPmt!$A$6:$C$365,3,0))=TRUE,0,VLOOKUP($A349,ForecastPmt!$A$6:$C$365,3,0))","v":0},0,0,0,0,0,null,0,0,0,0,0,0]
["2049-06-30",342,0,{"$f":"IF(ISNA(VLOOKUP($A350,ForecastPmt!$A$6:$C$365,3,0))=TRUE,0,VLOOKUP($A350,ForecastPmt!$A$6:$C$365,3,0))","v":0},0,0,0,0,0,null,0,0,0,0,0,0]
["2049-07-31",343,0,{"$f":"IF(ISNA(VLOOKUP($A351,ForecastPmt!$A$6:$C$365,3,0))=TRUE,0,VLOOKUP($A351,ForecastPmt!$A$6:$C$365,3,0))","v":0},0,0,0,0,0,null,0,0,0,0,0,0]
["2049-08-31",344,0,{"$f":"IF(ISNA(VLOOKUP($A352,ForecastPmt!$A$6:$C$365,3,0))=TRUE,0,VLOOKUP($A352,ForecastPmt!$A$6:$C$365,3,0))","v":0},0,0,0,0,0,null,0,0,0,0,0,0]
["2049-09-30",345,0,{"$f":"IF(ISNA(VLOOKUP($A353,ForecastPmt!$A$6:$C$365,3,0))=TRUE,0,VLOOKUP($A353,ForecastPmt!$A$6:$C$365,3,0))","v":0},0,0,0,0,0,null,0,0,0,0,0,0]
["2049-10-31",346,0,{"$f":"IF(ISNA(VLOOKUP($A354,ForecastPmt!$A$6:$C$365,3,0))=TRUE,0,VLOOKUP($A354,ForecastPmt!$A$6:$C$365,3,0))","v":0},0,0,0,0,0,null,0,0,0,0,0,0]
["2049-11-30",347,0,{"$f":"IF(ISNA(VLOOKUP($A355,ForecastPmt!$A$6:$C$365,3,0))=TRUE,0,VLOOKUP($A355,ForecastPmt!$A$6:$C$365,3,0))","v":0},0,0,0,0,0,null,0,0,0,0,0,0]
["2049-12-31",348,0,{"$f":"IF(ISNA(VLOOKUP($A356,ForecastPmt!$A$6:$C$365,3,0))=TRUE,0,VLOOKUP($A356,ForecastPmt!$A$6:$C$365,3,0))","v":0},0,0,0,0,0,null,0,0,0,0,0,0]
["2050-01-31",349,0,{"$f":"IF(ISNA(VLOOKUP($A357,ForecastPmt!$A$6:$C$365,3,0))=TRUE,0,VLOOKUP($A357,ForecastPmt!$A$6:$C$365,3,0))","v":0},0,0,0,0,0,null,0,0,0,0,0,0]
["2050-02-28",350,0,{"$f":"IF(ISNA(VLOOKUP($A358,ForecastPmt!$A$6:$C$365,3,0))=TRUE,0,VLOOKUP($A358,ForecastPmt!$A$6:$C$365,3,0))","v":0},0,0,0,0,0,null,0,0,0,0,0,0]
["2050-03-31",351,0,{"$f":"IF(ISNA(VLOOKUP($A359,ForecastPmt!$A$6:$C$365,3,0))=TRUE,0,VLOOKUP($A359,ForecastPmt!$A$6:$C$365,3,0))","v":0},0,0,0,0,0,null,0,0,0,0,0,0]
["2050-04-30",352,0,{"$f":"IF(ISNA(VLOOKUP($A360,ForecastPmt!$A$6:$C$365,3,0))=TRUE,0,VLOOKUP($A360,ForecastPmt!$A$6:$C$365,3,0))","v":0},0,0,0,0,0,null,0,0,0,0,0,0]
["2050-05-31",353,0,{"$f":"IF(ISNA(VLOOKUP($A361,ForecastPmt!$A$6:$C$365,3,0))=TRUE,0,VLOOKUP($A361,ForecastPmt!$A$6:$C$365,3,0))","v":0},0,0,0,0,0,null,0,0,0,0,0,0]
["2050-06-30",354,0,{"$f":"IF(ISNA(VLOOKUP($A362,ForecastPmt!$A$6:$C$365,3,0))=TRUE,0,VLOOKUP($A362,ForecastPmt!$A$6:$C$365,3,0))","v":0},0,0,0,0,0,null,0,0,0,0,0,0]
["2050-07-31",355,0,{"$f":"IF(ISNA(VLOOKUP($A363,ForecastPmt!$A$6:$C$365,3,0))=TRUE,0,VLOOKUP($A363,ForecastPmt!$A$6:$C$365,3,0))","v":0},0,0,0,0,0,null,0,0,0,0,0,0]
["2050-08-31",356,0,{"$f":"IF(ISNA(VLOOKUP($A364,ForecastPmt!$A$6:$C$365,3,0))=TRUE,0,VLOOKUP($A364,ForecastPmt!$A$6:$C$365,3,0))","v":0},0,0,0,0,0,null,0,0,0,0,0,0]
["2050-09-30",357,0,{"$f":"IF(ISNA(VLOOKUP($A365,ForecastPmt!$A$6:$C$365,3,0))=TRUE,0,VLOOKUP($A365,ForecastPmt!$A$6:$C$365,3,0))","v":0},0,0,0,0,0,null,0,0,0,0,0,0]
["2050-10-31",358,0,{"$f":"IF(ISNA(VLOOKUP($A366,ForecastPmt!$A$6:$C$365,3,0))=TRUE,0,VLOOKUP($A366,ForecastPmt!$A$6:$C$365,3,0))","v":0},0,0,0,0,0,null,0,0,0,0,0,0]
["2050-11-30",359,0,{"$f":"IF(ISNA(VLOOKUP($A367,ForecastPmt!$A$6:$C$365,3,0))=TRUE,0,VLOOKUP($A367,ForecastPmt!$A$6:$C$365,3,0))","v":0},0,0,0,0,0,null,0,0,0,0,0,0]
["2050-12-31",360,0,{"$f":"IF(ISNA(VLOOKUP($A368,ForecastPmt!$A$6:$C$365,3,0))=TRUE,0,VLOOKUP($A368,ForecastPmt!$A$6:$C$365,3,0))","v":0},0,0,0,0,0,null,0,0,0,0,0,0]
[null,null,null,{"$f":"SUM(D9:D368)","v":0},{"$f":"SUM(E9:E368)","v":4299711.1801772173},{"$f":"SUM(F9:F368)","v":2358030.7263768748},{"$f":"IF(SUM(G9:G368)>C3,C3,SUM(G9:G368))","v":1941680.4538003367},null,null,null,null,{"$f":"SUM(L9:L368)","v":4299711.1801772173},{"$f":"SUM(M9:M368)","v":2358030.7263768748},{"$f":"SUM(N9:N368)","v":1941680.4538003367}]

{"sheet":"CalcAmort","index":10,"n_rows":369,"n_cols":8,"rows_kept":369,"cut":false,"hidden":true,"merged":[[5,0,5,1],[2,0,2,1],[3,0,3,1],[4,0,4,1]]}
["Loan Amortization Calculator"]
[]
["Outstanding Loan Balance",null,2000000]
["Annual Interest Rate",null,0.1]
["Loan Period (Months)",null,240]
["Calculation Date",null,43922]
["© www.excel-skills.com"]
["Month","Repayment Number","Opening Balance","Loan Repayment","Interest Charged","Capital \nRepaid","Closing Balance","% \nOutstanding"]
[{"$f":"DATE(YEAR(C6),MONTH(C6)+1,1-1)","v":"2020-04-30"},1,{"$f":"$C$3","v":2000000},{"$f":"-PMT(C4/12,C5,C3,0,0)","v":19300.432901480159},{"$f":"C9*$C$4/12","v":16666.666666666668},{"$f":"D9-E9","v":2633.7662348134909},{"$f":"C9-F9","v":1997366.2337651865},{"$f":"G9/$C$3","v":0.99868311688259326}]
[{"$f":"DATE(YEAR(A9),MONTH(A9)+2,1-1)","v":"2020-05-31"},2,{"$f":"IF(ROUND(G9,0)>0,G9,0)","v":1997366.2337651865},{"$f":"IF($C$5+1-B10=0,0,D9)","v":19300.432901480159},16644.718614709887,2655.7142867702714,1994710.5194784163,0.99735525973920813]
["2020-06-30",3,1994710.5194784163,19300.432901480159,16622.587662320137,2677.8452391600222,1992032.6742392562,0.99601633711962811]
["2020-07-31",4,1992032.6742392562,19300.432901480159,16600.272285327137,2700.1606161530217,1989332.5136231033,0.99466625681155163]
["2020-08-31",5,1989332.5136231033,19300.432901480159,16577.770946859197,2722.6619546209622,1986609.8516684824,0.99330492583424124]
["2020-09-30",6,1986609.8516684824,19300.432901480159,16555.082097237355,2745.3508042428039,1983864.5008642396,0.99193225043211986]
["2020-10-31",7,1983864.5008642396,19300.432901480159,16532.204173868664,2768.2287276114948,1981096.2721366282,0.99054813606831404]
["2020-11-30",8,1981096.2721366282,19300.432901480159,16509.135601138569,2791.29730034159,1978304.9748362866,0.98915248741814332]
["2020-12-31",9,1978304.9748362866,19300.432901480159,16485.87479030239,2814.5581111777683,1975490.4167251089,0.98774520836255442]
["2021-01-31",10,1975490.4167251089,19300.432901480159,16462.42013937591,2838.0127621042484,1972652.4039630047,0.98632620198150234]
["2021-02-28",11,1972652.4039630047,19300.432901480159,16438.770033025041,2861.6628684551179,1969790.7410945497,0.98489537054727483]
["2021-03-31",12,1969790.7410945497,19300.432901480159,16414.922842454584,2885.5100590255752,1966905.231035524,0.98345261551776197]
["2021-04-30",13,1966905.231035524,19300.432901480159,16390.876925296034,2909.555976184125,1963995.67505934,0.98199783752966996]
["2021-05-31",14,1963995.67505934,19300.432901480159,16366.630625494501,2933.8022759856576,1961061.8727833543,0.9805309363916771]
["2021-06-30",15,1961061.8727833543,19300.432901480159,16342.182273194621,2958.2506282855375,1958103.6221550687,0.97905181107753436]
["2021-07-31",16,1958103.6221550687,19300.432901480159,16317.530184625573,2982.9027168545854,1955120.7194382141,0.97756035971910704]
["2021-08-31",17,1955120.7194382141,19300.432901480159,16292.672661985118,3007.7602394950409,1952112.9591987191,0.97605647959935959]
["2021-09-30",18,1952112.9591987191,19300.432901480159,16267.607993322659,3032.8249081574995,1949080.1342905615,0.97454006714528074]
["2021-10-31",19,1949080.1342905615,19300.432901480159,16242.334452421346,3058.0984490588125,1946022.0358415027,0.9730110179207514]
["2021-11-30",20,1946022.0358415027,19300.432901480159,16216.850298679192,3083.5826028009669,1942938.4532387017,0.97146922661935087]
["2021-12-31",21,1942938.4532387017,19300.432901480159,16191.153776989182,3109.2791244909768,1939829.1741142108,0.96991458705710543]
["2022-01-31",22,1939829.1741142108,19300.432901480159,16165.243117618424,3135.1897838617351,1936693.9843303491,0.96834699216517461]
["2022-02-28",23,1936693.9843303491,19300.432901480159,16139.116536086243,3161.3163653939155,1933532.6679649553,0.96676633398247769]
["2022-03-31",24,1933532.6679649553,19300.432901480159,16112.772233041294,3187.6606684388644,1930345.0072965166,0.96517250364825824]
["2022-04-30",25,1930345.0072965166,19300.432901480159,16086.208394137639,3214.2245073425202,1927130.782789174,0.96356539139458697]
["2022-05-31",26,1927130.782789174,19300.432901480159,16059.423189909785,3241.0097115703738,1923889.7730776037,0.96194488653880184]
["2022-06-30",27,1923889.7730776037,19300.432901480159,16032.414775646699,3268.0181258334596,1920621.7549517702,0.96031087747588506]
["2022-07-31",28,1920621.7549517702,19300.432901480159,16005.181291264753,3295.2516102154059,1917326.5033415547,0.95866325167077737]
["2022-08-31",29,1917326.5033415547,19300.432901480159,15977.720861179623,3322.7120403005356,1914003.7913012542,0.9570018956506271]
["2022-09-30",30,1914003.7913012542,19300.432901480159,15950.031594177119,3350.4013073030401,1910653.3899939512,0.95532669499697564]
["2022-10-31",31,1910653.3899939512,19300.432901480159,15922.111583282929,3378.3213181972296,1907275.0686757539,0.9536375343378769]
["2022-11-30",32,1907275.0686757539,19300.432901480159,15893.958905631283,3406.4739958488753,1903868.5946799051,0.9519342973399525]
["2022-12-31",33,1903868.5946799051,19300.432901480159,15865.571622332543,3434.8612791476153,1900433.7334007574,0.95021686670037875]
["2023-01-31",34,1900433.7334007574,19300.432901480159,15836.947778339645,3463.4851231405137,1896970.2482776169,0.94848512413880848]
["2023-02-28",35,1896970.2482776169,19300.432901480159,15808.085402313474,3492.3474991666844,1893477.9007784503,0.94673895038922518]
["2023-03-31",36,1893477.9007784503,19300.432901480159,15778.982506487087,3521.4503949930713,1889956.4503834571,0.94497822519172858]
["2023-04-30",37,1889956.4503834571,19300.432901480159,15749.63708652881,3550.7958149513488,1886405.6545685057,0.94320282728425286]
["2023-05-31",38,1886405.6545685057,19300.432901480159,15720.047121404214,3580.3857800759451,1882825.2687884297,0.94141263439421485]
["2023-06-30",39,1882825.2687884297,19300.432901480159,15690.210573236915,3610.2223282432442,1879215.0464601864,0.93960752323009322]
["2023-07-31",40,1879215.0464601864,19300.432901480159,15660.12538716822,3640.3075143119386,1875574.7389458744,0.93778736947293717]
["2023-08-31",41,1875574.7389458744,19300.432901480159,15629.789491215621,3670.643410264538,1871904.0955356099,0.93595204776780494]
["2023-09-30",42,1871904.0955356099,19300.432901480159,15599.200796130084,3701.2321053500746,1868202.8634302597,0.93410143171512983]
["2023-10-31",43,1868202.8634302597,19300.432901480159,15568.357195252165,3732.0757062279936,1864470.7877240318,0.93223539386201593]
["2023-11-30",44,1864470.7877240318,19300.432901480159,15537.256564366931,3763.1763371132274,1860707.6113869187,0.93035380569345938]
["2023-12-31",45,1860707.6113869187,19300.432901480159,15505.896761557657,3794.5361399225021,1856913.0752469962,0.92845653762349811]
["2024-01-31",46,1856913.0752469962,19300.432901480159,15474.275627058303,3826.1572744218556,1853086.9179725745,0.92654345898628721]
["2024-02-29",47,1853086.9179725745,19300.432901480159,15442.390983104788,3858.0419183753711,1849228.8760541992,0.92461443802709964]
["2024-03-31",48,1849228.8760541992,19300.432901480159,15410.240633784995,3890.1922676951635,1845338.683786504,0.922669341893252]
["2024-04-30",49,1845338.683786504,19300.432901480159,15377.822364887534,3922.6105365926251,1841416.0732499114,0.92070803662495571]
["2024-05-31",50,1841416.0732499114,19300.432901480159,15345.133943749262,3955.2989577308963,1837460.7742921805,0.91873038714609023]
["2024-06-30",51,1837460.7742921805,19300.432901480159,15312.173119101506,3988.2597823786527,1833472.514509802,0.91673625725490104]
["2024-07-31",52,1833472.514509802,19300.432901480159,15278.937620915016,4021.4952805651428,1829451.0192292368,0.9147255096146184]
["2024-08-31",53,1829451.0192292368,19300.432901480159,15245.425160243642,4055.0077412365172,1825396.0114880002,0.91269800574400006]
["2024-09-30",54,1825396.0114880002,19300.432901480159,15211.633429066669,4088.7994724134896,1821307.2120155867,0.91065360600779333]
["2024-10-31",55,1821307.2120155867,19300.432901480159,15177.560100129891,4122.8728013502678,1817184.3392142365,0.90859216960711819]
["2024-11-30",56,1817184.3392142365,19300.432901480159,15143.202826785304,4157.2300746948549,1813027.1091395416,0.90651355456977079]
["2024-12-31",57,1813027.1091395416,19300.432901480159,15108.559242829515,4191.8736586506438,1808835.2354808911,0.90441761774044549]
["2025-01-31",58,1808835.2354808911,19300.432901480159,15073.626962340759,4226.8059391393999,1804608.4295417517,0.90230421477087586]
["2025-02-28",59,1804608.4295417517,19300.432901480159,15038.403579514599,4262.0293219655596,1800346.4002197862,0.9001732001098931]
["2025-03-31",60,1800346.4002197862,19300.432901480159,15002.88666849822,4297.5462329819384,1796048.8539868044,0.89802442699340224]
["2025-04-30",61,1796048.8539868044,19300.432901480159,14967.073783223372,4333.359118256787,1791715.4948685477,0.89585774743427382]
["2025-05-31",62,1791715.4948685477,19300.432901480159,14930.962457237898,4369.4704442422608,1787346.0244243054,0.89367301221215267]
["2025-06-30",63,1787346.0244243054,19300.432901480159,14894.55020353588,4405.8826979442783,1782940.1417263611,0.89147007086318053]
["2025-07-31",64,1782940.1417263611,19300.432901480159,14857.834514386343,4442.5983870938162,1778497.5433392674,0.88924877166963368]
["2025-08-31",65,1778497.5433392674,19300.432901480159,{"$f":"C73*$C$4/12","v":14820.812861160563},{"$f":"D73-E73","v":4479.6200403195962},{"$f":"C73-F73","v":1774017.9232989477},{"$f":"G73/$C$3","v":0.88700896164947385}]
[{"$f":"DATE(YEAR(A73),MONTH(A73)+2,1-1)","v":"2025-09-30"},66,{"$f":"IF(ROUND(G73,0)>0,G73,0)","v":1774017.9232989477},{"$f":"IF($C$5+1-B74=0,0,D73)","v":19300.432901480159},14783.482694157899,4516.9502073222593,1769500.9730916254,0.88475048654581268]
["2025-10-31",67,1769500.9730916254,19300.432901480159,14745.841442430212,4554.5914590499469,1764946.3816325755,0.88247319081628772]
["2025-11-30",68,1764946.3816325755,19300.432901480159,14707.886513604797,4592.5463878753617,1760353.8352447001,0.88017691762235006]
["2025-12-31",69,1760353.8352447001,19300.432901480159,14669.615293705836,4630.8176077743228,1755723.0176369257,0.87786150881846281]
["2026-01-31",70,1755723.0176369257,19300.432901480159,14631.025146974382,4669.4077545057771,1751053.6098824199,0.87552680494120994]
["2026-02-28",71,1751053.6098824199,19300.432901480159,14592.113415686834,4708.3194857933249,1746345.2903966266,0.87317264519831328]
["2026-03-31",72,1746345.2903966266,19300.432901480159,14552.87741997189,4747.5554815082687,1741597.7349151182,0.87079886745755908]
["2026-04-30",73,1741597.7349151182,19300.432901480159,14513.314457625986,4787.1184438541732,1736810.616471264,0.868405308235632]
["2026-05-31",74,1736810.616471264,19300.432901480159,14473.421803927202,4827.0110975529569,1731983.6053737111,0.86599180268685549]
["2026-06-30",75,1731983.6053737111,19300.432901480159,14433.196711447594,4867.236190032565,1727116.3691836784,0.8635581845918392]
["2026-07-31",76,1727116.3691836784,19300.432901480159,14392.636409863988,4907.7964916161709,1722208.5726920622,0.86110428634603109]
["2026-08-31",77,1722208.5726920622,19300.432901480159,14351.738105767186,4948.6947957129723,1717259.8778963492,0.85862993894817463]
["2026-09-30",78,1717259.8778963492,19300.432901480159,14310.498982469579,4989.9339190105802,1712269.9439773385,0.85613497198866928]
["2026-10-31",79,1712269.9439773385,19300.432901480159,14268.916199811154,5031.5167016690048,1707238.4272756695,0.85361921363783477]
["2026-11-30",80,1707238.4272756695,19300.432901480159,14226.986893963913,5073.446007516246,1702164.9812681533,0.85108249063407659]
["2026-12-31",81,1702164.9812681533,19300.432901480159,14184.708177234612,5115.7247242455469,1697049.2565439078,0.84852462827195385]
["2027-01-31",82,1697049.2565439078,19300.432901480159,14142.077137865899,5158.3557636142596,1691890.9007802936,0.84594545039014679]
["2027-02-28",83,1691890.9007802936,19300.432901480159,14099.090839835781,5201.3420616443782,1686689.5587186492,0.84334477935932461]
["2027-03-31",84,1686689.5587186492,19300.432901480159,14055.74632265541,5244.6865788247487,1681444.8721398246,0.84072243606991226]
["2027-04-30",85,1681444.8721398246,19300.432901480159,14012.040601165207,5288.3923003149521,1676156.4798395096,0.83807823991975483]
["2027-05-31",86,1676156.4798395096,19300.432901480159,13967.970665329247,5332.4622361509118,1670824.0176033587,0.83541200880167932]
["2027-06-30",87,1670824.0176033587,19300.432901480159,13923.533480027991,5376.8994214521681,1665447.1181819066,0.8327235590909533]
["2027-07-31",88,1665447.1181819066,19300.432901480159,13878.725984849223,5421.7069166309357,1660025.4112652757,0.83001270563263785]
["2027-08-31",89,1660025.4112652757,19300.432901480159,13833.545093877299,5466.8878076028595,1654558.5234576729,0.82727926172883648]
["2027-09-30",90,1654558.5234576729,19300.432901480159,13787.98769548061,5512.4452059995492,1649046.0782516734,0.82452303912583669]
["2027-10-31",91,1649046.0782516734,19300.432901480159,13742.050652097279,5558.3822493828793,1643487.6960022906,0.82174384800114531]
["2027-11-30",92,1643487.6960022906,19300.432901480159,13695.73080001909,5604.7021014610691,1637882.9939008295,0.81894149695041474]
["2027-12-31",93,1637882.9939008295,19300.432901480159,13649.024949173579,5651.4079523065793,1632231.5859485229,0.8161157929742614]
["2028-01-31",94,1632231.5859485229,19300.432901480159,13601.92988290436,5698.5030185757987,1626533.0829299472,0.81326654146497357]
["2028-02-29",95,1626533.0829299472,19300.432901480159,13554.442357749562,5745.990543730597,1620787.0923862166,0.81039354619310833]
["2028-03-31",96,1620787.0923862166,19300.432901480159,13506.559103218473,5793.8737982616858,1614993.218587955,0.80749660929397749]
["2028-04-30",97,1614993.218587955,19300.432901480159,13458.276821566293,5842.1560799138661,1609151.062508041,0.80457553125402048]
["2028-05-31",98,1609151.062508041,19300.432901480159,13409.59218756701,5890.8407139131486,1603260.221794128,0.80163011089706393]
["2028-06-30",99,1603260.221794128,19300.432901480159,13360.501848284401,5939.9310531957581,1597320.2907409321,0.79866014537046603]
["2028-07-31",100,1597320.2907409321,19300.432901480159,13311.0024228411,5989.4304786390585,1591330.8602622931,0.79566543013114654]
["2028-08-31",101,1591330.8602622931,19300.432901480159,13261.090502185776,6039.3423992943826,1585291.5178629986,0.79264575893149936]
["2028-09-30",102,1585291.5178629986,19300.432901480159,13210.762648858325,6089.6702526218342,1579201.8476103768,0.78960092380518843]
["2028-10-31",103,1579201.8476103768,19300.432901480159,13160.015396753142,6140.4175047270164,1573061.4301056499,0.7865307150528249]
["2028-11-30",104,1573061.4301056499,19300.432901480159,13108.845250880417,6191.5876505997421,1566869.8424550502,0.78343492122752512]
["2028-12-31",105,1566869.8424550502,19300.432901480159,13057.24868712542,6243.1842143547383,1560626.6582406955,0.78031332912034779]
["2029-01-31",106,1560626.6582406955,19300.432901480159,13005.222152005796,6295.2107494743632,1554331.4474912211,0.77716572374561055]
["2029-02-28",107,1554331.4474912211,19300.432901480159,12952.762062426844,6347.6708390533149,1547983.7766521678,0.7739918883260839]
["2029-03-31",108,1547983.7766521678,19300.432901480159,12899.86480543473,6400.5680960454283,1541583.2085561224,0.77079160427806115]
["2029-04-30",109,1541583.2085561224,19300.432901480159,12846.526737967688,6453.9061635124708,1535129.3023926099,0.7675646511963049]
["2029-05-31",110,1535129.3023926099,19300.432901480159,12792.744186605081,6507.6887148750775,1528621.6136777347,0.76431080683886732]
["2029-06-30",111,1528621.6136777347,19300.432901480159,12738.513447314457,6561.9194541657016,1522059.694223569,0.76102984711178445]
["2029-07-31",112,1522059.694223569,19300.432901480159,12683.830785196407,6616.6021162837515,1515443.0921072853,0.75772154605364261]
["2029-08-31",113,1515443.0921072853,19300.432901480159,12628.692434227378,6671.7404672527809,1508771.3516400326,0.75438567582001625]
["2029-09-30",114,1508771.3516400326,19300.432901480159,12573.094597000272,6727.3383044798866,1502044.0133355528,0.75102200666777641]
["2029-10-31",115,1502044.0133355528,19300.432901480159,12517.033444462941,6783.3994570172181,1495260.6138785356,0.7476303069392678]
["2029-11-30",116,1495260.6138785356,19300.432901480159,12460.505115654463,6839.9277858256955,1488420.6860927099,0.74421034304635492]
["2029-12-31",117,1488420.6860927099,19300.432901480159,12403.50571743925,6896.9271840409092,1481523.758908669,0.74076187945433447]
["2030-01-31",118,1481523.758908669,19300.432901480159,12346.031324238909,6954.4015772412495,1474569.3573314277,0.7372846786657139]
["2030-02-28",119,1474569.3573314277,19300.432901480159,12288.077977761897,7012.3549237182615,1467557.0024077094,0.73377850120385468]
["2030-03-31",120,1467557.0024077094,19300.432901480159,12229.641686730911,7070.791214749248,1460486.2111929602,0.73024310559648009]
["2030-04-30",121,1460486.2111929602,19300.432901480159,12170.718426608002,7129.7144748721566,1453356.4967180879,0.72667824835904393]
["2030-05-31",122,1453356.4967180879,19300.432901480159,12111.304139317399,7189.1287621627598,1446167.3679559252,0.72308368397796263]
["2030-06-30",123,1446167.3679559252,19300.432901480159,12051.394732966044,7249.0381685141147,1438918.329787411,0.71945916489370554]
["2030-07-31",124,1438918.329787411,19300.432901480159,11990.986081561759,7309.4468199183993,1431608.8829674926,0.71580444148374633]
["2030-08-31",125,1431608.8829674926,19300.432901480159,11930.074024729105,7370.3588767510537,1424238.5240907415,0.71211926204537079]
["2030-09-30",126,1424238.5240907415,19300.432901480159,11868.654367422847,7431.7785340573118,1416806.7455566842,0.70840337277834209]
["2030-10-31",127,1416806.7455566842,19300.432901480159,11806.722879639035,7493.7100218411233,1409313.0355348431,0.70465651776742155]
["2030-11-30",128,1409313.0355348431,19300.432901480159,11744.275296123693,7556.1576053564659,1401756.8779294866,0.70087843896474333]
["2030-12-31",129,1401756.8779294866,19300.432901480159,{"$f":"C137*$C$4/12","v":11681.307316079054},{"$f":"D137-E137","v":7619.1255854011051},{"$f":"C137-F137","v":1394137.7523440854},{"$f":"G137/$C$3","v":0.69706887617204272}]
[{"$f":"DATE(YEAR(A137),MONTH(A137)+2,1-1)","v":"2031-01-31"},130,{"$f":"IF(ROUND(G137,0)>0,G137,0)","v":1394137.7523440854},{"$f":"IF($C$5+1-B138=0,0,D137)","v":19300.432901480159},11617.814602867378,7682.6182986127806,1386455.1340454726,0.69322756702273625]
["2031-02-28",131,1386455.1340454726,19300.432901480159,11553.792783712272,7746.6401177678872,1378708.4939277046,0.68935424696385228]
["2031-03-31",132,1378708.4939277046,19300.432901480159,11489.237449397539,7811.1954520826202,1370897.298475622,0.68544864923781101]
["2031-04-30",133,1370897.298475622,19300.432901480159,11424.144153963518,7876.2887475166408,1363021.0097281053,0.68151050486405262]
["2031-05-31",134,1363021.0097281053,19300.432901480159,11358.508414400878,7941.9244870792809,1355079.085241026,0.67753954262051297]
["2031-06-30",135,1355079.085241026,19300.432901480159,11292.325710341885,8008.1071911382733,1347070.9780498878,0.67353548902494387]
["2031-07-31",136,1347070.9780498878,19300.432901480159,11225.591483749065,8074.8414177310933,1338996.1366321568,0.66949806831607839]
["2031-08-31",137,1338996.1366321568,19300.432901480159,11158.301138601308,8142.1317628788511,1330854.0048692781,0.66542700243463904]
["2031-09-30",138,1330854.0048692781,19300.432901480159,11090.450040577316,8209.9828609028427,1322644.0220083753,0.66132201100418764]
["2031-10-31",139,1322644.0220083753,19300.432901480159,11022.033516736461,8278.3993847436977,1314365.6226236315,0.65718281131181577]
["2031-11-30",140,1314365.6226236315,19300.432901480159,10953.04685519693,8347.386046283229,1306018.2365773483,0.65300911828867414]
["2031-12-31",141,1306018.2365773483,19300.432901480159,10883.485304811236,8416.9475966689224,1297601.2889806794,0.6488006444903397]
["2032-01-31",142,1297601.2889806794,19300.432901480159,10813.344074838995,8487.0888266411639,1289114.2001540381,0.64455710007701905]
["2032-02-29",143,1289114.2001540381,19300.432901480159,10742.618334616986,8557.8145668631732,1280556.3855871749,0.64027819279358744]
["2032-03-31",144,1280556.3855871749,19300.432901480159,10671.303213226458,8629.1296882537008,1271927.2558989213,0.6359636279494606]
["2032-04-30",145,1271927.2558989213,19300.432901480159,10599.393799157677,8701.039102322482,1263226.2167965989,0.63161310839829943]
["2032-05-31",146,1263226.2167965989,19300.432901480159,10526.885139971657,8773.5477615085019,1254452.6690350904,0.62722633451754517]
["2032-06-30",147,1254452.6690350904,19300.432901480159,10453.772241959086,8846.6606595210724,1245606.0083755692,0.62280300418778467]
["2032-07-31",148,1245606.0083755692,19300.432901480159,10380.050069796411,8920.382831683748,1236685.6255438854,0.6183428127719427]
["2032-08-31",149,1236685.6255438854,19300.432901480159,10305.713546199046,8994.7193552811132,1227690.9061886042,0.61384545309430205]
["2032-09-30",150,1227690.9061886042,19300.432901480159,10230.757551571702,9069.6753499084571,1218621.2308386958,0.60931061541934783]
["2032-10-31",151,1218621.2308386958,19300.432901480159,10155.176923655798,9145.2559778243613,1209475.9748608714,0.60473798743043572]
["2032-11-30",152,1209475.9748608714,19300.432901480159,10078.966457173929,9221.4664443062302,1200254.5084165651,0.60012725420828261]
["2032-12-31",153,1200254.5084165651,19300.432901480159,10002.120903471377,9298.3119980087813,1190956.1964185564,0.59547809820927822]
["2033-01-31",154,1190956.1964185564,19300.432901480159,9924.6349701546369,9375.7979313255219,1181580.3984872308,0.59079019924361542]
["2033-02-28",155,1181580.3984872308,19300.432901480159,9846.5033207269244,9453.9295807532344,1172126.4689064776,0.58606323445323882]
["2033-03-31",156,1172126.4689064776,19300.432901480159,9767.7205742206479,9532.7123272595109,1162593.756579218,0.58129687828960896]
["2033-04-30",157,1162593.756579218,19300.432901480159,9688.2813048268163,9612.1515966533425,1152981.6049825647,0.57649080249128237]
["2033-05-31",158,1152981.6049825647,19300.432901480159,9608.1800415213729,9692.2528599587858,1143289.352122606,0.57164467606130298]
["2033-06-30",159,1143289.352122606,19300.432901480159,9527.4112676883833,9773.0216337917755,1133516.3304888143,0.56675816524440714]
["2033-07-31",160,1133516.3304888143,19300.432901480159,9445.9694207401189,9854.4634807400398,1123661.8670080742,0.56183093350403712]
["2033-08-31",161,1123661.8670080742,19300.432901480159,9363.8488917339509,9936.5840097462078,1113725.2829983279,0.55686264149916398]
["2033-09-30",162,1113725.2829983279,19300.432901480159,9281.0440249860658,10019.388876494093,1103705.8941218338,0.55185294706091692]
["2033-10-31",163,1103705.8941218338,19300.432901480159,9197.5491176819487,10102.88378379821,1093603.0103380356,0.54680150516901782]
["2033-11-30",164,1093603.0103380356,19300.432901480159,9113.3584194836312,10187.074481996528,1083415.9358560392,0.54170796792801956]
["2033-12-31",165,1083415.9358560392,19300.432901480159,9028.4661321336607,10271.966769346498,1073143.9690866927,0.53657198454334631]
["2034-01-31",166,1073143.9690866927,19300.432901480159,8942.8664090557722,10357.566492424387,1062786.4025942683,0.53139320129713419]
["2034-02-28",167,1062786.4025942683,19300.432901480159,8856.553354952237,10443.879546527922,1052342.5230477403,0.52617126152387017]
["2034-03-31",168,1052342.5230477403,19300.432901480159,8769.5210253978366,10530.911876082322,1041811.611171658,0.520905805585829]
["2034-04-30",169,1041811.611171658,19300.432901480159,8681.7634264304852,10618.669475049674,1031192.9416966083,0.51559647084830418]
["2034-05-31",170,1031192.9416966083,19300.432901480159,8593.2745141384021,10707.158387341757,1020485.7833092666,0.51024289165463332]
["2034-06-30",171,1020485.7833092666,19300.432901480159,8504.0481942438873,10796.384707236271,1009689.3986020302,0.50484469930101517]
["2034-07-31",172,1009689.3986020302,19300.432901480159,8414.0783216835862,10886.354579796573,998803.04402223369,0.49940152201111687]
["2034-08-31",173,998803.04402223369,19300.432901480159,8323.3587001852811,10977.074201294878,987825.96982093877,0.49391298491046937]
["2034-09-30",174,987825.96982093877,19300.432901480159,8231.883081841157,11068.549819639002,976757.42000129982,0.48837871000064992]
["2034-10-31",175,976757.42000129982,19300.432901480159,8139.6451666774992,11160.78773480266,965596.63226649712,0.48279831613324858]
["2034-11-30",176,965596.63226649712,19300.432901480159,8046.6386022208098,11253.794299259349,954342.83796723781,0.47717141898361892]
["2034-12-31",177,954342.83796723781,19300.432901480159,7952.8569830603155,11347.575918419843,942995.26204881794,0.47149763102440895]
["2035-01-31",178,942995.26204881794,19300.432901480159,7858.2938504068161,11442.139051073344,931553.12299774459,0.46577656149887231]
["2035-02-28",179,931553.12299774459,19300.432901480159,7762.9426916478724,11537.490209832285,920015.63278791227,0.46000781639395616]
["2035-03-31",180,920015.63278791227,19300.432901480159,7666.7969398992691,11633.635961580891,908381.99682633136,0.45419099841316568]
["2035-04-30",181,908381.99682633136,19300.432901480159,7569.8499735527621,11730.582927927397,896651.41389840399,0.44832570694920199]
["2035-05-31",182,896651.41389840399,19300.432901480159,7472.0951158200332,11828.337785660126,884823.07611274382,0.4424115380563719]
["2035-06-30",183,884823.07611274382,19300.432901480159,7373.5256342728653,11926.907267207294,872896.16884553654,0.43644808442276828]
["2035-07-31",184,872896.16884553654,19300.432901480159,7274.1347403794716,12026.298161100687,860869.87068443582,0.43043493534221794]
["2035-08-31",185,860869.87068443582,19300.432901480159,7173.9155890369657,12126.517312443193,848743.35337199259,0.42437167668599629]
["2035-09-30",186,848743.35337199259,19300.432901480159,7072.8612780999392,12227.57162338022,836515.78174861241,0.4182578908743062]
["2035-10-31",187,836515.78174861241,19300.432901480159,6970.9648479051039,12329.468053575056,824186.31369503739,0.41209315684751868]
["2035-11-30",188,824186.31369503739,19300.432901480159,6868.2192807919782,12432.213620688181,811754.1000743492,0.40587705003717461]
["2035-12-31",189,811754.1000743492,19300.432901480159,6764.6175006195772,12535.815400860582,799218.28467348858,0.39960914233674427]
["2036-01-31",190,799218.28467348858,19300.432901480159,6660.1523722790726,12640.280529201085,786578.00414428755,0.39328900207214379]
["2036-02-29",191,786578.00414428755,19300.432901480159,6554.816701202396,12745.616200277764,773832.38794400974,0.38691619397200488]
["2036-03-31",192,773832.38794400974,19300.432901480159,6448.6032328667488,12851.829668613409,760980.55827539635,0.38049027913769817]
["2036-04-30",193,760980.55827539635,19300.432901480159,{"$f":"C201*$C$4/12","v":6341.5046522949697},{"$f":"D201-E201","v":12958.928249185188},{"$f":"C201-F201","v":748021.63002621115},{"$f":"G201/$C$3","v":0.37401081501310557}]
[{"$f":"DATE(YEAR(A201),MONTH(A201)+2,1-1)","v":"2036-05-31"},194,{"$f":"IF(ROUND(G201,0)>0,G201,0)","v":748021.63002621115},{"$f":"IF($C$5+1-B202=0,0,D201)","v":19300.432901480159},6233.5135835517603,13066.919317928398,734954.71070828277,0.36747735535414139]
["2036-06-30",195,734954.71070828277,19300.432901480159,6124.6225892356897,13175.81031224447,721778.90039603831,0.36088945019801916]
["2036-07-31",196,721778.90039603831,19300.432901480159,6014.8241699669861,13285.608731513174,708493.29166452517,0.35424664583226256]
["2036-08-31",197,708493.29166452517,19300.432901480159,5904.1107638710428,13396.322137609117,695096.96952691604,0.34754848476345801]
["2036-09-30",198,695096.96952691604,19300.432901480159,5792.4747460576336,13507.958155422526,681589.01137149357,0.34079450568574676]
["2036-10-31",199,681589.01137149357,19300.432901480159,5679.9084280957795,13620.524473384379,667968.4868981092,0.33398424344905459]
["2036-11-30",200,667968.4868981092,19300.432901480159,5566.4040574842438,13734.028843995915,654234.45805411332,0.32711722902705664]
["2036-12-31",201,654234.45805411332,19300.432901480159,5451.9538171176109,13848.479084362549,640385.97896975081,0.3201929894848754]
["2037-01-31",202,640385.97896975081,19300.432901480159,5336.5498247479236,13963.883076732236,626422.09589301853,0.31321104794650928]
["2037-02-28",203,626422.09589301853,19300.432901480159,5220.184132441821,14080.248769038339,612341.84712398017,0.3061709235619901]
["2037-03-31",204,612341.84712398017,19300.432901480159,5102.8487260331685,14197.584175446991,598144.26294853317,0.29907213147426659]
["2037-04-30",205,598144.26294853317,19300.432901480159,4984.5355245711098,14315.897376909048,583828.36557162413,0.29191418278581205]
["2037-05-31",206,583828.36557162413,19300.432901480159,4865.2363797635344,14435.196521716625,569393.16904990748,0.28469658452495372]
["2037-06-30",207,569393.16904990748,19300.432901480159,4744.9430754158957,14555.489826064262,554837.67922384327,0.27741883961192165]
["2037-07-31",208,554837.67922384327,19300.432901480159,4623.6473268653608,14676.785574614798,540160.8936492285,0.27008044682461424]
["2037-08-31",209,540160.8936492285,19300.432901480159,4501.340780410238,14799.09212106992,525361.8015281586,0.26268090076407929]
["2037-09-30",210,525361.8015281586,19300.432901480159,4378.0150127346551,14922.417888745504,510439.38363941311,0.25521969181970655]
["2037-10-31",211,510439.38363941311,19300.432901480159,4253.6615303284425,15046.771371151717,495392.61226826138,0.24769630613413068]
["2037-11-30",212,495392.61226826138,19300.432901480159,4128.2717689021783,15172.161132577981,480220.4511356834,0.2401102255678417]
["2037-12-31",213,480220.4511356834,19300.432901480159,4001.8370927973615,15298.595808682798,464921.85532700061,0.23246092766350029]
["2038-01-31",214,464921.85532700061,19300.432901480159,3874.3487943916721,15426.084107088487,449495.7712199121,0.22474788560995604]
["2038-02-28",215,449495.7712199121,19300.432901480159,3745.7980934992679,15554.63480798089,433941.13641193119,0.21697056820596561]
["2038-03-31",216,433941.13641193119,19300.432901480159,3616.1761367660934,15684.256764714066,418256.87964721711,0.20912843982360854]
["2038-04-30",217,418256.87964721711,19300.432901480159,3485.4739970601427,15814.958904420017,402441.92074279708,0.20122096037139856]
["2038-05-31",218,402441.92074279708,19300.432901480159,3353.6826728566425,15946.750228623516,386495.17051417357,0.1932475852570868]
["2038-06-30",219,386495.17051417357,19300.432901480159,3220.7930876181131,16079.639813862046,370415.53070031153,0.18520776535015576]
["2038-07-31",220,370415.53070031153,19300.432901480159,3086.7960891692633,16213.636812310895,354201.89388800063,0.1771009469440003]
["2038-08-31",221,354201.89388800063,19300.432901480159,2951.6824490666718,16348.750452413487,337853.14343558712,0.16892657171779357]
["2038-09-30",222,337853.14343558712,19300.432901480159,2815.4428619632258,16484.990039516932,321368.15339607018,0.16068407669803508]
["2038-10-31",223,321368.15339607018,19300.432901480159,2678.0679449672516,16622.364956512909,304745.78843955725,0.15237289421977862]
["2038-11-30",224,304745.78843955725,19300.432901480159,2539.5482369963106,16760.884664483849,287984.90377507341,0.1439924518875367]
["2038-12-31",225,287984.90377507341,19300.432901480159,2399.8741981256121,16900.558703354545,271084.34507171885,0.13554217253585943]
["2039-01-31",226,271084.34507171885,19300.432901480159,2259.0362089309906,17041.39669254917,254042.94837916968,0.12702147418958484]
["2039-02-28",227,254042.94837916968,19300.432901480159,2117.0245698264139,17183.408331653744,236859.54004751594,0.11842977002375797]
["2039-03-31",228,236859.54004751594,19300.432901480159,1973.8295003959663,17326.603401084194,219532.93664643174,0.10976646832321588]
["2039-04-30",229,219532.93664643174,19300.432901480159,1829.4411387202647,17470.991762759895,202061.94488367185,0.10103097244183593]
["2039-05-31",230,202061.94488367185,19300.432901480159,1683.8495406972654,17616.583360782894,184445.36152288897,9.2222680761444478E-2]
["2039-06-30",231,184445.36152288897,19300.432901480159,1537.0446793574081,17763.38822212275,166681.97330076623,8.3340986650383114E-2]
["2039-07-31",232,166681.97330076623,19300.432901480159,1389.0164441730519,17911.416457307107,148770.55684345911,7.4385278421729553E-2]
["2039-08-31",233,148770.55684345911,19300.432901480159,1239.7546403621593,18060.678261117999,130709.87858234112,6.5354939291170561E-2]
["2039-09-30",234,130709.87858234112,19300.432901480159,1089.2489881861759,18211.183913293982,112498.69466904714,5.6249347334523567E-2]
["2039-10-31",235,112498.69466904714,19300.432901480159,937.48912224205958,18362.9437792381,94135.750889809045,4.7067875444904525E-2]
["2039-11-30",236,94135.750889809045,19300.432901480159,784.46459074840868,18515.968310731751,75619.782579077291,3.7809891289538648E-2]
["2039-12-31",237,75619.782579077291,19300.432901480159,630.16485482564406,18670.268046654513,56949.514532422778,2.847475726621139E-2]
["2040-01-31",238,56949.514532422778,19300.432901480159,474.57928777018986,18825.853613709969,38123.660918712805,1.9061830459356402E-2]
["2040-02-29",239,38123.660918712805,19300.432901480159,317.69717432260671,18982.735727157553,19140.925191555252,9.570462595777627E-3]
["2040-03-31",240,19140.925191555252,19300.432901480159,159.50770992962711,19140.92519155053,4.7220964916050434E-9,2.3610482458025215E-15]
["2040-04-30",241,0,0,0,0,0,0]
["2040-05-31",242,0,0,0,0,0,0]
["2040-06-30",243,0,0,0,0,0,0]
["2040-07-31",244,0,0,0,0,0,0]
["2040-08-31",245,0,0,0,0,0,0]
["2040-09-30",246,0,0,0,0,0,0]
["2040-10-31",247,0,0,0,0,0,0]
["2040-11-30",248,0,0,0,0,0,0]
["2040-12-31",249,0,0,0,0,0,0]
["2041-01-31",250,0,0,0,0,0,0]
["2041-02-28",251,0,0,0,0,0,0]
["2041-03-31",252,0,0,0,0,0,0]
["2041-04-30",253,0,0,0,0,0,0]
["2041-05-31",254,0,0,0,0,0,0]
["2041-06-30",255,0,0,0,0,0,0]
["2041-07-31",256,0,0,0,0,0,0]
["2041-08-31",257,0,0,{"$f":"C265*$C$4/12","v":0},{"$f":"D265-E265","v":0},{"$f":"C265-F265","v":0},{"$f":"G265/$C$3","v":0}]
[{"$f":"DATE(YEAR(A265),MONTH(A265)+2,1-1)","v":"2041-09-30"},258,{"$f":"IF(ROUND(G265,0)>0,G265,0)","v":0},{"$f":"IF($C$5+1-B266=0,0,D265)","v":0},0,0,0,0]
["2041-10-31",259,0,0,0,0,0,0]
["2041-11-30",260,0,0,0,0,0,0]
["2041-12-31",261,0,0,0,0,0,0]
["2042-01-31",262,0,0,0,0,0,0]
["2042-02-28",263,0,0,0,0,0,0]
["2042-03-31",264,0,0,0,0,0,0]
["2042-04-30",265,0,0,0,0,0,0]
["2042-05-31",266,0,0,0,0,0,0]
["2042-06-30",267,0,0,0,0,0,0]
["2042-07-31",268,0,0,0,0,0,0]
["2042-08-31",269,0,0,0,0,0,0]
["2042-09-30",270,0,0,0,0,0,0]
["2042-10-31",271,0,0,0,0,0,0]
["2042-11-30",272,0,0,0,0,0,0]
["2042-12-31",273,0,0,0,0,0,0]
["2043-01-31",274,0,0,0,0,0,0]
["2043-02-28",275,0,0,0,0,0,0]
["2043-03-31",276,0,0,0,0,0,0]
["2043-04-30",277,0,0,0,0,0,0]
["2043-05-31",278,0,0,0,0,0,0]
["2043-06-30",279,0,0,0,0,0,0]
["2043-07-31",280,0,0,0,0,0,0]
["2043-08-31",281,0,0,0,0,0,0]
["2043-09-30",282,0,0,0,0,0,0]
["2043-10-31",283,0,0,0,0,0,0]
["2043-11-30",284,0,0,0,0,0,0]
["2043-12-31",285,0,0,0,0,0,0]
["2044-01-31",286,0,0,0,0,0,0]
["2044-02-29",287,0,0,0,0,0,0]
["2044-03-31",288,0,0,0,0,0,0]
["2044-04-30",289,0,0,0,0,0,0]
["2044-05-31",290,0,0,0,0,0,0]
["2044-06-30",291,0,0,0,0,0,0]
["2044-07-31",292,0,0,0,0,0,0]
["2044-08-31",293,0,0,0,0,0,0]
["2044-09-30",294,0,0,0,0,0,0]
["2044-10-31",295,0,0,0,0,0,0]
["2044-11-30",296,0,0,0,0,0,0]
["2044-12-31",297,0,0,0,0,0,0]
["2045-01-31",298,0,0,0,0,0,0]
["2045-02-28",299,0,0,0,0,0,0]
["2045-03-31",300,0,0,0,0,0,0]
["2045-04-30",301,0,0,0,0,0,0]
["2045-05-31",302,0,0,0,0,0,0]
["2045-06-30",303,0,0,0,0,0,0]
["2045-07-31",304,0,0,0,0,0,0]
["2045-08-31",305,0,0,0,0,0,0]
["2045-09-30",306,0,0,0,0,0,0]
["2045-10-31",307,0,0,0,0,0,0]
["2045-11-30",308,0,0,0,0,0,0]
["2045-12-31",309,0,0,0,0,0,0]
["2046-01-31",310,0,0,0,0,0,0]
["2046-02-28",311,0,0,0,0,0,0]
["2046-03-31",312,0,0,0,0,0,0]
["2046-04-30",313,0,0,0,0,0,0]
["2046-05-31",314,0,0,0,0,0,0]
["2046-06-30",315,0,0,0,0,0,0]
["2046-07-31",316,0,0,0,0,0,0]
["2046-08-31",317,0,0,0,0,0,0]
["2046-09-30",318,0,0,0,0,0,0]
["2046-10-31",319,0,0,0,0,0,0]
["2046-11-30",320,0,0,0,0,0,0]
["2046-12-31",321,0,0,{"$f":"C329*$C$4/12","v":0},{"$f":"D329-E329","v":0},{"$f":"C329-F329","v":0},{"$f":"G329/$C$3","v":0}]
[{"$f":"DATE(YEAR(A329),MONTH(A329)+2,1-1)","v":"2047-01-31"},322,{"$f":"IF(ROUND(G329,0)>0,G329,0)","v":0},{"$f":"IF($C$5+1-B330=0,0,D329)","v":0},0,0,0,0]
["2047-02-28",323,0,0,0,0,0,0]
["2047-03-31",324,0,0,0,0,0,0]
["2047-04-30",325,0,0,0,0,0,0]
["2047-05-31",326,0,0,0,0,0,0]
["2047-06-30",327,0,0,0,0,0,0]
["2047-07-31",328,0,0,0,0,0,0]
["2047-08-31",329,0,0,0,0,0,0]
["2047-09-30",330,0,0,0,0,0,0]
["2047-10-31",331,0,0,0,0,0,0]
["2047-11-30",332,0,0,0,0,0,0]
["2047-12-31",333,0,0,0,0,0,0]
["2048-01-31",334,0,0,0,0,0,0]
["2048-02-29",335,0,0,0,0,0,0]
["2048-03-31",336,0,0,0,0,0,0]
["2048-04-30",337,0,0,0,0,0,0]
["2048-05-31",338,0,0,0,0,0,0]
["2048-06-30",339,0,0,0,0,0,0]
["2048-07-31",340,0,0,0,0,0,0]
["2048-08-31",341,0,0,0,0,0,0]
["2048-09-30",342,0,0,0,0,0,0]
["2048-10-31",343,0,0,0,0,0,0]
["2048-11-30",344,0,0,0,0,0,0]
["2048-12-31",345,0,0,0,0,0,0]
["2049-01-31",346,0,0,0,0,0,0]
["2049-02-28",347,0,0,0,0,0,0]
["2049-03-31",348,0,0,0,0,0,0]
["2049-04-30",349,0,0,0,0,0,0]
["2049-05-31",350,0,0,0,0,0,0]
["2049-06-30",351,0,0,0,0,0,0]
["2049-07-31",352,0,0,0,0,0,0]
["2049-08-31",353,0,0,0,0,0,0]
["2049-09-30",354,0,0,0,0,0,0]
["2049-10-31",355,0,0,0,0,0,0]
["2049-11-30",356,0,0,0,0,0,0]
["2049-12-31",357,0,0,0,0,0,0]
["2050-01-31",358,0,0,0,0,0,0]
["2050-02-28",359,0,0,0,0,0,0]
["2050-03-31",360,0,0,0,0,0,0]
[null,null,null,{"$f":"SUM(D9:D368)","v":4632103.8963552509},{"$f":"SUM(E9:E368)","v":2632103.8963552429},{"$f":"SUM(F9:F368)","v":1999999.9999999951}]